162.158.107.4 - - [06/Dec/2025:19:41:47 +0100] "GET /assets/script.js.php HTTP/1.1" 301 162 "-" "Mozilla/5.0 (Windows NT 6.1; Win64; x64) AppleWebKit/537.36 (KHTML, like Gecko) Chrome/74.0.3729.169 Safari/537.36"
172.68.242.108 - - [06/Dec/2025:19:41:47 +0100] "GET /wp-content/themes/twentytwentythree/patterns/index.php HTTP/1.1" 301 162 "-" "Mozilla/5.0 (Macintosh; Intel Mac OS X 10_15_6) AppleWebKit/537.36 (KHTML, like Gecko) Chrome/84.0.4147.105 Safari/537.36 OPR/70.0.3728.95"
162.158.107.4 - - [06/Dec/2025:19:41:47 +0100] "GET /wp-content/themes/twentytwentythree/patterns/index.php HTTP/1.1" 301 162 "-" "Mozilla/5.0 (Linux x86_64; rv:79.0) Gecko/20100101 Firefox/79.0"
172.68.242.108 - - [06/Dec/2025:19:41:48 +0100] "GET /wp-admin/css/colors/sunrise/colors_95.php HTTP/1.1" 301 162 "-" "Mozilla/5.0 (Windows NT 10.0; Win64; x64; rv:66.0) Gecko/20100101 Firefox/66.0"
162.158.107.4 - - [06/Dec/2025:19:41:48 +0100] "GET /wp-admin/css/colors/sunrise/colors_95.php HTTP/1.1" 301 162 "-" "Mozilla/5.0 (Windows NT 10.0; Win64; x64) AppleWebKit/537.36 (KHTML, like Gecko) Chrome/70.0.3538.77 Safari/537.36"
172.68.242.108 - - [06/Dec/2025:19:41:48 +0100] "GET /wp-includes/block-patterns/autoload_classmap.php HTTP/1.1" 301 162 "-" "Mozilla/5.0 (Windows NT 10.0; WOW64) AppleWebKit/537.36 (KHTML, like Gecko) Chrome/72.0.3626.121 Safari/537.36"
162.158.107.4 - - [06/Dec/2025:19:41:48 +0100] "GET /wp-includes/block-patterns/autoload_classmap.php HTTP/1.1" 301 162 "-" "Mozilla/5.0 (Windows NT 10.0; Win64; x64) AppleWebKit/537.36 (KHTML, like Gecko) Chrome/80.0.3987.149 Safari/537.36"
172.68.242.108 - - [06/Dec/2025:19:41:48 +0100] "GET /wp-content/uploads/wp.php HTTP/1.1" 301 162 "-" "Mozilla/5.0 (Macintosh; Intel Mac OS X 10.15; rv:79.0) Gecko/20100101 Firefox/79.0"
162.158.107.4 - - [06/Dec/2025:19:41:48 +0100] "GET /wp-content/uploads/wp.php HTTP/1.1" 301 162 "-" "Mozilla/5.0 (Macintosh; Intel Mac OS X 10_15_6) AppleWebKit/537.36 (KHTML, like Gecko) Chrome/84.0.4147.105 Safari/537.36"
172.68.242.108 - - [06/Dec/2025:19:41:48 +0100] "GET /wp-includes/certificates/about.php HTTP/1.1" 301 162 "-" "Mozilla/5.0 (Windows NT 10.0; Win64; x64) AppleWebKit/537.36 (KHTML, like Gecko) Chrome/79.0.3945.79 Safari/537.36"
162.158.107.4 - - [06/Dec/2025:19:41:49 +0100] "GET /wp-includes/certificates/about.php HTTP/1.1" 301 162 "-" "Mozilla/5.0 (Windows NT 10.0; Win64; x64) AppleWebKit/537.36 (KHTML, like Gecko) Chrome/84.0.4147.105 Safari/537.36"
172.68.242.108 - - [06/Dec/2025:19:41:49 +0100] "GET /cgi-bin/class.api.php HTTP/1.1" 301 162 "-" "Mozilla/5.0 (Windows NT 6.1; Win64; x64) AppleWebKit/537.36 (KHTML, like Gecko) Chrome/58.0.3029.110 Safari/537.3"
162.158.107.4 - - [06/Dec/2025:19:41:49 +0100] "GET /cgi-bin/class.api.php HTTP/1.1" 301 162 "-" "Mozilla/5.0 (Windows NT 10.0; WOW64) AppleWebKit/537.36 (KHTML, like Gecko) Chrome/72.0.3626.121 Safari/537.36"
172.68.242.108 - - [06/Dec/2025:19:41:49 +0100] "GET /wp-content/cache/index.php HTTP/1.1" 301 162 "-" "Mozilla/5.0 (Windows NT 10.0; Win64; x64) AppleWebKit/537.36 (KHTML, like Gecko) Chrome/75.0.3770.100 Safari/537.36"
162.158.107.4 - - [06/Dec/2025:19:41:49 +0100] "GET /wp-content/cache/index.php HTTP/1.1" 301 162 "-" "Mozilla/5.0 (Windows NT 10.0; Win64; x64; rv:74.0) Gecko/20100101 Firefox/74.0"
172.68.242.108 - - [06/Dec/2025:19:41:50 +0100] "GET /wp-admin/css/colors/blue/file.php HTTP/1.1" 301 162 "-" "Mozilla/5.0 (Windows NT 10.0; Win64; x64; rv:77.0) Gecko/20100101 Firefox/77.0"
162.158.107.4 - - [06/Dec/2025:19:41:50 +0100] "GET /wp-admin/css/colors/blue/file.php HTTP/1.1" 301 162 "-" "Mozilla/5.0 (X11; Ubuntu; Linux x86_64; rv:79.0) Gecko/20100101 Firefox/79.0"
172.68.242.108 - - [06/Dec/2025:19:41:50 +0100] "GET /wp-includes/edit.php HTTP/1.1" 301 162 "-" "Mozilla/5.0 (Windows NT 10.0; Win64; x64; rv:67.0) Gecko/20100101 Firefox/67.0"
162.158.107.4 - - [06/Dec/2025:19:41:50 +0100] "GET /wp-includes/edit.php HTTP/1.1" 301 162 "-" "Mozilla/5.0 (Windows NT 10.0) AppleWebKit/537.36 (KHTML, like Gecko) Chrome/84.0.4147.105 Safari/537.36"
172.68.242.108 - - [06/Dec/2025:19:41:50 +0100] "GET /webdb.php HTTP/1.1" 301 162 "-" "Mozilla/5.0 (Macintosh; Intel Mac OS X 10_15_6) AppleWebKit/537.36 (KHTML, like Gecko) Chrome/84.0.4147.125 Safari/537.36"
162.158.107.4 - - [06/Dec/2025:19:41:50 +0100] "GET /webdb.php HTTP/1.1" 301 162 "-" "Mozilla/5.0 (Windows NT 10.0; Win64; x64; rv:67.0) Gecko/20100101 Firefox/67.0"
172.68.242.108 - - [06/Dec/2025:19:41:50 +0100] "GET /assets/images/doc.php HTTP/1.1" 301 162 "-" "Mozilla/5.0 (Windows NT 10.0; Win64; x64) AppleWebKit/537.36 (KHTML, like Gecko) Chrome/81.0.4044.129 Safari/537.36"
162.158.107.4 - - [06/Dec/2025:19:41:50 +0100] "GET /assets/images/doc.php HTTP/1.1" 301 162 "-" "Mozilla/5.0 (X11; Ubuntu; Linux x86_64; rv:79.0) Gecko/20100101 Firefox/79.0"
172.68.242.108 - - [06/Dec/2025:19:41:51 +0100] "GET /file2.php HTTP/1.1" 301 162 "-" "Mozilla/5.0 (Windows NT 10.0; Win64; x64) AppleWebKit/537.36 (KHTML, like Gecko) Chrome/77.0.3865.90 Safari/537.36"
162.158.107.4 - - [06/Dec/2025:19:41:51 +0100] "GET /file2.php HTTP/1.1" 301 162 "-" "Mozilla/5.0 (Windows NT 10.0; Win64; x64; rv:72.0) Gecko/20100101 Firefox/72.0"
172.68.242.108 - - [06/Dec/2025:19:41:51 +0100] "GET /wp-includes/ID3/wp-work.php HTTP/1.1" 301 162 "-" "Mozilla/5.0 (Windows NT 10.0; Win64; x64) AppleWebKit/537.36 (KHTML, like Gecko) Chrome/75.0.3770.100 Safari/537.36"
162.158.107.4 - - [06/Dec/2025:19:41:51 +0100] "GET /wp-includes/ID3/wp-work.php HTTP/1.1" 301 162 "-" "Mozilla/5.0 (Windows NT 10.0) AppleWebKit/537.36 (KHTML, like Gecko) Chrome/84.0.4147.105 Safari/537.36"
172.68.242.108 - - [06/Dec/2025:19:41:51 +0100] "GET /alfa.php HTTP/1.1" 301 162 "-" "Mozilla/5.0 (X11; Ubuntu; Linux x86_64; rv:79.0) Gecko/20100101 Firefox/79.0"
162.158.107.4 - - [06/Dec/2025:19:41:51 +0100] "GET /alfa.php HTTP/1.1" 301 162 "-" "Mozilla/5.0 (Windows NT 10.0; Win64; x64) AppleWebKit/537.36 (KHTML, like Gecko) Chrome/69.0.3497.100 Safari/537.36"
172.68.242.108 - - [06/Dec/2025:19:41:52 +0100] "GET /wp-admin/css/colors/blue/admin.php HTTP/1.1" 301 162 "-" "Mozilla/5.0 (Macintosh; Intel Mac OS X 10_15_6) AppleWebKit/537.36 (KHTML, like Gecko) Chrome/84.0.4147.105 Safari/537.36 OPR/70.0.3728.95"
162.158.107.4 - - [06/Dec/2025:19:41:52 +0100] "GET /wp-admin/css/colors/blue/admin.php HTTP/1.1" 301 162 "-" "Mozilla/5.0 (Windows NT 10.0; Win64; x64) AppleWebKit/537.36 (KHTML, like Gecko) Chrome/79.0.3945.130 Safari/537.36"
172.68.242.108 - - [06/Dec/2025:19:41:52 +0100] "GET /wp-includes/click.php HTTP/1.1" 301 162 "-" "Mozilla/5.0 (Windows NT 10.0; Win64; x64; rv:79.0) Gecko/20100101 Firefox/79.0"
162.158.107.4 - - [06/Dec/2025:19:41:52 +0100] "GET /wp-includes/click.php HTTP/1.1" 301 162 "-" "Mozilla/5.0 (X11; Linux x86_64) AppleWebKit/537.36 (KHTML, like Gecko) Chrome/84.0.4147.105 Safari/537.36"
172.68.242.108 - - [06/Dec/2025:19:41:52 +0100] "GET /.well-known/wp-conflg.php HTTP/1.1" 301 162 "-" "Mozilla/5.0 (compatible; MSIE 10.0; Windows NT 6.1; Trident/6.0)"
162.158.107.4 - - [06/Dec/2025:19:41:52 +0100] "GET /.well-known/wp-conflg.php HTTP/1.1" 301 162 "-" "Mozilla/5.0 (Windows NT 10.0; Win64; x64) AppleWebKit/537.36 (KHTML, like Gecko) Chrome/75.0.3770.100 Safari/537.36"
172.68.242.108 - - [06/Dec/2025:19:41:53 +0100] "GET /wp-admin/css/colors/blue/atomlib.php HTTP/1.1" 301 162 "-" "Mozilla/5.0 (Windows NT 10.0; WOW64) AppleWebKit/537.36 (KHTML, like Gecko) Chrome/72.0.3626.121 Safari/537.36"
162.158.107.4 - - [06/Dec/2025:19:41:53 +0100] "GET /wp-admin/css/colors/blue/atomlib.php HTTP/1.1" 301 162 "-" "Mozilla/5.0 (Windows NT 10.0; Win64; x64) AppleWebKit/537.36 (KHTML, like Gecko) Chrome/81.0.4044.129 Safari/537.36"
172.68.242.108 - - [06/Dec/2025:19:41:53 +0100] "GET /wp-admin/js/widgets/bypass.php HTTP/1.1" 301 162 "-" "Mozilla/5.0 (Windows NT 10.0; Win64; x64) AppleWebKit/537.36 (KHTML, like Gecko) Chrome/70.0.3538.110 Safari/537.36"
162.158.107.4 - - [06/Dec/2025:19:41:53 +0100] "GET /wp-admin/js/widgets/bypass.php HTTP/1.1" 301 162 "-" "Mozilla/5.0 (Windows NT 10.0; Win64; x64) AppleWebKit/537.36 (KHTML, like Gecko) Chrome/80.0.3987.149 Safari/537.36"
162.158.107.4 - - [06/Dec/2025:19:41:53 +0100] "GET /wp-includes/random_compat/chosen.php HTTP/1.1" 301 162 "-" "Mozilla/5.0 (X11; Linux x86_64) AppleWebKit/537.36 (KHTML, like Gecko) Chrome/84.0.4147.105 Safari/537.36 OPR/70.0.3728.95"
162.158.107.4 - - [06/Dec/2025:19:41:53 +0100] "GET /wp-admin/index.php HTTP/1.1" 301 162 "-" "Mozilla/5.0 (X11; Linux x86_64) AppleWebKit/537.36 (KHTML, like Gecko) Chrome/84.0.4147.105 Safari/537.36 OPR/70.0.3728.95"
172.68.242.108 - - [06/Dec/2025:19:41:54 +0100] "GET /wp-includes/random_compat/chosen.php HTTP/1.1" 301 162 "-" "Mozilla/5.0 (Macintosh; Intel Mac OS X 10.15; rv:79.0) Gecko/20100101 Firefox/79.0"
162.158.107.4 - - [06/Dec/2025:19:41:54 +0100] "GET /edit.php HTTP/1.1" 301 162 "-" "Mozilla/5.0 (Windows NT 10.0; Win64; x64) AppleWebKit/537.36 (KHTML, like Gecko) Chrome/75.0.3770.100 Safari/537.36"
172.68.242.108 - - [06/Dec/2025:19:41:54 +0100] "GET /wp-admin/index.php HTTP/1.1" 301 162 "-" "Mozilla/5.0 (Windows NT 10.0; Win64; x64) AppleWebKit/537.36 (KHTML, like Gecko) Chrome/84.0.4147.105 Safari/537.36 OPR/70.0.3728.95"
162.158.107.4 - - [06/Dec/2025:19:41:54 +0100] "GET /wp-content/plugins/WordPressCore/index.php HTTP/1.1" 301 162 "-" "Mozilla/5.0 (Windows NT 6.1; Win64; x64) AppleWebKit/537.36 (KHTML, like Gecko) Chrome/74.0.3729.169 Safari/537.36"
172.68.242.108 - - [06/Dec/2025:19:41:54 +0100] "GET /edit.php HTTP/1.1" 301 162 "-" "Mozilla/5.0 (Windows NT 10.0; Win64; x64; rv:67.0) Gecko/20100101 Firefox/67.0"
162.158.107.4 - - [06/Dec/2025:19:41:54 +0100] "GET /cgi-bin/autoload_classmap.php HTTP/1.1" 301 162 "-" "Mozilla/5.0 (Windows NT 10.0; Win64; x64) AppleWebKit/537.36 (KHTML, like Gecko) Chrome/74.0.3729.157 Safari/537.36"
172.68.242.108 - - [06/Dec/2025:19:41:54 +0100] "GET /wp-content/plugins/WordPressCore/index.php HTTP/1.1" 301 162 "-" "Mozilla/5.0 (Windows NT 10.0; WOW64; x64) AppleWebKit/537.36 (KHTML, like Gecko) Chrome/84.0.4147.105 Safari/537.36 OPR/70.0.3728.95"
162.158.107.4 - - [06/Dec/2025:19:41:55 +0100] "GET /wp-links-opml.php HTTP/1.1" 301 162 "-" "Mozilla/5.0 (Windows NT 10.0; Win64; x64) AppleWebKit/537.36 (KHTML, like Gecko) Chrome/83.0.4103.97 Safari/537.36"
172.68.242.108 - - [06/Dec/2025:19:41:55 +0100] "GET /cgi-bin/autoload_classmap.php HTTP/1.1" 301 162 "-" "Mozilla/5.0 (Windows NT 6.3; Win64; x64; rv:73.0) Gecko/20100101 Firefox/73.0"
172.68.242.108 - - [06/Dec/2025:19:41:55 +0100] "GET /wp-links-opml.php HTTP/1.1" 301 162 "-" "Mozilla/5.0 (Macintosh; Intel Mac OS X 10_15_6) AppleWebKit/537.36 (KHTML, like Gecko) Chrome/84.0.4147.105 Safari/537.36 OPR/70.0.3728.95"
162.158.107.4 - - [06/Dec/2025:19:41:55 +0100] "GET /wp-admin/user/network.php HTTP/1.1" 301 162 "-" "Mozilla/5.0 (Windows NT 10.0; Win64; x64) AppleWebKit/537.36 (KHTML, like Gecko) Chrome/75.0.3770.100 Safari/537.36"
172.68.242.108 - - [06/Dec/2025:19:41:55 +0100] "GET /wp-admin/user/network.php HTTP/1.1" 301 162 "-" "Mozilla/5.0 (Windows NT 10.0; Win64; x64; rv:75.0) Gecko/20100101 Firefox/75.0"
162.158.107.4 - - [06/Dec/2025:19:41:55 +0100] "GET /atomlib.php HTTP/1.1" 301 162 "-" "Mozilla/5.0 (X11; Ubuntu; Linux i686; rv:79.0) Gecko/20100101 Firefox/79.0"
172.68.242.108 - - [06/Dec/2025:19:41:56 +0100] "GET /atomlib.php HTTP/1.1" 301 162 "-" "Mozilla/5.0 (Windows NT 10.0; Win64; x64; rv:75.0) Gecko/20100101 Firefox/75.0"
162.158.107.4 - - [06/Dec/2025:19:41:56 +0100] "GET /wp-includes/js/jquery/bypass.php HTTP/1.1" 301 162 "-" "Mozilla/5.0 (X11; Linux x86_64) AppleWebKit/537.36 (KHTML, like Gecko) Chrome/84.0.4147.105 Safari/537.36 OPR/70.0.3728.95"
172.68.242.108 - - [06/Dec/2025:19:41:56 +0100] "GET /wp-includes/js/jquery/bypass.php HTTP/1.1" 301 162 "-" "Mozilla/5.0 (Windows NT 10.0) AppleWebKit/537.36 (KHTML, like Gecko) Chrome/72.0.3626.121 Safari/537.36"
162.158.107.4 - - [06/Dec/2025:19:41:56 +0100] "GET /wp-includes/xl2023.php HTTP/1.1" 301 162 "-" "Mozilla/5.0 (Windows NT 10.0; Win64; x64; rv:67.0) Gecko/20100101 Firefox/67.0"
172.68.242.108 - - [06/Dec/2025:19:41:56 +0100] "GET /wp-includes/xl2023.php HTTP/1.1" 301 162 "-" "Mozilla/5.0 (Windows NT 10.0) AppleWebKit/537.36 (KHTML, like Gecko) Chrome/72.0.3626.121 Safari/537.36"
162.158.107.4 - - [06/Dec/2025:19:41:56 +0100] "GET /wp-includes/certificates/admin.php HTTP/1.1" 301 162 "-" "Mozilla/5.0 (Windows NT 10.0; Win64; x64; rv:72.0) Gecko/20100101 Firefox/72.0"
172.68.242.108 - - [06/Dec/2025:19:41:56 +0100] "GET /wp-includes/certificates/admin.php HTTP/1.1" 301 162 "-" "Mozilla/5.0 (Windows NT 10.0; WOW64) AppleWebKit/537.36 (KHTML, like Gecko) Chrome/72.0.3626.121 Safari/537.36"
172.68.242.108 - - [06/Dec/2025:19:41:57 +0100] "GET /wp-includes/images/media/dog.php HTTP/1.1" 301 162 "-" "Mozilla/5.0 (Windows NT 6.1; Win64; x64) AppleWebKit/537.36 (KHTML, like Gecko) Chrome/58.0.3029.110 Safari/537.3"
162.158.107.4 - - [06/Dec/2025:19:41:57 +0100] "GET /wp-includes/images/media/dog.php HTTP/1.1" 301 162 "-" "Mozilla/5.0 (X11; Ubuntu; Linux x86_64; rv:79.0) Gecko/20100101 Firefox/79.0"
172.68.242.108 - - [06/Dec/2025:19:41:57 +0100] "GET /xp.php HTTP/1.1" 301 162 "-" "Mozilla/5.0 (Windows NT 10.0; Win64; x64) AppleWebKit/537.36 (KHTML, like Gecko) Chrome/83.0.4103.61 Safari/537.36"
162.158.107.4 - - [06/Dec/2025:19:41:57 +0100] "GET /xp.php HTTP/1.1" 301 162 "-" "Mozilla/5.0 (Windows NT 10.0; Win64; x64; rv:67.0) Gecko/20100101 Firefox/67.0"
172.68.242.108 - - [06/Dec/2025:19:41:57 +0100] "GET /wp-includes/SimplePie/applicationd.php HTTP/1.1" 301 162 "-" "Mozilla/5.0 (Windows NT 6.1; Win64; x64) AppleWebKit/537.36 (KHTML, like Gecko) Chrome/80.0.3987.149 Safari/537.36"
162.158.107.4 - - [06/Dec/2025:19:41:57 +0100] "GET /wp-includes/SimplePie/applicationd.php HTTP/1.1" 301 162 "-" "Mozilla/5.0 (X11; Linux x86_64) AppleWebKit/537.36 (KHTML, like Gecko) Chrome/84.0.4147.105 Safari/537.36"
172.68.242.108 - - [06/Dec/2025:19:41:58 +0100] "GET /wp-includes/assets/index.php HTTP/1.1" 301 162 "-" "Mozilla/5.0 (Windows NT 10.0; Win64; x64; rv:74.0) Gecko/20100101 Firefox/74.0"
162.158.107.4 - - [06/Dec/2025:19:41:58 +0100] "GET /wp-includes/assets/index.php HTTP/1.1" 301 162 "-" "Mozilla/5.0 (Windows NT 10.0; Win64; x64) AppleWebKit/537.36 (KHTML, like Gecko) Chrome/83.0.4103.61 Safari/537.36"
172.68.242.108 - - [06/Dec/2025:19:41:58 +0100] "GET /wp-links.php HTTP/1.1" 301 162 "-" "Mozilla/5.0 (Windows NT 10.0; Win64; x64; rv:66.0) Gecko/20100101 Firefox/66.0"
162.158.107.4 - - [06/Dec/2025:19:41:58 +0100] "GET /wp-links.php HTTP/1.1" 301 162 "-" "Mozilla/5.0 (Macintosh; Intel Mac OS X 10_15_6) AppleWebKit/537.36 (KHTML, like Gecko) Chrome/84.0.4147.105 Safari/537.36"
172.68.242.108 - - [06/Dec/2025:19:41:58 +0100] "GET /vendor/phpunit/phpunit/src/Util/PHP/as.php HTTP/1.1" 301 162 "-" "Mozilla/5.0 (Windows NT 6.1; Win64; x64) AppleWebKit/537.36 (KHTML, like Gecko) Chrome/58.0.3029.110 Safari/537.3"
162.158.107.4 - - [06/Dec/2025:19:41:58 +0100] "GET /vendor/phpunit/phpunit/src/Util/PHP/as.php HTTP/1.1" 301 162 "-" "Mozilla/5.0 (X11; Linux x86_64) AppleWebKit/537.36 (KHTML, like Gecko) Chrome/84.0.4147.105 Safari/537.36 OPR/70.0.3728.95"
172.68.242.108 - - [06/Dec/2025:19:41:59 +0100] "GET /wp-includes/css/index.php HTTP/1.1" 301 162 "-" "Mozilla/5.0 (Macintosh; Intel Mac OS X 10_10_1) AppleWebKit/537.36 (KHTML, like Gecko) Chrome/39.0.2171.95 Safari/537.36"
162.158.107.4 - - [06/Dec/2025:19:41:59 +0100] "GET /wp-includes/css/index.php HTTP/1.1" 301 162 "-" "Mozilla/5.0 (X11; Ubuntu; Linux x86_64; rv:79.0) Gecko/20100101 Firefox/79.0"
172.68.242.108 - - [06/Dec/2025:19:41:59 +0100] "GET /wp-includes/ID3/index.php HTTP/1.1" 301 162 "-" "Mozilla/5.0 (Windows NT 10.0; Win64; x64) AppleWebKit/537.36 (KHTML, like Gecko) Chrome/84.0.4147.105 Safari/537.36"
162.158.107.4 - - [06/Dec/2025:19:41:59 +0100] "GET /wp-includes/ID3/index.php HTTP/1.1" 301 162 "-" "Mozilla/5.0 (Windows NT 6.1; Win64; x64) AppleWebKit/537.36 (KHTML, like Gecko) Chrome/79.0.3945.130 Safari/537.36"
172.68.242.108 - - [06/Dec/2025:19:41:59 +0100] "GET /wp-includes/pomo/admin.php HTTP/1.1" 301 162 "-" "Mozilla/5.0 (Windows NT 10.0; Win64; x64) AppleWebKit/537.36 (KHTML, like Gecko) Chrome/83.0.4103.97 Safari/537.36"
162.158.107.4 - - [06/Dec/2025:19:41:59 +0100] "GET /wp-includes/pomo/admin.php HTTP/1.1" 301 162 "-" "Mozilla/5.0 (Windows NT 10.0; Win64; x64) AppleWebKit/537.36 (KHTML, like Gecko) Chrome/83.0.4103.97 Safari/537.36"
172.68.242.108 - - [06/Dec/2025:19:41:59 +0100] "GET /wp-includes/IXR/security.php HTTP/1.1" 301 162 "-" "Mozilla/5.0 (Macintosh; Intel Mac OS X 10.15; rv:79.0) Gecko/20100101 Firefox/79.0"
162.158.107.4 - - [06/Dec/2025:19:41:59 +0100] "GET /wp-includes/IXR/security.php HTTP/1.1" 301 162 "-" "Mozilla/5.0 (X11; Linux x86_64) AppleWebKit/537.36 (KHTML, like Gecko) Chrome/84.0.4147.105 Safari/537.36"
172.68.242.108 - - [06/Dec/2025:19:42:00 +0100] "GET /wp-content/plugins/phpadmin/as.php HTTP/1.1" 301 162 "-" "Mozilla/5.0 (Windows NT 10.0; Win64; x64) AppleWebKit/537.36 (KHTML, like Gecko) Chrome/79.0.3945.130 Safari/537.36"
162.158.107.4 - - [06/Dec/2025:19:42:00 +0100] "GET /wp-content/plugins/phpadmin/as.php HTTP/1.1" 301 162 "-" "Mozilla/5.0 (Windows NT 10.0; WOW64; Trident/7.0; .NET4.0C; .NET4.0E; .NET CLR 2.0.50727; .NET CLR 3.0.30729; .NET CLR 3.5.30729; rv:11.0) like Gecko"
172.68.242.108 - - [06/Dec/2025:19:42:00 +0100] "GET /wp-includes/Requests/autoload_classmap.php HTTP/1.1" 301 162 "-" "Mozilla/5.0 (Windows NT 10.0) AppleWebKit/537.36 (KHTML, like Gecko) Chrome/84.0.4147.105 Safari/537.36"
162.158.107.4 - - [06/Dec/2025:19:42:00 +0100] "GET /wp-includes/Requests/autoload_classmap.php HTTP/1.1" 301 162 "-" "Mozilla/5.0 (Windows NT 10.0; Win64; x64) AppleWebKit/537.36 (KHTML, like Gecko) Chrome/80.0.3987.149 Safari/537.36"
172.68.242.108 - - [06/Dec/2025:19:42:00 +0100] "GET /wp-content/plugins/hello.php HTTP/1.1" 301 162 "-" "Mozilla/5.0 (Windows NT 6.1; Win64; x64) AppleWebKit/537.36 (KHTML, like Gecko) Chrome/74.0.3729.169 Safari/537.36"
162.158.107.4 - - [06/Dec/2025:19:42:00 +0100] "GET /wp-content/plugins/hello.php HTTP/1.1" 301 162 "-" "Mozilla/5.0 (Windows NT 6.1; Win64; x64) AppleWebKit/537.36 (KHTML, like Gecko) Chrome/79.0.3945.130 Safari/537.36"
162.158.107.4 - - [06/Dec/2025:19:42:01 +0100] "GET /wp-content/plugins/seoo/about.php HTTP/1.1" 301 162 "-" "Mozilla/5.0 (Linux x86_64; rv:79.0) Gecko/20100101 Firefox/79.0"
172.68.242.108 - - [06/Dec/2025:19:42:01 +0100] "GET /wp-content/plugins/seoo/about.php HTTP/1.1" 301 162 "-" "Mozilla/5.0 (Windows NT 10.0; Win64; x64; rv:72.0) Gecko/20100101 Firefox/72.0"
162.158.107.4 - - [06/Dec/2025:19:42:01 +0100] "GET /wp-includes/fonts/about.php HTTP/1.1" 301 162 "-" "Mozilla/5.0 (Windows NT 10.0; Win64; x64) AppleWebKit/537.36 (KHTML, like Gecko) Chrome/77.0.3865.90 Safari/537.36"
172.68.242.108 - - [06/Dec/2025:19:42:01 +0100] "GET /wp-includes/fonts/about.php HTTP/1.1" 301 162 "-" "Mozilla/5.0 (Windows NT 10.0; Win64; x64) AppleWebKit/537.36 (KHTML, like Gecko) Chrome/79.0.3945.130 Safari/537.36"
172.68.242.108 - - [06/Dec/2025:19:42:01 +0100] "GET /moon.php HTTP/1.1" 301 162 "-" "Mozilla/5.0 (X11; Linux i686; rv:79.0) Gecko/20100101 Firefox/79.0"
162.158.107.4 - - [06/Dec/2025:19:42:01 +0100] "GET /moon.php HTTP/1.1" 301 162 "-" "Mozilla/5.0 (Windows NT 10.0; Win64; x64) AppleWebKit/537.36 (KHTML, like Gecko) Chrome/84.0.4147.105 Safari/537.36 OPR/70.0.3728.95"
172.68.242.108 - - [06/Dec/2025:19:42:02 +0100] "GET /wp-admin/user/about.php HTTP/1.1" 301 162 "-" "Mozilla/5.0 (Windows NT 10.0; Win64; x64; rv:66.0) Gecko/20100101 Firefox/66.0"
162.158.107.4 - - [06/Dec/2025:19:42:02 +0100] "GET /wp-admin/user/about.php HTTP/1.1" 301 162 "-" "Mozilla/5.0 (Windows NT 10.0; Win64; x64) AppleWebKit/537.36 (KHTML, like Gecko) Chrome/81.0.4044.129 Safari/537.36"
172.68.242.108 - - [06/Dec/2025:19:42:02 +0100] "GET /wp-admin/js/widgets/index.php HTTP/1.1" 301 162 "-" "Mozilla/5.0 (Windows NT 10.0; Win64; x64; rv:73.0) Gecko/20100101 Firefox/73.0"
162.158.107.4 - - [06/Dec/2025:19:42:02 +0100] "GET /wp-admin/js/widgets/index.php HTTP/1.1" 301 162 "-" "Mozilla/5.0 (Windows NT 10.0; Win64; x64) AppleWebKit/537.36 (KHTML, like Gecko) Chrome/84.0.4147.105 Safari/537.36"
172.68.242.108 - - [06/Dec/2025:19:42:02 +0100] "GET /webadmin.php HTTP/1.1" 301 162 "-" "Mozilla/5.0 (X11; Linux i686; rv:79.0) Gecko/20100101 Firefox/79.0"
162.158.107.4 - - [06/Dec/2025:19:42:02 +0100] "GET /webadmin.php HTTP/1.1" 301 162 "-" "Mozilla/5.0 (Windows NT 10.0; Win64; x64) AppleWebKit/537.36 (KHTML, like Gecko) Chrome/84.0.4147.105 Safari/537.36"
172.68.242.108 - - [06/Dec/2025:19:42:02 +0100] "GET /wp-includes/PHPMailer/about.php HTTP/1.1" 301 162 "-" "Mozilla/5.0 (Windows NT 6.1; Win64; x64) AppleWebKit/537.36 (KHTML, like Gecko) Chrome/80.0.3987.149 Safari/537.36"
162.158.107.4 - - [06/Dec/2025:19:42:03 +0100] "GET /wp-includes/PHPMailer/about.php HTTP/1.1" 301 162 "-" "Mozilla/5.0 (X11; Linux i686; rv:79.0) Gecko/20100101 Firefox/79.0"
172.68.242.108 - - [06/Dec/2025:19:42:03 +0100] "GET /wp-admin/about.php HTTP/1.1" 301 162 "-" "Mozilla/5.0 (X11; Ubuntu; Linux i686; rv:79.0) Gecko/20100101 Firefox/79.0"
162.158.107.4 - - [06/Dec/2025:19:42:03 +0100] "GET /wp-admin/about.php HTTP/1.1" 301 162 "-" "Mozilla/5.0 (Windows NT 10.0; Win64; x64; rv:66.0) Gecko/20100101 Firefox/66.0"
172.68.242.108 - - [06/Dec/2025:19:42:03 +0100] "GET /xl2023.php HTTP/1.1" 301 162 "-" "Mozilla/5.0 (Windows NT 10.0; Win64; x64) AppleWebKit/537.36 (KHTML, like Gecko) Chrome/84.0.4147.105 Safari/537.36 OPR/70.0.3728.95"
162.158.107.4 - - [06/Dec/2025:19:42:03 +0100] "GET /xl2023.php HTTP/1.1" 301 162 "-" "Mozilla/5.0 (X11; Linux i686; rv:79.0) Gecko/20100101 Firefox/79.0"
172.68.242.108 - - [06/Dec/2025:19:42:03 +0100] "GET /go.php HTTP/1.1" 301 162 "-" "Mozilla/5.0 (Windows NT 10.0; Win64; x64) AppleWebKit/537.36 (KHTML, like Gecko) Chrome/70.0.3538.77 Safari/537.36"
162.158.107.4 - - [06/Dec/2025:19:42:04 +0100] "GET /go.php HTTP/1.1" 301 162 "-" "Mozilla/5.0 (Windows NT 10.0; Win64; x64; rv:79.0) Gecko/20100101 Firefox/79.0"
172.68.242.108 - - [06/Dec/2025:19:42:04 +0100] "GET /wp-admin/xleet.php HTTP/1.1" 301 162 "-" "Mozilla/5.0 (Windows NT 10.0; Win64; x64) AppleWebKit/537.36 (KHTML, like Gecko) Chrome/80.0.3987.149 Safari/537.36"
172.68.242.108 - - [06/Dec/2025:19:42:04 +0100] "GET /templates/beez3/bypass.php HTTP/1.1" 301 162 "-" "Mozilla/5.0 (compatible; MSIE 10.0; Windows NT 6.1; Trident/6.0)"
162.158.107.4 - - [06/Dec/2025:19:42:04 +0100] "GET /wp-admin/xleet.php HTTP/1.1" 301 162 "-" "Mozilla/5.0 (Macintosh; Intel Mac OS X 10_10_1) AppleWebKit/537.36 (KHTML, like Gecko) Chrome/39.0.2171.95 Safari/537.36"
172.68.242.108 - - [06/Dec/2025:19:42:04 +0100] "GET /wp-admin/css/colors/blue/ahax.php HTTP/1.1" 301 162 "-" "Mozilla/5.0 (Macintosh; Intel Mac OS X 10.15; rv:79.0) Gecko/20100101 Firefox/79.0"
162.158.107.4 - - [06/Dec/2025:19:42:04 +0100] "GET /templates/beez3/bypass.php HTTP/1.1" 301 162 "-" "Mozilla/5.0 (Windows NT 10.0) AppleWebKit/537.36 (KHTML, like Gecko) Chrome/84.0.4147.105 Safari/537.36"
172.68.242.108 - - [06/Dec/2025:19:42:05 +0100] "GET /.well-known/admin.php HTTP/1.1" 301 162 "-" "Mozilla/5.0 (Windows NT 10.0; Win64; x64) AppleWebKit/537.36 (KHTML, like Gecko) Chrome/74.0.3729.157 Safari/537.36"
162.158.107.4 - - [06/Dec/2025:19:42:05 +0100] "GET /wp-admin/css/colors/blue/ahax.php HTTP/1.1" 301 162 "-" "Mozilla/5.0 (Windows NT 10.0; WOW64) AppleWebKit/537.36 (KHTML, like Gecko) Chrome/84.0.4147.105 Safari/537.36"
172.68.242.108 - - [06/Dec/2025:19:42:05 +0100] "GET /wp-includes/assets/file.php HTTP/1.1" 301 162 "-" "Mozilla/5.0 (Windows NT 10.0; Win64; x64; rv:67.0) Gecko/20100101 Firefox/67.0"
162.158.107.4 - - [06/Dec/2025:19:42:05 +0100] "GET /.well-known/admin.php HTTP/1.1" 301 162 "-" "Mozilla/5.0 (Windows NT 10.0; Win64; x64) AppleWebKit/537.36 (KHTML, like Gecko) Chrome/70.0.3538.77 Safari/537.36"
172.68.242.108 - - [06/Dec/2025:19:42:05 +0100] "GET /cgi-bin/index.php HTTP/1.1" 301 162 "-" "Mozilla/5.0 (Windows NT 10.0; Win64; x64) AppleWebKit/537.36 (KHTML, like Gecko) Chrome/80.0.3987.149 Safari/537.36"
162.158.107.4 - - [06/Dec/2025:19:42:05 +0100] "GET /wp-includes/assets/file.php HTTP/1.1" 301 162 "-" "Mozilla/5.0 (Windows NT 10.0; Win64; x64) AppleWebKit/537.36 (KHTML, like Gecko) Chrome/74.0.3729.169 Safari/537.36"
172.68.242.108 - - [06/Dec/2025:19:42:06 +0100] "GET /wp-content/uploads/file.php HTTP/1.1" 301 162 "-" "Mozilla/5.0 (Windows NT 10.0; Win64; x64) AppleWebKit/537.36 (KHTML, like Gecko) Chrome/83.0.4103.97 Safari/537.36"
162.158.107.4 - - [06/Dec/2025:19:42:06 +0100] "GET /cgi-bin/index.php HTTP/1.1" 301 162 "-" "Mozilla/5.0 (Windows NT 6.1; Win64; x64) AppleWebKit/537.36 (KHTML, like Gecko) Chrome/58.0.3029.110 Safari/537.3"
172.68.242.108 - - [06/Dec/2025:19:42:06 +0100] "GET /wp-content/plugins/view-more/ioxi.php HTTP/1.1" 301 162 "-" "Mozilla/5.0 (Windows NT 10.0; Win64; x64) AppleWebKit/537.36 (KHTML, like Gecko) Chrome/84.0.4147.105 Safari/537.36"
162.158.107.4 - - [06/Dec/2025:19:42:06 +0100] "GET /wp-content/uploads/file.php HTTP/1.1" 301 162 "-" "Mozilla/5.0 (Windows NT 10.0; Win64; x64) AppleWebKit/537.36 (KHTML, like Gecko) Chrome/75.0.3770.100 Safari/537.36"
172.68.242.108 - - [06/Dec/2025:19:42:06 +0100] "GET /wp-includes/customize/dedi1.php HTTP/1.1" 301 162 "-" "Mozilla/5.0 (X11; Linux x86_64) AppleWebKit/537.36 (KHTML, like Gecko) Chrome/84.0.4147.105 Safari/537.36"
162.158.107.4 - - [06/Dec/2025:19:42:06 +0100] "GET /wp-content/plugins/view-more/ioxi.php HTTP/1.1" 301 162 "-" "Mozilla/5.0 (compatible; MSIE 10.0; Windows NT 6.1; Trident/6.0)"
172.68.242.108 - - [06/Dec/2025:19:42:06 +0100] "GET /wp-includes/pomo/autoload_classmap.php HTTP/1.1" 301 162 "-" "Mozilla/5.0 (Windows NT 10.0; Win64; x64) AppleWebKit/537.36 (KHTML, like Gecko) Chrome/83.0.4103.61 Safari/537.36"
162.158.107.4 - - [06/Dec/2025:19:42:06 +0100] "GET /wp-includes/customize/dedi1.php HTTP/1.1" 301 162 "-" "Mozilla/5.0 (Windows NT 10.0; Win64; x64) AppleWebKit/537.36 (KHTML, like Gecko) Chrome/83.0.4103.97 Safari/537.36"
172.68.242.108 - - [06/Dec/2025:19:42:07 +0100] "GET /wp-admin/css/colors/index.php HTTP/1.1" 301 162 "-" "Mozilla/5.0 (Windows NT 10.0; Win64; x64) AppleWebKit/537.36 (KHTML, like Gecko) Chrome/84.0.4147.105 Safari/537.36 OPR/70.0.3728.95"
162.158.107.4 - - [06/Dec/2025:19:42:07 +0100] "GET /wp-includes/pomo/autoload_classmap.php HTTP/1.1" 301 162 "-" "Mozilla/5.0 (X11; Fedora; Linux x86_64; rv:79.0) Gecko/20100101 Firefox/79.0"
172.68.242.108 - - [06/Dec/2025:19:42:07 +0100] "GET /warm.PhP7 HTTP/1.1" 301 162 "-" "Mozilla/5.0 (Macintosh; Intel Mac OS X 10_15_6) AppleWebKit/537.36 (KHTML, like Gecko) Chrome/84.0.4147.105 Safari/537.36 OPR/70.0.3728.95"
172.68.242.108 - - [06/Dec/2025:19:42:07 +0100] "GET /wp-admin/admin.php HTTP/1.1" 301 162 "-" "Mozilla/5.0 (Windows NT 10.0; Win64; x64) AppleWebKit/537.36 (KHTML, like Gecko) Chrome/81.0.4044.129 Safari/537.36"
162.158.107.4 - - [06/Dec/2025:19:42:07 +0100] "GET /wp-admin/css/colors/index.php HTTP/1.1" 301 162 "-" "Mozilla/5.0 (Windows NT 10.0; Win64; x64) AppleWebKit/537.36 (KHTML, like Gecko) Chrome/84.0.4147.105 Safari/537.36"
172.68.242.108 - - [06/Dec/2025:19:42:08 +0100] "GET /wp-content/themes/seotheme/mar.php HTTP/1.1" 301 162 "-" "Mozilla/5.0 (Windows NT 10.0; WOW64) AppleWebKit/537.36 (KHTML, like Gecko) Chrome/72.0.3626.121 Safari/537.36"
162.158.107.4 - - [06/Dec/2025:19:42:08 +0100] "GET /warm.PhP7 HTTP/1.1" 301 162 "-" "Mozilla/5.0 (Windows NT 10.0; Win64; x64) AppleWebKit/537.36 (KHTML, like Gecko) Chrome/83.0.4103.97 Safari/537.36"
162.158.107.4 - - [06/Dec/2025:19:42:08 +0100] "GET /wp-admin/admin.php HTTP/1.1" 301 162 "-" "Mozilla/5.0 (Macintosh; Intel Mac OS X 10_15_6) AppleWebKit/537.36 (KHTML, like Gecko) Chrome/84.0.4147.105 Safari/537.36 OPR/70.0.3728.95"
162.158.107.4 - - [06/Dec/2025:19:42:08 +0100] "GET /wp-content/themes/seotheme/mar.php HTTP/1.1" 301 162 "-" "Mozilla/5.0 (Windows NT 10.0; Win64; x64) AppleWebKit/537.36 (KHTML, like Gecko) Chrome/74.0.3729.169 Safari/537.36"
172.68.242.108 - - [06/Dec/2025:19:42:08 +0100] "GET /wp-includes/images/wp-login.php HTTP/1.1" 301 162 "-" "Mozilla/5.0 (Windows NT 10.0; Win64; x64) AppleWebKit/537.36 (KHTML, like Gecko) Chrome/79.0.3945.130 Safari/537.36"
162.158.107.4 - - [06/Dec/2025:19:42:08 +0100] "GET /wp-includes/images/wp-login.php HTTP/1.1" 301 162 "-" "Mozilla/5.0 (Windows NT 10.0; Win64; x64) AppleWebKit/537.36 (KHTML, like Gecko) Chrome/79.0.3945.88 Safari/537.36"
172.68.242.108 - - [06/Dec/2025:19:42:09 +0100] "GET /wp-content/plugins/ioxi/ioxiworm.php HTTP/1.1" 301 162 "-" "Mozilla/5.0 (X11; Ubuntu; Linux i686; rv:79.0) Gecko/20100101 Firefox/79.0"
162.158.107.4 - - [06/Dec/2025:19:42:09 +0100] "GET /wp-content/plugins/ioxi/ioxiworm.php HTTP/1.1" 301 162 "-" "Mozilla/5.0 (Windows NT 10.0; Win64; x64; rv:73.0) Gecko/20100101 Firefox/73.0"
172.68.242.108 - - [06/Dec/2025:19:42:09 +0100] "GET /blog/wp-content/about.php HTTP/1.1" 301 162 "-" "Mozilla/5.0 (X11; Linux x86_64) AppleWebKit/537.36 (KHTML, like Gecko) Chrome/84.0.4147.105 Safari/537.36"
162.158.107.4 - - [06/Dec/2025:19:42:09 +0100] "GET /blog/wp-content/about.php HTTP/1.1" 301 162 "-" "Mozilla/5.0 (compatible; MSIE 10.0; Windows NT 6.1; Trident/6.0)"
172.68.242.108 - - [06/Dec/2025:19:42:09 +0100] "GET /hehehehe.php HTTP/1.1" 301 162 "-" "Mozilla/5.0 (Windows NT 6.1; Win64; x64) AppleWebKit/537.36 (KHTML, like Gecko) Chrome/78.0.3904.108 Safari/537.36"
162.158.107.4 - - [06/Dec/2025:19:42:09 +0100] "GET /hehehehe.php HTTP/1.1" 301 162 "-" "Mozilla/5.0 (Windows NT 10.0; Win64; x64) AppleWebKit/537.36 (KHTML, like Gecko) Chrome/58.0.3029.110 Safari/537.3"
162.158.107.4 - - [06/Dec/2025:19:42:10 +0100] "GET /.well-known/acme-challenge/install.php HTTP/1.1" 301 162 "-" "Mozilla/5.0 (Windows NT 10.0; Win64; x64) AppleWebKit/537.36 (KHTML, like Gecko) Chrome/69.0.3497.100 Safari/537.36"
172.68.242.108 - - [06/Dec/2025:19:42:10 +0100] "GET /.well-known/acme-challenge/install.php HTTP/1.1" 301 162 "-" "Mozilla/5.0 (compatible; MSIE 10.0; Windows NT 6.1; Trident/6.0)"
162.158.107.4 - - [06/Dec/2025:19:42:10 +0100] "GET /.well-known/acme-challenge/plugins.php HTTP/1.1" 301 162 "-" "Mozilla/5.0 (Windows NT 10.0; Win64; x64; rv:66.0) Gecko/20100101 Firefox/66.0"
172.68.242.108 - - [06/Dec/2025:19:42:10 +0100] "GET /.well-known/acme-challenge/plugins.php HTTP/1.1" 301 162 "-" "Mozilla/5.0 (Windows NT 6.1; Win64; x64) AppleWebKit/537.36 (KHTML, like Gecko) Chrome/74.0.3729.169 Safari/537.36"
162.158.107.4 - - [06/Dec/2025:19:42:10 +0100] "GET /.well-known/acme-challenge/license.php HTTP/1.1" 301 162 "-" "Mozilla/5.0 (Windows NT 10.0; Win64; x64) AppleWebKit/537.36 (KHTML, like Gecko) Chrome/58.0.3029.110 Safari/537.3"
172.68.242.108 - - [06/Dec/2025:19:42:11 +0100] "GET /.well-known/acme-challenge/license.php HTTP/1.1" 301 162 "-" "Mozilla/5.0 (Windows NT 10.0) AppleWebKit/537.36 (KHTML, like Gecko) Chrome/84.0.4147.105 Safari/537.36"
162.158.107.4 - - [06/Dec/2025:19:42:11 +0100] "GET /wp-content/themes/astra/inc/ki1k.php HTTP/1.1" 301 162 "-" "Mozilla/5.0 (Windows NT 10.0; Win64; x64) AppleWebKit/537.36 (KHTML, like Gecko) Chrome/79.0.3945.130 Safari/537.36"
172.68.242.108 - - [06/Dec/2025:19:42:11 +0100] "GET /wp-content/themes/astra/inc/ki1k.php HTTP/1.1" 301 162 "-" "Mozilla/5.0 (Windows NT 10.0; Win64; x64) AppleWebKit/537.36 (KHTML, like Gecko) Chrome/69.0.3497.100 Safari/537.36"
162.158.107.4 - - [06/Dec/2025:19:42:11 +0100] "GET /wp-content/themes/astra/inc/fm.php HTTP/1.1" 301 162 "-" "Mozilla/5.0 (compatible; MSIE 10.0; Windows NT 6.1; Trident/6.0)"
162.158.107.4 - - [06/Dec/2025:19:42:11 +0100] "GET /wp-content/plugins/ccx/index.php HTTP/1.1" 301 162 "-" "Mozilla/5.0 (Windows NT 10.0; Win64; x64) AppleWebKit/537.36 (KHTML, like Gecko) Chrome/58.0.3029.110 Safari/537.3"
172.68.242.108 - - [06/Dec/2025:19:42:12 +0100] "GET /wp-content/themes/astra/inc/fm.php HTTP/1.1" 301 162 "-" "Mozilla/5.0 (Windows NT 6.1; Win64; x64) AppleWebKit/537.36 (KHTML, like Gecko) Chrome/78.0.3904.108 Safari/537.36"
162.158.107.4 - - [06/Dec/2025:19:42:12 +0100] "GET /wp-content/themes/index.php HTTP/1.1" 301 162 "-" "Mozilla/5.0 (Windows NT 10.0; Win64; x64; rv:72.0) Gecko/20100101 Firefox/72.0"
172.68.242.108 - - [06/Dec/2025:19:42:12 +0100] "GET /wp-content/plugins/ccx/index.php HTTP/1.1" 301 162 "-" "Mozilla/5.0 (Windows NT 10.0; Win64; x64; rv:66.0) Gecko/20100101 Firefox/66.0"
162.158.107.4 - - [06/Dec/2025:19:42:12 +0100] "GET /wp-includes/Requests/about.php HTTP/1.1" 301 162 "-" "Mozilla/5.0 (Windows NT 10.0; Win64; x64; rv:71.0) Gecko/20100101 Firefox/71.0"
172.68.242.108 - - [06/Dec/2025:19:42:12 +0100] "GET /wp-content/themes/index.php HTTP/1.1" 301 162 "-" "Mozilla/5.0 (Macintosh; Intel Mac OS X 10_10_1) AppleWebKit/537.36 (KHTML, like Gecko) Chrome/39.0.2171.95 Safari/537.36"
162.158.107.4 - - [06/Dec/2025:19:42:12 +0100] "GET /wp-includes/css/dist/edit-widgets/index.php HTTP/1.1" 301 162 "-" "Mozilla/5.0 (Windows NT 10.0; Win64; x64) AppleWebKit/537.36 (KHTML, like Gecko) Chrome/81.0.4044.129 Safari/537.36"
172.68.242.108 - - [06/Dec/2025:19:42:12 +0100] "GET /wp-includes/Requests/about.php HTTP/1.1" 301 162 "-" "Mozilla/5.0 (Macintosh; Intel Mac OS X 10_15_6) AppleWebKit/537.36 (KHTML, like Gecko) Chrome/84.0.4147.105 Safari/537.36"
162.158.107.4 - - [06/Dec/2025:19:42:12 +0100] "GET /wp-includes/css/dist/edit-widgets/about.php HTTP/1.1" 301 162 "-" "Mozilla/5.0 (X11; Linux x86_64) AppleWebKit/537.36 (KHTML, like Gecko) Chrome/84.0.4147.105 Safari/537.36"
172.68.242.108 - - [06/Dec/2025:19:42:13 +0100] "GET /wp-includes/css/dist/edit-widgets/index.php HTTP/1.1" 301 162 "-" "Mozilla/5.0 (Windows NT 6.1; Win64; x64) AppleWebKit/537.36 (KHTML, like Gecko) Chrome/58.0.3029.110 Safari/537.3"
162.158.107.4 - - [06/Dec/2025:19:42:13 +0100] "GET /wp-includes/Requests/src/Exception/Http/about.php HTTP/1.1" 301 162 "-" "Mozilla/5.0 (Windows NT 10.0; Win64; x64) AppleWebKit/537.36 (KHTML, like Gecko) Chrome/79.0.3945.130 Safari/537.36"
172.68.242.108 - - [06/Dec/2025:19:42:13 +0100] "GET /wp-includes/css/dist/edit-widgets/about.php HTTP/1.1" 301 162 "-" "Mozilla/5.0 (Macintosh; Intel Mac OS X 10.15; rv:79.0) Gecko/20100101 Firefox/79.0"
162.158.107.4 - - [06/Dec/2025:19:42:13 +0100] "GET /wp-includes/Text/Diff/Renderer/index.php HTTP/1.1" 301 162 "-" "Mozilla/5.0 (Windows NT 10.0; Win64; x64) AppleWebKit/537.36 (KHTML, like Gecko) Chrome/80.0.3987.149 Safari/537.36"
172.68.242.108 - - [06/Dec/2025:19:42:13 +0100] "GET /wp-includes/Requests/src/Exception/Http/about.php HTTP/1.1" 301 162 "-" "Mozilla/5.0 (Macintosh; Intel Mac OS X 10_10_1) AppleWebKit/537.36 (KHTML, like Gecko) Chrome/39.0.2171.95 Safari/537.36"
172.68.242.108 - - [06/Dec/2025:19:42:14 +0100] "GET /wp-includes/Text/Diff/Renderer/index.php HTTP/1.1" 301 162 "-" "Mozilla/5.0 (X11; Fedora; Linux x86_64; rv:79.0) Gecko/20100101 Firefox/79.0"
162.158.107.4 - - [06/Dec/2025:19:42:14 +0100] "GET /wp-includes/Text/Diff/index.php HTTP/1.1" 301 162 "-" "Mozilla/5.0 (X11; Ubuntu; Linux i686; rv:79.0) Gecko/20100101 Firefox/79.0"
172.68.242.108 - - [06/Dec/2025:19:42:14 +0100] "GET /wp-includes/Text/Diff/index.php HTTP/1.1" 301 162 "-" "Mozilla/5.0 (Windows NT 6.1; Win64; x64) AppleWebKit/537.36 (KHTML, like Gecko) Chrome/74.0.3729.169 Safari/537.36"
162.158.107.4 - - [06/Dec/2025:19:42:14 +0100] "GET /wp-admin/css/colors/ocean/index.php HTTP/1.1" 301 162 "-" "Mozilla/5.0 (Windows NT 10.0; Win64; x64; rv:74.0) Gecko/20100101 Firefox/74.0"
172.68.242.108 - - [06/Dec/2025:19:42:14 +0100] "GET /wp-admin/css/colors/ocean/index.php HTTP/1.1" 301 162 "-" "Mozilla/5.0 (Windows NT 10.0; Win64; x64) AppleWebKit/537.36 (KHTML, like Gecko) Chrome/74.0.3729.157 Safari/537.36"
162.158.107.4 - - [06/Dec/2025:19:42:14 +0100] "GET /wp-includes/images/media/index.php HTTP/1.1" 301 162 "-" "Mozilla/5.0 (Windows NT 6.1; Win64; x64) AppleWebKit/537.36 (KHTML, like Gecko) Chrome/79.0.3945.130 Safari/537.36"
172.68.242.108 - - [06/Dec/2025:19:42:14 +0100] "GET /wp-includes/images/media/index.php HTTP/1.1" 301 162 "-" "Mozilla/5.0 (Windows NT 10.0; WOW64; Trident/7.0; .NET4.0C; .NET4.0E; .NET CLR 2.0.50727; .NET CLR 3.0.30729; .NET CLR 3.5.30729; rv:11.0) like Gecko"
162.158.107.4 - - [06/Dec/2025:19:42:15 +0100] "GET /wp-includes/js/tinymce/skins/lightgray/img/index.php HTTP/1.1" 301 162 "-" "Mozilla/5.0 (Windows NT 10.0; Win64; x64) AppleWebKit/537.36 (KHTML, like Gecko) Chrome/74.0.3729.157 Safari/537.36"
172.68.242.108 - - [06/Dec/2025:19:42:15 +0100] "GET /wp-includes/js/tinymce/skins/lightgray/img/index.php HTTP/1.1" 301 162 "-" "Mozilla/5.0 (Windows NT 10.0; Win64; x64) AppleWebKit/537.36 (KHTML, like Gecko) Chrome/79.0.3945.88 Safari/537.36"
162.158.107.4 - - [06/Dec/2025:19:42:15 +0100] "GET /wp-includes/js/tinymce/skins/lightgray/img/about.php HTTP/1.1" 301 162 "-" "Mozilla/5.0 (Windows NT 6.1; Win64; x64) AppleWebKit/537.36 (KHTML, like Gecko) Chrome/80.0.3987.149 Safari/537.36"
172.68.242.108 - - [06/Dec/2025:19:42:15 +0100] "GET /wp-includes/js/tinymce/skins/lightgray/img/about.php HTTP/1.1" 301 162 "-" "Mozilla/5.0 (Windows NT 10.0; Win64; x64) AppleWebKit/537.36 (KHTML, like Gecko) Chrome/84.0.4147.105 Safari/537.36"
162.158.107.4 - - [06/Dec/2025:19:42:15 +0100] "GET /wp-includes/js/tinymce/skins/lightgray/img/wp-login.php HTTP/1.1" 301 162 "-" "Mozilla/5.0 (Windows NT 10.0; Win64; x64) AppleWebKit/537.36 (KHTML, like Gecko) Chrome/69.0.3497.100 Safari/537.36"
172.68.242.108 - - [06/Dec/2025:19:42:15 +0100] "GET /wp-includes/js/tinymce/skins/lightgray/img/wp-login.php HTTP/1.1" 301 162 "-" "Mozilla/5.0 (Macintosh; Intel Mac OS X 10_15_6) AppleWebKit/537.36 (KHTML, like Gecko) Chrome/84.0.4147.125 Safari/537.36"
162.158.107.4 - - [06/Dec/2025:19:42:15 +0100] "GET /wp-admin/maint/themes.php HTTP/1.1" 301 162 "-" "Mozilla/5.0 (X11; Ubuntu; Linux i686; rv:79.0) Gecko/20100101 Firefox/79.0"
172.68.242.108 - - [06/Dec/2025:19:42:16 +0100] "GET /wp-admin/maint/themes.php HTTP/1.1" 301 162 "-" "Mozilla/5.0 (Windows NT 6.1; Win64; x64) AppleWebKit/537.36 (KHTML, like Gecko) Chrome/78.0.3904.108 Safari/537.36"
162.158.107.4 - - [06/Dec/2025:19:42:16 +0100] "GET /wp-content/plugins/seoplugins/index.php HTTP/1.1" 301 162 "-" "Mozilla/5.0 (Windows NT 10.0) AppleWebKit/537.36 (KHTML, like Gecko) Chrome/84.0.4147.105 Safari/537.36"
162.158.107.4 - - [06/Dec/2025:19:42:16 +0100] "GET /wp-includes/fonts/themes.php HTTP/1.1" 301 162 "-" "Mozilla/5.0 (Windows NT 10.0; Win64; x64) AppleWebKit/537.36 (KHTML, like Gecko) Chrome/74.0.3729.157 Safari/537.36"
162.158.107.4 - - [06/Dec/2025:19:42:16 +0100] "GET /wp-content/themes/twentytwentytwo/assets/fonts/index.php HTTP/1.1" 301 162 "-" "Mozilla/5.0 (Macintosh; Intel Mac OS X 10_15_6) AppleWebKit/537.36 (KHTML, like Gecko) Chrome/84.0.4147.105 Safari/537.36 OPR/70.0.3728.95"
162.158.107.4 - - [06/Dec/2025:19:42:17 +0100] "GET /wp-includes/certificates/index.php HTTP/1.1" 301 162 "-" "Mozilla/5.0 (Windows NT 10.0; Win64; x64) AppleWebKit/537.36 (KHTML, like Gecko) Chrome/79.0.3945.88 Safari/537.36"
162.158.107.4 - - [06/Dec/2025:19:42:17 +0100] "GET /byp.php HTTP/1.1" 301 162 "-" "Mozilla/5.0 (Macintosh; Intel Mac OS X 10_15_6) AppleWebKit/537.36 (KHTML, like Gecko) Chrome/84.0.4147.125 Safari/537.36"
172.68.242.108 - - [06/Dec/2025:19:42:17 +0100] "GET /wp-content/plugins/seoplugins/index.php HTTP/1.1" 301 162 "-" "Mozilla/5.0 (Macintosh; Intel Mac OS X 10_10_1) AppleWebKit/537.36 (KHTML, like Gecko) Chrome/39.0.2171.95 Safari/537.36"
162.158.107.4 - - [06/Dec/2025:19:42:17 +0100] "GET /blog/wp-includes/about.php HTTP/1.1" 301 162 "-" "Mozilla/5.0 (Windows NT 10.0; Win64; x64) AppleWebKit/537.36 (KHTML, like Gecko) Chrome/83.0.4103.97 Safari/537.36"
172.68.242.108 - - [06/Dec/2025:19:42:17 +0100] "GET /wp-includes/fonts/themes.php HTTP/1.1" 301 162 "-" "Mozilla/5.0 (Windows NT 10.0; Win64; x64) AppleWebKit/537.36 (KHTML, like Gecko) Chrome/77.0.3865.90 Safari/537.36"
162.158.107.4 - - [06/Dec/2025:19:42:18 +0100] "GET /wp-includes/images/media/wp-login.php HTTP/1.1" 301 162 "-" "Mozilla/5.0 (Windows NT 10.0; Win64; x64) AppleWebKit/537.36 (KHTML, like Gecko) Chrome/84.0.4147.105 Safari/537.36 OPR/70.0.3728.95"
172.68.242.108 - - [06/Dec/2025:19:42:18 +0100] "GET /wp-content/themes/twentytwentytwo/assets/fonts/index.php HTTP/1.1" 301 162 "-" "Mozilla/5.0 (Windows NT 10.0; Win64; x64) AppleWebKit/537.36 (KHTML, like Gecko) Chrome/75.0.3770.100 Safari/537.36"
172.68.242.108 - - [06/Dec/2025:19:42:18 +0100] "GET /wp-includes/certificates/index.php HTTP/1.1" 301 162 "-" "Mozilla/5.0 (X11; Linux x86_64) AppleWebKit/537.36 (KHTML, like Gecko) Chrome/84.0.4147.105 Safari/537.36 OPR/70.0.3728.95"
162.158.107.4 - - [06/Dec/2025:19:42:18 +0100] "GET /blog/wp-admin/about.php HTTP/1.1" 301 162 "-" "Mozilla/5.0 (Windows NT 10.0; Win64; x64) AppleWebKit/537.36 (KHTML, like Gecko) Chrome/70.0.3538.77 Safari/537.36"
172.68.242.108 - - [06/Dec/2025:19:42:18 +0100] "GET /byp.php HTTP/1.1" 301 162 "-" "Mozilla/5.0 (Windows NT 10.0; Win64; x64) AppleWebKit/537.36 (KHTML, like Gecko) Chrome/69.0.3497.100 Safari/537.36"
162.158.107.4 - - [06/Dec/2025:19:42:18 +0100] "GET /wp-content/themes/twentyfive/include.php HTTP/1.1" 301 162 "-" "Mozilla/5.0 (Windows NT 10.0; Win64; x64) AppleWebKit/537.36 (KHTML, like Gecko) Chrome/69.0.3497.100 Safari/537.36"
172.68.242.108 - - [06/Dec/2025:19:42:19 +0100] "GET /blog/wp-includes/about.php HTTP/1.1" 301 162 "-" "Mozilla/5.0 (Windows NT 6.1; Win64; x64) AppleWebKit/537.36 (KHTML, like Gecko) Chrome/79.0.3945.130 Safari/537.36"
162.158.107.4 - - [06/Dec/2025:19:42:19 +0100] "GET /wp-includes/css/about.php HTTP/1.1" 301 162 "-" "Mozilla/5.0 (Macintosh; Intel Mac OS X 10_12_6) AppleWebKit/537.36 (KHTML, like Gecko) Chrome/58.0.3029.110 Safari/537.3"
172.68.242.108 - - [06/Dec/2025:19:42:19 +0100] "GET /wp-includes/images/media/wp-login.php HTTP/1.1" 301 162 "-" "Mozilla/5.0 (Windows NT 10.0; Win64; x64) AppleWebKit/537.36 (KHTML, like Gecko) Chrome/70.0.3538.77 Safari/537.36"
162.158.107.4 - - [06/Dec/2025:19:42:19 +0100] "GET /cgi-bin/install.php HTTP/1.1" 301 162 "-" "Mozilla/5.0 (Windows NT 6.3; Win64; x64; rv:73.0) Gecko/20100101 Firefox/73.0"
172.68.242.108 - - [06/Dec/2025:19:42:19 +0100] "GET /blog/wp-admin/about.php HTTP/1.1" 301 162 "-" "Mozilla/5.0 (Windows NT 10.0; Win64; x64) AppleWebKit/537.36 (KHTML, like Gecko) Chrome/79.0.3945.79 Safari/537.36"
162.158.107.4 - - [06/Dec/2025:19:42:19 +0100] "GET /wp-content/wso.php HTTP/1.1" 301 162 "-" "Mozilla/5.0 (Windows NT 10.0; Win64; x64) AppleWebKit/537.36 (KHTML, like Gecko) Chrome/70.0.3538.77 Safari/537.36"
172.68.242.108 - - [06/Dec/2025:19:42:20 +0100] "GET /wp-content/themes/twentyfive/include.php HTTP/1.1" 301 162 "-" "Mozilla/5.0 (Windows NT 10.0; Win64; x64) AppleWebKit/537.36 (KHTML, like Gecko) Chrome/79.0.3945.88 Safari/537.36"
162.158.107.4 - - [06/Dec/2025:19:42:20 +0100] "GET /class.api.php HTTP/1.1" 301 162 "-" "Mozilla/5.0 (X11; Fedora; Linux x86_64; rv:79.0) Gecko/20100101 Firefox/79.0"
172.68.242.108 - - [06/Dec/2025:19:42:20 +0100] "GET /wp-includes/css/about.php HTTP/1.1" 301 162 "-" "Mozilla/5.0 (Windows NT 10.0; Win64; x64; rv:72.0) Gecko/20100101 Firefox/72.0"
162.158.107.4 - - [06/Dec/2025:19:42:20 +0100] "GET /wp-includes/certificates/wp-login.php HTTP/1.1" 301 162 "-" "Mozilla/5.0 (Windows NT 6.1; Win64; x64) AppleWebKit/537.36 (KHTML, like Gecko) Chrome/80.0.3987.149 Safari/537.36"
172.68.242.108 - - [06/Dec/2025:19:42:20 +0100] "GET /cgi-bin/install.php HTTP/1.1" 301 162 "-" "Mozilla/5.0 (Macintosh; Intel Mac OS X 10_12_6) AppleWebKit/537.36 (KHTML, like Gecko) Chrome/58.0.3029.110 Safari/537.3"
162.158.107.4 - - [06/Dec/2025:19:42:20 +0100] "GET /wp-content/radio.php HTTP/1.1" 301 162 "-" "Mozilla/5.0 (Windows NT 10.0; Win64; x64) AppleWebKit/537.36 (KHTML, like Gecko) Chrome/58.0.3029.110 Safari/537.3"
162.158.107.4 - - [06/Dec/2025:19:42:21 +0100] "GET /system_log.php HTTP/1.1" 301 162 "-" "Mozilla/5.0 (Windows NT 10.0; WOW64; Trident/7.0; .NET4.0C; .NET4.0E; .NET CLR 2.0.50727; .NET CLR 3.0.30729; .NET CLR 3.5.30729; rv:11.0) like Gecko"
172.68.242.108 - - [06/Dec/2025:19:42:21 +0100] "GET /wp-content/wso.php HTTP/1.1" 301 162 "-" "Mozilla/5.0 (Windows NT 10.0; Win64; x64; rv:71.0) Gecko/20100101 Firefox/71.0"
162.158.107.4 - - [06/Dec/2025:19:42:21 +0100] "GET /.alf.php HTTP/1.1" 301 162 "-" "Mozilla/5.0 (Windows NT 6.1; Win64; x64) AppleWebKit/537.36 (KHTML, like Gecko) Chrome/79.0.3945.130 Safari/537.36"
172.68.242.108 - - [06/Dec/2025:19:42:21 +0100] "GET /class.api.php HTTP/1.1" 301 162 "-" "Mozilla/5.0 (X11; Fedora; Linux x86_64; rv:79.0) Gecko/20100101 Firefox/79.0"
162.158.107.4 - - [06/Dec/2025:19:42:21 +0100] "GET /wso.php HTTP/1.1" 301 162 "-" "Mozilla/5.0 (Windows NT 10.0; Win64; x64) AppleWebKit/537.36 (KHTML, like Gecko) Chrome/75.0.3770.100 Safari/537.36"
172.68.242.108 - - [06/Dec/2025:19:42:21 +0100] "GET /wp-includes/certificates/wp-login.php HTTP/1.1" 301 162 "-" "Mozilla/5.0 (X11; Linux x86_64) AppleWebKit/537.36 (KHTML, like Gecko) Chrome/84.0.4147.105 Safari/537.36"
162.158.107.4 - - [06/Dec/2025:19:42:21 +0100] "GET /wp-includes/blocks/about.php HTTP/1.1" 301 162 "-" "Mozilla/5.0 (Windows NT 10.0; Win64; x64; rv:74.0) Gecko/20100101 Firefox/74.0"
172.68.242.108 - - [06/Dec/2025:19:42:22 +0100] "GET /wp-content/radio.php HTTP/1.1" 301 162 "-" "Mozilla/5.0 (X11; Ubuntu; Linux i686; rv:79.0) Gecko/20100101 Firefox/79.0"
162.158.107.4 - - [06/Dec/2025:19:42:22 +0100] "GET /flower.php HTTP/1.1" 301 162 "-" "Mozilla/5.0 (Windows NT 10.0; Win64; x64) AppleWebKit/537.36 (KHTML, like Gecko) Chrome/80.0.3987.149 Safari/537.36"
172.68.242.108 - - [06/Dec/2025:19:42:22 +0100] "GET /system_log.php HTTP/1.1" 301 162 "-" "Mozilla/5.0 (Windows NT 10.0; Win64; x64; rv:74.0) Gecko/20100101 Firefox/74.0"
162.158.107.4 - - [06/Dec/2025:19:42:22 +0100] "GET /wp-includes/wp-class.php HTTP/1.1" 301 162 "-" "Mozilla/5.0 (Windows NT 10.0; WOW64) AppleWebKit/537.36 (KHTML, like Gecko) Chrome/84.0.4147.105 Safari/537.36"
172.68.242.108 - - [06/Dec/2025:19:42:22 +0100] "GET /.alf.php HTTP/1.1" 301 162 "-" "Mozilla/5.0 (X11; Ubuntu; Linux i686; rv:79.0) Gecko/20100101 Firefox/79.0"
162.158.107.4 - - [06/Dec/2025:19:42:22 +0100] "GET /wp-admin/js/autoload_classmap.php HTTP/1.1" 301 162 "-" "Mozilla/5.0 (Windows NT 10.0; Win64; x64) AppleWebKit/537.36 (KHTML, like Gecko) Chrome/58.0.3029.110 Safari/537.3"
172.68.242.108 - - [06/Dec/2025:19:42:23 +0100] "GET /wso.php HTTP/1.1" 301 162 "-" "Mozilla/5.0 (Windows NT 10.0; Win64; x64; rv:71.0) Gecko/20100101 Firefox/71.0"
162.158.107.4 - - [06/Dec/2025:19:42:23 +0100] "GET /wp-content/1.php HTTP/1.1" 301 162 "-" "Mozilla/5.0 (Windows NT 6.1; Win64; x64) AppleWebKit/537.36 (KHTML, like Gecko) Chrome/80.0.3987.149 Safari/537.36"
172.68.242.108 - - [06/Dec/2025:19:42:23 +0100] "GET /wp-includes/blocks/about.php HTTP/1.1" 301 162 "-" "Mozilla/5.0 (Windows NT 10.0; Win64; x64) AppleWebKit/537.36 (KHTML, like Gecko) Chrome/80.0.3987.149 Safari/537.36"
162.158.107.4 - - [06/Dec/2025:19:42:23 +0100] "GET /ioxi-o.php HTTP/1.1" 301 162 "-" "Mozilla/5.0 (compatible; MSIE 10.0; Windows NT 6.1; Trident/6.0)"
172.68.242.108 - - [06/Dec/2025:19:42:23 +0100] "GET /flower.php HTTP/1.1" 301 162 "-" "Mozilla/5.0 (X11; Linux i686; rv:79.0) Gecko/20100101 Firefox/79.0"
162.158.107.4 - - [06/Dec/2025:19:42:23 +0100] "GET /info.php HTTP/1.1" 301 162 "-" "Mozilla/5.0 (Windows NT 10.0; Win64; x64; rv:67.0) Gecko/20100101 Firefox/67.0"
172.68.242.108 - - [06/Dec/2025:19:42:23 +0100] "GET /wp-includes/wp-class.php HTTP/1.1" 301 162 "-" "Mozilla/5.0 (X11; Ubuntu; Linux i686; rv:79.0) Gecko/20100101 Firefox/79.0"
162.158.107.4 - - [06/Dec/2025:19:42:24 +0100] "GET /setup.php HTTP/1.1" 301 162 "-" "Mozilla/5.0 (Macintosh; Intel Mac OS X 10_10_1) AppleWebKit/537.36 (KHTML, like Gecko) Chrome/39.0.2171.95 Safari/537.36"
172.68.242.108 - - [06/Dec/2025:19:42:24 +0100] "GET /wp-admin/js/autoload_classmap.php HTTP/1.1" 301 162 "-" "Mozilla/5.0 (Windows NT 10.0; WOW64) AppleWebKit/537.36 (KHTML, like Gecko) Chrome/72.0.3626.121 Safari/537.36"
162.158.107.4 - - [06/Dec/2025:19:42:24 +0100] "GET /.bod/.ll/ss.php HTTP/1.1" 301 162 "-" "Mozilla/5.0 (Windows NT 10.0; Win64; x64; rv:71.0) Gecko/20100101 Firefox/71.0"
172.68.242.108 - - [06/Dec/2025:19:42:24 +0100] "GET /wp-content/1.php HTTP/1.1" 301 162 "-" "Mozilla/5.0 (Windows NT 10.0; Win64; x64; rv:77.0) Gecko/20100101 Firefox/77.0"
162.158.107.4 - - [06/Dec/2025:19:42:24 +0100] "GET /.well-known/radio.php HTTP/1.1" 301 162 "-" "Mozilla/5.0 (Windows NT 10.0; Win64; x64; rv:72.0) Gecko/20100101 Firefox/72.0"
172.68.242.108 - - [06/Dec/2025:19:42:24 +0100] "GET /ioxi-o.php HTTP/1.1" 301 162 "-" "Mozilla/5.0 (X11; Fedora; Linux x86_64; rv:79.0) Gecko/20100101 Firefox/79.0"
172.68.242.108 - - [06/Dec/2025:19:42:25 +0100] "GET /info.php HTTP/1.1" 301 162 "-" "Mozilla/5.0 (Windows NT 6.1; Win64; x64) AppleWebKit/537.36 (KHTML, like Gecko) Chrome/74.0.3729.169 Safari/537.36"
162.158.107.4 - - [06/Dec/2025:19:42:25 +0100] "GET /wp-content/plugin.php HTTP/1.1" 301 162 "-" "Mozilla/5.0 (Windows NT 10.0; Win64; x64; rv:73.0) Gecko/20100101 Firefox/73.0"
172.68.242.108 - - [06/Dec/2025:19:42:25 +0100] "GET /setup.php HTTP/1.1" 301 162 "-" "Mozilla/5.0 (Windows NT 10.0; WOW64; x64) AppleWebKit/537.36 (KHTML, like Gecko) Chrome/84.0.4147.105 Safari/537.36 OPR/70.0.3728.95"
172.68.242.108 - - [06/Dec/2025:19:42:25 +0100] "GET /.bod/.ll/ss.php HTTP/1.1" 301 162 "-" "Mozilla/5.0 (Windows NT 10.0; Win64; x64; rv:74.0) Gecko/20100101 Firefox/74.0"
172.68.242.108 - - [06/Dec/2025:19:42:25 +0100] "GET /.well-known/radio.php HTTP/1.1" 301 162 "-" "Mozilla/5.0 (Macintosh; Intel Mac OS X 10_10_1) AppleWebKit/537.36 (KHTML, like Gecko) Chrome/39.0.2171.95 Safari/537.36"
