172.70.188.16 - - [06/Dec/2025:19:43:40 +0100] "GET /wp-content/wp.php HTTP/1.1" 301 162 "-" "Mozilla/5.0 (Windows NT 10.0; Win64; x64) AppleWebKit/537.36 (KHTML, like Gecko) Chrome/79.0.3945.79 Safari/537.36"
162.158.163.202 - - [06/Dec/2025:19:43:41 +0100] "GET /wp-includes/js/codemirror/index.php HTTP/1.1" 301 162 "-" "Mozilla/5.0 (Windows NT 10.0) AppleWebKit/537.36 (KHTML, like Gecko) Chrome/84.0.4147.105 Safari/537.36"
172.70.188.16 - - [06/Dec/2025:19:43:41 +0100] "GET /options-writing.php HTTP/1.1" 301 162 "-" "Mozilla/5.0 (Windows NT 10.0; WOW64) AppleWebKit/537.36 (KHTML, like Gecko) Chrome/84.0.4147.105 Safari/537.36"
162.158.163.202 - - [06/Dec/2025:19:43:41 +0100] "GET /wp-includes/wp_class_datlib.php HTTP/1.1" 301 162 "-" "Mozilla/5.0 (Windows NT 6.1; Win64; x64) AppleWebKit/537.36 (KHTML, like Gecko) Chrome/58.0.3029.110 Safari/537.3"
172.70.188.16 - - [06/Dec/2025:19:43:41 +0100] "GET /options-reading.php HTTP/1.1" 301 162 "-" "Mozilla/5.0 (Windows NT 6.1; Win64; x64) AppleWebKit/537.36 (KHTML, like Gecko) Chrome/74.0.3729.169 Safari/537.36"
162.158.163.202 - - [06/Dec/2025:19:43:41 +0100] "GET /wp-includes/js/tinymce/langs/about.php HTTP/1.1" 301 162 "-" "Mozilla/5.0 (compatible; MSIE 10.0; Windows NT 6.1; Trident/6.0)"
172.70.188.16 - - [06/Dec/2025:19:43:41 +0100] "GET /wsad.php HTTP/1.1" 301 162 "-" "Mozilla/5.0 (Windows NT 6.1; Win64; x64) AppleWebKit/537.36 (KHTML, like Gecko) Chrome/74.0.3729.169 Safari/537.36"
162.158.163.202 - - [06/Dec/2025:19:43:41 +0100] "GET /autoload_classmap/wso.php HTTP/1.1" 301 162 "-" "Mozilla/5.0 (Windows NT 10.0; Win64; x64) AppleWebKit/537.36 (KHTML, like Gecko) Chrome/74.0.3729.169 Safari/537.36"
172.70.188.16 - - [06/Dec/2025:19:43:42 +0100] "GET /nation.php HTTP/1.1" 301 162 "-" "Mozilla/5.0 (Windows NT 10.0) AppleWebKit/537.36 (KHTML, like Gecko) Chrome/84.0.4147.105 Safari/537.36"
162.158.163.202 - - [06/Dec/2025:19:43:42 +0100] "GET /wp-atomx.php HTTP/1.1" 301 162 "-" "Mozilla/5.0 (Windows NT 10.0; Win64; x64) AppleWebKit/537.36 (KHTML, like Gecko) Chrome/74.0.3729.157 Safari/537.36"
172.70.188.16 - - [06/Dec/2025:19:43:42 +0100] "GET /wp-includes/js/codemirror/index.php HTTP/1.1" 301 162 "-" "Mozilla/5.0 (Windows NT 10.0; Win64; x64; rv:74.0) Gecko/20100101 Firefox/74.0"
172.70.188.16 - - [06/Dec/2025:19:43:42 +0100] "GET /wp-includes/wp_class_datlib.php HTTP/1.1" 301 162 "-" "Mozilla/5.0 (Windows NT 10.0; Win64; x64; rv:67.0) Gecko/20100101 Firefox/67.0"
162.158.163.202 - - [06/Dec/2025:19:43:42 +0100] "GET /admin-footer.php HTTP/1.1" 301 162 "-" "Mozilla/5.0 (Windows NT 10.0; Win64; x64; rv:66.0) Gecko/20100101 Firefox/66.0"
172.70.188.16 - - [06/Dec/2025:19:43:42 +0100] "GET /wp-includes/js/tinymce/langs/about.php HTTP/1.1" 301 162 "-" "Mozilla/5.0 (Windows NT 10.0; Win64; x64) AppleWebKit/537.36 (KHTML, like Gecko) Chrome/84.0.4147.105 Safari/537.36"
162.158.163.202 - - [06/Dec/2025:19:43:42 +0100] "GET /wp-admin/maint/wp-conflg.php HTTP/1.1" 301 162 "-" "Mozilla/5.0 (Windows NT 10.0; Win64; x64) AppleWebKit/537.36 (KHTML, like Gecko) Chrome/79.0.3945.88 Safari/537.36"
172.70.188.16 - - [06/Dec/2025:19:43:43 +0100] "GET /autoload_classmap/wso.php HTTP/1.1" 301 162 "-" "Mozilla/5.0 (Macintosh; Intel Mac OS X 10_15_6) AppleWebKit/537.36 (KHTML, like Gecko) Chrome/84.0.4147.105 Safari/537.36 OPR/70.0.3728.95"
162.158.163.202 - - [06/Dec/2025:19:43:43 +0100] "GET /XxX.php HTTP/1.1" 301 162 "-" "Mozilla/5.0 (Windows NT 6.1; Win64; x64) AppleWebKit/537.36 (KHTML, like Gecko) Chrome/58.0.3029.110 Safari/537.3"
172.70.188.16 - - [06/Dec/2025:19:43:43 +0100] "GET /wp-atomx.php HTTP/1.1" 301 162 "-" "Mozilla/5.0 (Windows NT 10.0) AppleWebKit/537.36 (KHTML, like Gecko) Chrome/72.0.3626.121 Safari/537.36"
162.158.163.202 - - [06/Dec/2025:19:43:43 +0100] "GET /wp-content/plugins/ubh/install.php HTTP/1.1" 301 162 "-" "Mozilla/5.0 (Windows NT 10.0; Win64; x64) AppleWebKit/537.36 (KHTML, like Gecko) Chrome/69.0.3497.100 Safari/537.36"
172.70.188.16 - - [06/Dec/2025:19:43:43 +0100] "GET /admin-footer.php HTTP/1.1" 301 162 "-" "Mozilla/5.0 (X11; Ubuntu; Linux i686; rv:79.0) Gecko/20100101 Firefox/79.0"
162.158.163.202 - - [06/Dec/2025:19:43:43 +0100] "GET /wp-includes/SimplePie/Registry-private.php HTTP/1.1" 301 162 "-" "Mozilla/5.0 (Linux x86_64; rv:79.0) Gecko/20100101 Firefox/79.0"
172.70.188.16 - - [06/Dec/2025:19:43:44 +0100] "GET /wp-admin/maint/wp-conflg.php HTTP/1.1" 301 162 "-" "Mozilla/5.0 (Windows NT 10.0; WOW64; x64) AppleWebKit/537.36 (KHTML, like Gecko) Chrome/84.0.4147.105 Safari/537.36 OPR/70.0.3728.95"
162.158.163.202 - - [06/Dec/2025:19:43:44 +0100] "GET /wp-includes/assets/script-modules-packages.min-meta.php HTTP/1.1" 301 162 "-" "Mozilla/5.0 (Macintosh; Intel Mac OS X 10_12_6) AppleWebKit/537.36 (KHTML, like Gecko) Chrome/58.0.3029.110 Safari/537.3"
172.70.188.16 - - [06/Dec/2025:19:43:44 +0100] "GET /XxX.php HTTP/1.1" 301 162 "-" "Mozilla/5.0 (Windows NT 6.1; Win64; x64) AppleWebKit/537.36 (KHTML, like Gecko) Chrome/74.0.3729.169 Safari/537.36"
162.158.163.202 - - [06/Dec/2025:19:43:44 +0100] "GET /wp-includes/widgets/bypass.php HTTP/1.1" 301 162 "-" "Mozilla/5.0 (Linux x86_64; rv:79.0) Gecko/20100101 Firefox/79.0"
172.70.188.16 - - [06/Dec/2025:19:43:44 +0100] "GET /wp-content/plugins/ubh/install.php HTTP/1.1" 301 162 "-" "Mozilla/5.0 (compatible; MSIE 10.0; Windows NT 6.1; Trident/6.0)"
162.158.163.202 - - [06/Dec/2025:19:43:44 +0100] "GET /wp-content/themes/twentytwentyfour/content-index.php HTTP/1.1" 301 162 "-" "Mozilla/5.0 (Windows NT 10.0; Win64; x64) AppleWebKit/537.36 (KHTML, like Gecko) Chrome/79.0.3945.88 Safari/537.36"
172.70.188.16 - - [06/Dec/2025:19:43:45 +0100] "GET /wp-includes/SimplePie/Registry-private.php HTTP/1.1" 301 162 "-" "Mozilla/5.0 (Windows NT 10.0; Win64; x64) AppleWebKit/537.36 (KHTML, like Gecko) Chrome/84.0.4147.105 Safari/537.36 OPR/70.0.3728.95"
162.158.163.202 - - [06/Dec/2025:19:43:45 +0100] "GET /admin/controller/extension/extension/alfa.php HTTP/1.1" 301 162 "-" "Mozilla/5.0 (Windows NT 10.0) AppleWebKit/537.36 (KHTML, like Gecko) Chrome/84.0.4147.105 Safari/537.36"
172.70.188.16 - - [06/Dec/2025:19:43:45 +0100] "GET /wp-includes/assets/script-modules-packages.min-meta.php HTTP/1.1" 301 162 "-" "Mozilla/5.0 (Windows NT 10.0; Win64; x64; rv:79.0) Gecko/20100101 Firefox/79.0"
172.70.188.16 - - [06/Dec/2025:19:43:45 +0100] "GET /wp-includes/widgets/bypass.php HTTP/1.1" 301 162 "-" "Mozilla/5.0 (Windows NT 10.0; Win64; x64; rv:74.0) Gecko/20100101 Firefox/74.0"
162.158.163.202 - - [06/Dec/2025:19:43:45 +0100] "GET /wp-content/themes/twentytwentyfour/system_cache.php%20 HTTP/1.1" 301 162 "-" "Mozilla/5.0 (Windows NT 6.1; Win64; x64) AppleWebKit/537.36 (KHTML, like Gecko) Chrome/80.0.3987.149 Safari/537.36"
172.70.188.16 - - [06/Dec/2025:19:43:45 +0100] "GET /wp-content/themes/twentytwentyfour/content-index.php HTTP/1.1" 301 162 "-" "Mozilla/5.0 (Windows NT 6.1; Win64; x64) AppleWebKit/537.36 (KHTML, like Gecko) Chrome/80.0.3987.149 Safari/537.36"
162.158.163.202 - - [06/Dec/2025:19:43:46 +0100] "GET /wp-admin/css/colors/modern/colors.css.php HTTP/1.1" 301 162 "-" "Mozilla/5.0 (Windows NT 10.0; Win64; x64) AppleWebKit/537.36 (KHTML, like Gecko) Chrome/75.0.3770.100 Safari/537.36"
172.70.188.16 - - [06/Dec/2025:19:43:46 +0100] "GET /admin/controller/extension/extension/alfa.php HTTP/1.1" 301 162 "-" "Mozilla/5.0 (Windows NT 10.0; WOW64; x64) AppleWebKit/537.36 (KHTML, like Gecko) Chrome/84.0.4147.105 Safari/537.36 OPR/70.0.3728.95"
162.158.163.202 - - [06/Dec/2025:19:43:46 +0100] "GET /wp-includes/style-engine/adminfus.php HTTP/1.1" 301 162 "-" "Mozilla/5.0 (Windows NT 10.0; Win64; x64) AppleWebKit/537.36 (KHTML, like Gecko) Chrome/58.0.3029.110 Safari/537.3"
172.70.188.16 - - [06/Dec/2025:19:43:46 +0100] "GET /wp-content/themes/twentytwentyfour/system_cache.php%20 HTTP/1.1" 301 162 "-" "Mozilla/5.0 (Windows NT 6.1; Win64; x64) AppleWebKit/537.36 (KHTML, like Gecko) Chrome/58.0.3029.110 Safari/537.3"
172.70.188.16 - - [06/Dec/2025:19:43:46 +0100] "GET /wp-admin/css/colors/modern/colors.css.php HTTP/1.1" 301 162 "-" "Mozilla/5.0 (Windows NT 10.0; Win64; x64) AppleWebKit/537.36 (KHTML, like Gecko) Chrome/84.0.4147.105 Safari/537.36 OPR/70.0.3728.95"
162.158.163.202 - - [06/Dec/2025:19:43:46 +0100] "GET /css/media-widget-vide02.php HTTP/1.1" 301 162 "-" "Mozilla/5.0 (Windows NT 10.0; Win64; x64) AppleWebKit/537.36 (KHTML, like Gecko) Chrome/83.0.4103.61 Safari/537.36"
172.70.188.16 - - [06/Dec/2025:19:43:47 +0100] "GET /wp-includes/style-engine/adminfus.php HTTP/1.1" 301 162 "-" "Mozilla/5.0 (Windows NT 10.0; Win64; x64) AppleWebKit/537.36 (KHTML, like Gecko) Chrome/74.0.3729.169 Safari/537.36"
162.158.163.202 - - [06/Dec/2025:19:43:47 +0100] "GET /wp-includes/blocks/group/wp-style.php HTTP/1.1" 301 162 "-" "Mozilla/5.0 (Windows NT 10.0; Win64; x64) AppleWebKit/537.36 (KHTML, like Gecko) Chrome/70.0.3538.110 Safari/537.36"
172.70.188.16 - - [06/Dec/2025:19:43:47 +0100] "GET /css/media-widget-vide02.php HTTP/1.1" 301 162 "-" "Mozilla/5.0 (Windows NT 10.0; Win64; x64; rv:66.0) Gecko/20100101 Firefox/66.0"
162.158.163.202 - - [06/Dec/2025:19:43:47 +0100] "GET /images/buy.php HTTP/1.1" 301 162 "-" "Mozilla/5.0 (X11; Linux x86_64) AppleWebKit/537.36 (KHTML, like Gecko) Chrome/84.0.4147.105 Safari/537.36 OPR/70.0.3728.95"
172.70.188.16 - - [06/Dec/2025:19:43:47 +0100] "GET /wp-includes/blocks/group/wp-style.php HTTP/1.1" 301 162 "-" "Mozilla/5.0 (Windows NT 10.0; Win64; x64) AppleWebKit/537.36 (KHTML, like Gecko) Chrome/69.0.3497.100 Safari/537.36"
162.158.163.202 - - [06/Dec/2025:19:43:47 +0100] "GET /templates/beez3/av.php HTTP/1.1" 301 162 "-" "Mozilla/5.0 (Windows NT 6.1; Win64; x64) AppleWebKit/537.36 (KHTML, like Gecko) Chrome/74.0.3729.169 Safari/537.36"
172.70.188.16 - - [06/Dec/2025:19:43:48 +0100] "GET /images/buy.php HTTP/1.1" 301 162 "-" "Mozilla/5.0 (Windows NT 10.0; WOW64; Trident/7.0; .NET4.0C; .NET4.0E; .NET CLR 2.0.50727; .NET CLR 3.0.30729; .NET CLR 3.5.30729; rv:11.0) like Gecko"
162.158.163.202 - - [06/Dec/2025:19:43:48 +0100] "GET /wp-includes/widgets/class-wp-wolf-widget.php HTTP/1.1" 301 162 "-" "Mozilla/5.0 (Macintosh; Intel Mac OS X 10_15_6) AppleWebKit/537.36 (KHTML, like Gecko) Chrome/84.0.4147.125 Safari/537.36"
172.70.188.16 - - [06/Dec/2025:19:43:48 +0100] "GET /templates/beez3/av.php HTTP/1.1" 301 162 "-" "Mozilla/5.0 (Windows NT 10.0; Win64; x64) AppleWebKit/537.36 (KHTML, like Gecko) Chrome/69.0.3497.100 Safari/537.36"
172.70.188.16 - - [06/Dec/2025:19:43:48 +0100] "GET /wp-includes/widgets/class-wp-wolf-widget.php HTTP/1.1" 301 162 "-" "Mozilla/5.0 (Macintosh; Intel Mac OS X 10_12_6) AppleWebKit/537.36 (KHTML, like Gecko) Chrome/58.0.3029.110 Safari/537.3"
162.158.163.202 - - [06/Dec/2025:19:43:48 +0100] "GET /wp-admin/css/colors/install.php HTTP/1.1" 301 162 "-" "Mozilla/5.0 (Windows NT 10.0; Win64; x64) AppleWebKit/537.36 (KHTML, like Gecko) Chrome/79.0.3945.130 Safari/537.36"
172.70.188.16 - - [06/Dec/2025:19:43:48 +0100] "GET /wp-admin/css/colors/install.php HTTP/1.1" 301 162 "-" "Mozilla/5.0 (Windows NT 6.1; Win64; x64) AppleWebKit/537.36 (KHTML, like Gecko) Chrome/74.0.3729.169 Safari/537.36"
172.70.188.16 - - [06/Dec/2025:19:43:49 +0100] "GET /plugins/function.php HTTP/1.1" 301 162 "-" "Mozilla/5.0 (Windows NT 10.0; Win64; x64) AppleWebKit/537.36 (KHTML, like Gecko) Chrome/79.0.3945.88 Safari/537.36"
162.158.163.202 - - [06/Dec/2025:19:43:49 +0100] "GET /plugins/function.php HTTP/1.1" 301 162 "-" "Mozilla/5.0 (Windows NT 10.0; Win64; x64) AppleWebKit/537.36 (KHTML, like Gecko) Chrome/84.0.4147.105 Safari/537.36 OPR/70.0.3728.95"
162.158.163.202 - - [06/Dec/2025:19:43:49 +0100] "GET /.well-known/header.php HTTP/1.1" 301 162 "-" "Mozilla/5.0 (Windows NT 10.0; Win64; x64; rv:72.0) Gecko/20100101 Firefox/72.0"
172.70.188.16 - - [06/Dec/2025:19:43:49 +0100] "GET /.well-known/header.php HTTP/1.1" 301 162 "-" "Mozilla/5.0 (Windows NT 10.0; Win64; x64) AppleWebKit/537.36 (KHTML, like Gecko) Chrome/84.0.4147.105 Safari/537.36"
162.158.163.202 - - [06/Dec/2025:19:43:49 +0100] "GET /wordpress/wp-content/uploads/install.php HTTP/1.1" 301 162 "-" "Mozilla/5.0 (Windows NT 6.1; Win64; x64) AppleWebKit/537.36 (KHTML, like Gecko) Chrome/78.0.3904.108 Safari/537.36"
172.70.188.16 - - [06/Dec/2025:19:43:50 +0100] "GET /wordpress/wp-content/uploads/install.php HTTP/1.1" 301 162 "-" "Mozilla/5.0 (Windows NT 10.0; Win64; x64) AppleWebKit/537.36 (KHTML, like Gecko) Chrome/74.0.3729.169 Safari/537.36"
162.158.163.202 - - [06/Dec/2025:19:43:50 +0100] "GET /.well-known/pki-validation/server.php HTTP/1.1" 301 162 "-" "Mozilla/5.0 (Windows NT 10.0; Win64; x64) AppleWebKit/537.36 (KHTML, like Gecko) Chrome/84.0.4147.105 Safari/537.36"
172.70.188.16 - - [06/Dec/2025:19:43:50 +0100] "GET /.well-known/pki-validation/server.php HTTP/1.1" 301 162 "-" "Mozilla/5.0 (Windows NT 10.0; Win64; x64) AppleWebKit/537.36 (KHTML, like Gecko) Chrome/70.0.3538.110 Safari/537.36"
162.158.163.202 - - [06/Dec/2025:19:43:50 +0100] "GET /autoload_classmap/install.php HTTP/1.1" 301 162 "-" "Mozilla/5.0 (Windows NT 10.0; Win64; x64) AppleWebKit/537.36 (KHTML, like Gecko) Chrome/83.0.4103.61 Safari/537.36"
172.70.188.16 - - [06/Dec/2025:19:43:50 +0100] "GET /autoload_classmap/install.php HTTP/1.1" 301 162 "-" "Mozilla/5.0 (Windows NT 10.0; Win64; x64; rv:67.0) Gecko/20100101 Firefox/67.0"
162.158.163.202 - - [06/Dec/2025:19:43:50 +0100] "GET /wp-content/plugins/pwnd/1.php HTTP/1.1" 301 162 "-" "Mozilla/5.0 (Windows NT 10.0; Win64; x64) AppleWebKit/537.36 (KHTML, like Gecko) Chrome/70.0.3538.77 Safari/537.36"
172.70.188.16 - - [06/Dec/2025:19:43:51 +0100] "GET /wp-content/plugins/pwnd/1.php HTTP/1.1" 301 162 "-" "Mozilla/5.0 (X11; Linux x86_64) AppleWebKit/537.36 (KHTML, like Gecko) Chrome/84.0.4147.105 Safari/537.36"
172.70.188.16 - - [06/Dec/2025:19:43:51 +0100] "GET /wp-content/plugins/ubh/av.php HTTP/1.1" 301 162 "-" "Mozilla/5.0 (Windows NT 10.0; Win64; x64; rv:67.0) Gecko/20100101 Firefox/67.0"
162.158.163.202 - - [06/Dec/2025:19:43:51 +0100] "GET /wp-content/plugins/ubh/av.php HTTP/1.1" 301 162 "-" "Mozilla/5.0 (X11; Ubuntu; Linux i686; rv:79.0) Gecko/20100101 Firefox/79.0"
172.70.188.16 - - [06/Dec/2025:19:43:51 +0100] "GET /wp-content/uploads/anas.php HTTP/1.1" 301 162 "-" "Mozilla/5.0 (Windows NT 6.3; Win64; x64; rv:73.0) Gecko/20100101 Firefox/73.0"
162.158.163.202 - - [06/Dec/2025:19:43:51 +0100] "GET /wp-content/uploads/anas.php HTTP/1.1" 301 162 "-" "Mozilla/5.0 (Windows NT 10.0; Win64; x64; rv:75.0) Gecko/20100101 Firefox/75.0"
162.158.163.202 - - [06/Dec/2025:19:43:52 +0100] "GET /wp-admin/css/colors/blue/shell.php HTTP/1.1" 301 162 "-" "Mozilla/5.0 (Windows NT 10.0; Win64; x64) AppleWebKit/537.36 (KHTML, like Gecko) Chrome/84.0.4147.105 Safari/537.36 OPR/70.0.3728.95"
172.70.188.16 - - [06/Dec/2025:19:43:52 +0100] "GET /wp-admin/css/colors/blue/shell.php HTTP/1.1" 301 162 "-" "Mozilla/5.0 (Windows NT 6.3; Win64; x64; rv:73.0) Gecko/20100101 Firefox/73.0"
172.70.188.16 - - [06/Dec/2025:19:43:52 +0100] "GET /wp-content/plugins/erinyani/default.php HTTP/1.1" 301 162 "-" "Mozilla/5.0 (Windows NT 10.0; Win64; x64) AppleWebKit/537.36 (KHTML, like Gecko) Chrome/74.0.3729.157 Safari/537.36"
162.158.163.202 - - [06/Dec/2025:19:43:52 +0100] "GET /wp-content/plugins/erinyani/default.php HTTP/1.1" 301 162 "-" "Mozilla/5.0 (Windows NT 10.0; Win64; x64; rv:76.0) Gecko/20100101 Firefox/76.0"
172.70.188.16 - - [06/Dec/2025:19:43:52 +0100] "GET /wp-includes/Text/index.php HTTP/1.1" 301 162 "-" "Mozilla/5.0 (Windows NT 10.0; Win64; x64) AppleWebKit/537.36 (KHTML, like Gecko) Chrome/80.0.3987.149 Safari/537.36"
162.158.163.202 - - [06/Dec/2025:19:43:53 +0100] "GET /wp-includes/Text/index.php HTTP/1.1" 301 162 "-" "Mozilla/5.0 (Windows NT 10.0; Win64; x64; rv:66.0) Gecko/20100101 Firefox/66.0"
172.70.188.16 - - [06/Dec/2025:19:43:53 +0100] "GET /xex.php HTTP/1.1" 301 162 "-" "Mozilla/5.0 (Windows NT 10.0) AppleWebKit/537.36 (KHTML, like Gecko) Chrome/84.0.4147.105 Safari/537.36"
172.70.188.16 - - [06/Dec/2025:19:43:53 +0100] "GET /ar/wp-content/themes/pridmag/db.php?u HTTP/1.1" 301 162 "-" "Mozilla/5.0 (Windows NT 10.0; Win64; x64) AppleWebKit/537.36 (KHTML, like Gecko) Chrome/79.0.3945.88 Safari/537.36"
162.158.163.202 - - [06/Dec/2025:19:43:53 +0100] "GET /xex.php HTTP/1.1" 301 162 "-" "Mozilla/5.0 (Windows NT 10.0; Win64; x64; rv:71.0) Gecko/20100101 Firefox/71.0"
172.70.188.16 - - [06/Dec/2025:19:43:53 +0100] "GET /wp-includes/about.php HTTP/1.1" 301 162 "-" "Mozilla/5.0 (Windows NT 10.0; Win64; x64; rv:79.0) Gecko/20100101 Firefox/79.0"
162.158.163.202 - - [06/Dec/2025:19:43:53 +0100] "GET /ar/wp-content/themes/pridmag/db.php?u HTTP/1.1" 301 162 "-" "Mozilla/5.0 (Windows NT 10.0; Win64; x64) AppleWebKit/537.36 (KHTML, like Gecko) Chrome/83.0.4103.97 Safari/537.36"
172.70.188.16 - - [06/Dec/2025:19:43:54 +0100] "GET /wp-content/plugins/pwnd/install.php HTTP/1.1" 301 162 "-" "Mozilla/5.0 (Windows NT 10.0; Win64; x64) AppleWebKit/537.36 (KHTML, like Gecko) Chrome/83.0.4103.97 Safari/537.36"
162.158.163.202 - - [06/Dec/2025:19:43:54 +0100] "GET /wp-includes/about.php HTTP/1.1" 301 162 "-" "Mozilla/5.0 (Macintosh; Intel Mac OS X 10_15_6) AppleWebKit/537.36 (KHTML, like Gecko) Chrome/84.0.4147.105 Safari/537.36 OPR/70.0.3728.95"
172.70.188.16 - - [06/Dec/2025:19:43:54 +0100] "GET /upload/install.php HTTP/1.1" 301 162 "-" "Mozilla/5.0 (Windows NT 10.0; Win64; x64; rv:72.0) Gecko/20100101 Firefox/72.0"
162.158.163.202 - - [06/Dec/2025:19:43:54 +0100] "GET /wp-content/plugins/pwnd/install.php HTTP/1.1" 301 162 "-" "Mozilla/5.0 (X11; Ubuntu; Linux i686; rv:79.0) Gecko/20100101 Firefox/79.0"
172.70.188.16 - - [06/Dec/2025:19:43:54 +0100] "GET /wp-head.php HTTP/1.1" 301 162 "-" "Mozilla/5.0 (Windows NT 10.0; Win64; x64) AppleWebKit/537.36 (KHTML, like Gecko) Chrome/79.0.3945.130 Safari/537.36"
162.158.163.202 - - [06/Dec/2025:19:43:54 +0100] "GET /upload/install.php HTTP/1.1" 301 162 "-" "Mozilla/5.0 (Windows NT 6.1; Win64; x64) AppleWebKit/537.36 (KHTML, like Gecko) Chrome/58.0.3029.110 Safari/537.3"
172.70.188.16 - - [06/Dec/2025:19:43:54 +0100] "GET /vendor/phpunit/phpunit/src/Util/PHP/admin-footer.php HTTP/1.1" 301 162 "-" "Mozilla/5.0 (Windows NT 10.0; Win64; x64) AppleWebKit/537.36 (KHTML, like Gecko) Chrome/74.0.3729.169 Safari/537.36"
162.158.163.202 - - [06/Dec/2025:19:43:55 +0100] "GET /wp-head.php HTTP/1.1" 301 162 "-" "Mozilla/5.0 (Windows NT 10.0; Win64; x64) AppleWebKit/537.36 (KHTML, like Gecko) Chrome/84.0.4147.105 Safari/537.36"
172.70.188.16 - - [06/Dec/2025:19:43:55 +0100] "GET /wp-content/upgrade/wp-conflg.php HTTP/1.1" 301 162 "-" "Mozilla/5.0 (Windows NT 10.0; Win64; x64; rv:76.0) Gecko/20100101 Firefox/76.0"
162.158.163.202 - - [06/Dec/2025:19:43:55 +0100] "GET /vendor/phpunit/phpunit/src/Util/PHP/admin-footer.php HTTP/1.1" 301 162 "-" "Mozilla/5.0 (Windows NT 10.0) AppleWebKit/537.36 (KHTML, like Gecko) Chrome/84.0.4147.105 Safari/537.36"
172.70.188.16 - - [06/Dec/2025:19:43:55 +0100] "GET /makeasmtp.php HTTP/1.1" 301 162 "-" "Mozilla/5.0 (X11; Linux x86_64) AppleWebKit/537.36 (KHTML, like Gecko) Chrome/84.0.4147.105 Safari/537.36"
172.70.188.16 - - [06/Dec/2025:19:43:55 +0100] "GET /wp-includes/wp-sup.php HTTP/1.1" 301 162 "-" "Mozilla/5.0 (Windows NT 10.0; Win64; x64) AppleWebKit/537.36 (KHTML, like Gecko) Chrome/79.0.3945.79 Safari/537.36"
162.158.163.202 - - [06/Dec/2025:19:43:55 +0100] "GET /wp-content/upgrade/wp-conflg.php HTTP/1.1" 301 162 "-" "Mozilla/5.0 (Windows NT 10.0; Win64; x64) AppleWebKit/537.36 (KHTML, like Gecko) Chrome/69.0.3497.100 Safari/537.36"
172.70.188.16 - - [06/Dec/2025:19:43:56 +0100] "GET /wordpress/wp-includes/class-wp-http-ixr-client-view.php HTTP/1.1" 301 162 "-" "Mozilla/5.0 (Windows NT 10.0; Win64; x64) AppleWebKit/537.36 (KHTML, like Gecko) Chrome/74.0.3729.169 Safari/537.36"
162.158.163.202 - - [06/Dec/2025:19:43:56 +0100] "GET /makeasmtp.php HTTP/1.1" 301 162 "-" "Mozilla/5.0 (Macintosh; Intel Mac OS X 10_15_6) AppleWebKit/537.36 (KHTML, like Gecko) Chrome/84.0.4147.105 Safari/537.36"
172.70.188.16 - - [06/Dec/2025:19:43:56 +0100] "GET /images/bypass.php HTTP/1.1" 301 162 "-" "Mozilla/5.0 (Windows NT 10.0; Win64; x64) AppleWebKit/537.36 (KHTML, like Gecko) Chrome/74.0.3729.169 Safari/537.36"
172.70.188.16 - - [06/Dec/2025:19:43:56 +0100] "GET /wp-includes/widgets/class-t.api.php HTTP/1.1" 301 162 "-" "Mozilla/5.0 (Windows NT 10.0; Win64; x64; rv:77.0) Gecko/20100101 Firefox/77.0"
162.158.163.202 - - [06/Dec/2025:19:43:56 +0100] "GET /wp-includes/wp-sup.php HTTP/1.1" 301 162 "-" "Mozilla/5.0 (Windows NT 10.0; Win64; x64) AppleWebKit/537.36 (KHTML, like Gecko) Chrome/77.0.3865.90 Safari/537.36"
172.70.188.16 - - [06/Dec/2025:19:43:57 +0100] "GET /wp-content/edit.php HTTP/1.1" 301 162 "-" "Mozilla/5.0 (Windows NT 10.0; Win64; x64) AppleWebKit/537.36 (KHTML, like Gecko) Chrome/74.0.3729.169 Safari/537.36"
162.158.163.202 - - [06/Dec/2025:19:43:57 +0100] "GET /wordpress/wp-includes/class-wp-http-ixr-client-view.php HTTP/1.1" 301 162 "-" "Mozilla/5.0 (Windows NT 10.0; Win64; x64; rv:73.0) Gecko/20100101 Firefox/73.0"
172.70.188.16 - - [06/Dec/2025:19:43:57 +0100] "GET /.well-known/info.php HTTP/1.1" 301 162 "-" "Mozilla/5.0 (Macintosh; Intel Mac OS X 10_12_6) AppleWebKit/537.36 (KHTML, like Gecko) Chrome/58.0.3029.110 Safari/537.3"
162.158.163.202 - - [06/Dec/2025:19:43:57 +0100] "GET /images/bypass.php HTTP/1.1" 301 162 "-" "Mozilla/5.0 (Windows NT 10.0; WOW64) AppleWebKit/537.36 (KHTML, like Gecko) Chrome/84.0.4147.105 Safari/537.36"
172.70.188.16 - - [06/Dec/2025:19:43:57 +0100] "GET /wp-content/autoload_classmap.php HTTP/1.1" 301 162 "-" "Mozilla/5.0 (Windows NT 10.0; WOW64) AppleWebKit/537.36 (KHTML, like Gecko) Chrome/84.0.4147.105 Safari/537.36"
172.70.188.16 - - [06/Dec/2025:19:43:57 +0100] "GET /wp-admin/css/colors/blue/navi.php HTTP/1.1" 301 162 "-" "Mozilla/5.0 (Windows NT 10.0; Win64; x64; rv:76.0) Gecko/20100101 Firefox/76.0"
162.158.163.202 - - [06/Dec/2025:19:43:58 +0100] "GET /wp-includes/widgets/class-t.api.php HTTP/1.1" 301 162 "-" "Mozilla/5.0 (Windows NT 6.1; Win64; x64) AppleWebKit/537.36 (KHTML, like Gecko) Chrome/79.0.3945.130 Safari/537.36"
172.70.188.16 - - [06/Dec/2025:19:43:58 +0100] "GET /wp-includes/css/dist/require-dynamic-blocks.php HTTP/1.1" 301 162 "-" "Mozilla/5.0 (Windows NT 10.0; Win64; x64) AppleWebKit/537.36 (KHTML, like Gecko) Chrome/79.0.3945.79 Safari/537.36"
162.158.163.202 - - [06/Dec/2025:19:43:58 +0100] "GET /wp-content/edit.php HTTP/1.1" 301 162 "-" "Mozilla/5.0 (Windows NT 10.0; Win64; x64; rv:73.0) Gecko/20100101 Firefox/73.0"
172.70.188.16 - - [06/Dec/2025:19:43:58 +0100] "GET /xp.php%20 HTTP/1.1" 301 162 "-" "Mozilla/5.0 (Macintosh; Intel Mac OS X 10_10_1) AppleWebKit/537.36 (KHTML, like Gecko) Chrome/39.0.2171.95 Safari/537.36"
162.158.163.202 - - [06/Dec/2025:19:43:58 +0100] "GET /.well-known/info.php HTTP/1.1" 301 162 "-" "Mozilla/5.0 (X11; Linux x86_64) AppleWebKit/537.36 (KHTML, like Gecko) Chrome/84.0.4147.105 Safari/537.36"
172.70.188.16 - - [06/Dec/2025:19:43:58 +0100] "GET /wp-content/languages/bypass.php HTTP/1.1" 301 162 "-" "Mozilla/5.0 (Windows NT 10.0; Win64; x64) AppleWebKit/537.36 (KHTML, like Gecko) Chrome/74.0.3729.169 Safari/537.36"
162.158.163.202 - - [06/Dec/2025:19:43:59 +0100] "GET /wp-content/autoload_classmap.php HTTP/1.1" 301 162 "-" "Mozilla/5.0 (compatible; MSIE 10.0; Windows NT 6.1; Trident/6.0)"
172.70.188.16 - - [06/Dec/2025:19:43:59 +0100] "GET /wp-content/bypass_1.php HTTP/1.1" 301 162 "-" "Mozilla/5.0 (Windows NT 10.0; Win64; x64) AppleWebKit/537.36 (KHTML, like Gecko) Chrome/74.0.3729.169 Safari/537.36"
172.70.188.16 - - [06/Dec/2025:19:43:59 +0100] "GET /wp-admin/js/elementskit.php HTTP/1.1" 301 162 "-" "Mozilla/5.0 (Windows NT 10.0; Win64; x64) AppleWebKit/537.36 (KHTML, like Gecko) Chrome/69.0.3497.100 Safari/537.36"
162.158.163.202 - - [06/Dec/2025:19:43:59 +0100] "GET /wp-admin/css/colors/blue/navi.php HTTP/1.1" 301 162 "-" "Mozilla/5.0 (Windows NT 10.0; Win64; x64; rv:77.0) Gecko/20100101 Firefox/77.0"
172.70.188.16 - - [06/Dec/2025:19:43:59 +0100] "GET /admin/user_data.php HTTP/1.1" 301 162 "-" "Mozilla/5.0 (Windows NT 10.0; Win64; x64) AppleWebKit/537.36 (KHTML, like Gecko) Chrome/75.0.3770.100 Safari/537.36"
162.158.163.202 - - [06/Dec/2025:19:43:59 +0100] "GET /wp-includes/css/dist/require-dynamic-blocks.php HTTP/1.1" 301 162 "-" "Mozilla/5.0 (Windows NT 10.0; Win64; x64; rv:76.0) Gecko/20100101 Firefox/76.0"
172.70.188.16 - - [06/Dec/2025:19:44:00 +0100] "GET /wp-includes/widgets/class-wp-widget-rss-database.php HTTP/1.1" 301 162 "-" "Mozilla/5.0 (Windows NT 10.0; Win64; x64) AppleWebKit/537.36 (KHTML, like Gecko) Chrome/80.0.3987.149 Safari/537.36"
162.158.163.202 - - [06/Dec/2025:19:44:00 +0100] "GET /xp.php%20 HTTP/1.1" 301 162 "-" "Mozilla/5.0 (Windows NT 6.1; Win64; x64) AppleWebKit/537.36 (KHTML, like Gecko) Chrome/58.0.3029.110 Safari/537.3"
172.70.188.16 - - [06/Dec/2025:19:44:00 +0100] "GET /.well-known/pki-validation/kur.php HTTP/1.1" 301 162 "-" "Mozilla/5.0 (Windows NT 10.0; Win64; x64; rv:67.0) Gecko/20100101 Firefox/67.0"
172.70.188.16 - - [06/Dec/2025:19:44:00 +0100] "GET /click.php HTTP/1.1" 301 162 "-" "Mozilla/5.0 (compatible; MSIE 10.0; Windows NT 6.1; Trident/6.0)"
162.158.163.202 - - [06/Dec/2025:19:44:00 +0100] "GET /wp-content/languages/bypass.php HTTP/1.1" 301 162 "-" "Mozilla/5.0 (Windows NT 10.0; Win64; x64) AppleWebKit/537.36 (KHTML, like Gecko) Chrome/74.0.3729.169 Safari/537.36"
172.70.188.16 - - [06/Dec/2025:19:44:01 +0100] "GET /wp-includes/class-wp-customize-manager-client.php HTTP/1.1" 301 162 "-" "Mozilla/5.0 (Linux x86_64; rv:79.0) Gecko/20100101 Firefox/79.0"
162.158.163.202 - - [06/Dec/2025:19:44:01 +0100] "GET /wp-content/bypass_1.php HTTP/1.1" 301 162 "-" "Mozilla/5.0 (Macintosh; Intel Mac OS X 10_10_1) AppleWebKit/537.36 (KHTML, like Gecko) Chrome/39.0.2171.95 Safari/537.36"
172.70.188.16 - - [06/Dec/2025:19:44:01 +0100] "GET /wp-includes/assets/script-modules-packages.min-boolean.php HTTP/1.1" 301 162 "-" "Mozilla/5.0 (Windows NT 6.1; Win64; x64) AppleWebKit/537.36 (KHTML, like Gecko) Chrome/78.0.3904.108 Safari/537.36"
162.158.163.202 - - [06/Dec/2025:19:44:01 +0100] "GET /wp-admin/js/elementskit.php HTTP/1.1" 301 162 "-" "Mozilla/5.0 (Windows NT 10.0; Win64; x64; rv:67.0) Gecko/20100101 Firefox/67.0"
172.70.188.16 - - [06/Dec/2025:19:44:01 +0100] "GET /wp-admin/css/colors/error.php HTTP/1.1" 301 162 "-" "Mozilla/5.0 (X11; Ubuntu; Linux x86_64; rv:79.0) Gecko/20100101 Firefox/79.0"
162.158.163.202 - - [06/Dec/2025:19:44:01 +0100] "GET /admin/user_data.php HTTP/1.1" 301 162 "-" "Mozilla/5.0 (Windows NT 10.0; Win64; x64; rv:66.0) Gecko/20100101 Firefox/66.0"
172.70.188.16 - - [06/Dec/2025:19:44:02 +0100] "GET /ALFA_DATA/alfacgiapi/all.php HTTP/1.1" 301 162 "-" "Mozilla/5.0 (X11; Ubuntu; Linux x86_64; rv:79.0) Gecko/20100101 Firefox/79.0"
162.158.163.202 - - [06/Dec/2025:19:44:02 +0100] "GET /wp-includes/widgets/class-wp-widget-rss-database.php HTTP/1.1" 301 162 "-" "Mozilla/5.0 (Windows NT 10.0) AppleWebKit/537.36 (KHTML, like Gecko) Chrome/72.0.3626.121 Safari/537.36"
172.70.188.16 - - [06/Dec/2025:19:44:02 +0100] "GET /wp-admin/images/autoload_classmap.php HTTP/1.1" 301 162 "-" "Mozilla/5.0 (Windows NT 10.0; Win64; x64) AppleWebKit/537.36 (KHTML, like Gecko) Chrome/70.0.3538.77 Safari/537.36"
172.70.188.16 - - [06/Dec/2025:19:44:02 +0100] "GET /.well-known/pki-validation/xmrlpc.php HTTP/1.1" 301 162 "-" "Mozilla/5.0 (Windows NT 10.0; Win64; x64) AppleWebKit/537.36 (KHTML, like Gecko) Chrome/70.0.3538.110 Safari/537.36"
162.158.163.202 - - [06/Dec/2025:19:44:02 +0100] "GET /.well-known/pki-validation/kur.php HTTP/1.1" 301 162 "-" "Mozilla/5.0 (Windows NT 10.0) AppleWebKit/537.36 (KHTML, like Gecko) Chrome/72.0.3626.121 Safari/537.36"
172.70.188.16 - - [06/Dec/2025:19:44:02 +0100] "GET /wp-admin/maint/repairs.php HTTP/1.1" 301 162 "-" "Mozilla/5.0 (Windows NT 10.0; Win64; x64) AppleWebKit/537.36 (KHTML, like Gecko) Chrome/84.0.4147.105 Safari/537.36"
162.158.163.202 - - [06/Dec/2025:19:44:03 +0100] "GET /click.php HTTP/1.1" 301 162 "-" "Mozilla/5.0 (Windows NT 10.0; WOW64; Trident/7.0; .NET4.0C; .NET4.0E; .NET CLR 2.0.50727; .NET CLR 3.0.30729; .NET CLR 3.5.30729; rv:11.0) like Gecko"
172.70.188.16 - - [06/Dec/2025:19:44:03 +0100] "GET /wp-includes/images/smilies/simi.php HTTP/1.1" 301 162 "-" "Mozilla/5.0 (compatible; MSIE 10.0; Windows NT 6.1; Trident/6.0)"
162.158.163.202 - - [06/Dec/2025:19:44:03 +0100] "GET /wp-includes/class-wp-customize-manager-client.php HTTP/1.1" 301 162 "-" "Mozilla/5.0 (Windows NT 10.0; Win64; x64) AppleWebKit/537.36 (KHTML, like Gecko) Chrome/77.0.3865.90 Safari/537.36"
172.70.188.16 - - [06/Dec/2025:19:44:03 +0100] "GET /wp-admin.php HTTP/1.1" 301 162 "-" "Mozilla/5.0 (Windows NT 10.0; Win64; x64) AppleWebKit/537.36 (KHTML, like Gecko) Chrome/79.0.3945.130 Safari/537.36"
162.158.163.202 - - [06/Dec/2025:19:44:03 +0100] "GET /wp-includes/assets/script-modules-packages.min-boolean.php HTTP/1.1" 301 162 "-" "Mozilla/5.0 (Macintosh; Intel Mac OS X 10_15_6) AppleWebKit/537.36 (KHTML, like Gecko) Chrome/84.0.4147.125 Safari/537.36"
172.70.188.16 - - [06/Dec/2025:19:44:03 +0100] "GET /wp-header.php%20 HTTP/1.1" 301 162 "-" "Mozilla/5.0 (Windows NT 10.0; Win64; x64; rv:67.0) Gecko/20100101 Firefox/67.0"
162.158.163.202 - - [06/Dec/2025:19:44:03 +0100] "GET /wp-admin/css/colors/error.php HTTP/1.1" 301 162 "-" "Mozilla/5.0 (Windows NT 10.0; Win64; x64) AppleWebKit/537.36 (KHTML, like Gecko) Chrome/80.0.3987.149 Safari/537.36"
172.70.188.16 - - [06/Dec/2025:19:44:04 +0100] "GET /file.php%20 HTTP/1.1" 301 162 "-" "Mozilla/5.0 (Macintosh; Intel Mac OS X 10_15_6) AppleWebKit/537.36 (KHTML, like Gecko) Chrome/84.0.4147.105 Safari/537.36"
172.70.188.16 - - [06/Dec/2025:19:44:04 +0100] "GET /.tmb/doc.php HTTP/1.1" 301 162 "-" "Mozilla/5.0 (Macintosh; Intel Mac OS X 10_10_1) AppleWebKit/537.36 (KHTML, like Gecko) Chrome/39.0.2171.95 Safari/537.36"
162.158.163.202 - - [06/Dec/2025:19:44:04 +0100] "GET /ALFA_DATA/alfacgiapi/all.php HTTP/1.1" 301 162 "-" "Mozilla/5.0 (Windows NT 10.0; Win64; x64) AppleWebKit/537.36 (KHTML, like Gecko) Chrome/79.0.3945.79 Safari/537.36"
172.70.188.16 - - [06/Dec/2025:19:44:04 +0100] "GET /wp-editor.php HTTP/1.1" 301 162 "-" "Mozilla/5.0 (Windows NT 10.0; Win64; x64; rv:72.0) Gecko/20100101 Firefox/72.0"
162.158.163.202 - - [06/Dec/2025:19:44:04 +0100] "GET /wp-admin/images/autoload_classmap.php HTTP/1.1" 301 162 "-" "Mozilla/5.0 (X11; Linux x86_64) AppleWebKit/537.36 (KHTML, like Gecko) Chrome/84.0.4147.105 Safari/537.36 OPR/70.0.3728.95"
172.70.188.16 - - [06/Dec/2025:19:44:04 +0100] "GET /wp-includes/style-engine-session.php HTTP/1.1" 301 162 "-" "Mozilla/5.0 (Windows NT 6.3; Win64; x64; rv:73.0) Gecko/20100101 Firefox/73.0"
162.158.163.202 - - [06/Dec/2025:19:44:05 +0100] "GET /.well-known/pki-validation/xmrlpc.php HTTP/1.1" 301 162 "-" "Mozilla/5.0 (X11; Linux x86_64) AppleWebKit/537.36 (KHTML, like Gecko) Chrome/84.0.4147.105 Safari/537.36 OPR/70.0.3728.95"
172.70.188.16 - - [06/Dec/2025:19:44:05 +0100] "GET /images/install.php HTTP/1.1" 301 162 "-" "Mozilla/5.0 (Windows NT 10.0; Win64; x64; rv:75.0) Gecko/20100101 Firefox/75.0"
162.158.163.202 - - [06/Dec/2025:19:44:05 +0100] "GET /wp-admin/maint/repairs.php HTTP/1.1" 301 162 "-" "Mozilla/5.0 (Windows NT 10.0; Win64; x64) AppleWebKit/537.36 (KHTML, like Gecko) Chrome/77.0.3865.90 Safari/537.36"
172.70.188.16 - - [06/Dec/2025:19:44:05 +0100] "GET /vendor/phpunit/phpunit/src/Util/PHP/adminfusm.php HTTP/1.1" 301 162 "-" "Mozilla/5.0 (Windows NT 10.0; Win64; x64) AppleWebKit/537.36 (KHTML, like Gecko) Chrome/83.0.4103.61 Safari/537.36"
162.158.163.202 - - [06/Dec/2025:19:44:05 +0100] "GET /wp-includes/images/smilies/simi.php HTTP/1.1" 301 162 "-" "Mozilla/5.0 (Windows NT 10.0; Win64; x64; rv:76.0) Gecko/20100101 Firefox/76.0"
172.70.188.16 - - [06/Dec/2025:19:44:05 +0100] "GET /adminfusm.php HTTP/1.1" 301 162 "-" "Mozilla/5.0 (X11; Linux x86_64) AppleWebKit/537.36 (KHTML, like Gecko) Chrome/84.0.4147.105 Safari/537.36"
162.158.163.202 - - [06/Dec/2025:19:44:06 +0100] "GET /wp-admin.php HTTP/1.1" 301 162 "-" "Mozilla/5.0 (Windows NT 10.0; Win64; x64; rv:66.0) Gecko/20100101 Firefox/66.0"
172.70.188.16 - - [06/Dec/2025:19:44:06 +0100] "GET /js/js1.php HTTP/1.1" 301 162 "-" "Mozilla/5.0 (Windows NT 6.1; Win64; x64) AppleWebKit/537.36 (KHTML, like Gecko) Chrome/78.0.3904.108 Safari/537.36"
172.70.188.16 - - [06/Dec/2025:19:44:06 +0100] "GET /wp-includes/assets/wp-includes/assets/script-loader-packages.min.php HTTP/1.1" 301 162 "-" "Mozilla/5.0 (Windows NT 10.0; Win64; x64; rv:71.0) Gecko/20100101 Firefox/71.0"
172.70.188.16 - - [06/Dec/2025:19:44:06 +0100] "GET /wp-includes/blocks/file/wp-style.php HTTP/1.1" 301 162 "-" "Mozilla/5.0 (Windows NT 6.1; Win64; x64) AppleWebKit/537.36 (KHTML, like Gecko) Chrome/79.0.3945.130 Safari/537.36"
162.158.163.202 - - [06/Dec/2025:19:44:06 +0100] "GET /wp-header.php%20 HTTP/1.1" 301 162 "-" "Mozilla/5.0 (Windows NT 6.1; Win64; x64) AppleWebKit/537.36 (KHTML, like Gecko) Chrome/74.0.3729.169 Safari/537.36"
172.70.188.16 - - [06/Dec/2025:19:44:06 +0100] "GET /images/habhan.php HTTP/1.1" 301 162 "-" "Mozilla/5.0 (Macintosh; Intel Mac OS X 10_15_6) AppleWebKit/537.36 (KHTML, like Gecko) Chrome/84.0.4147.125 Safari/537.36"
162.158.163.202 - - [06/Dec/2025:19:44:06 +0100] "GET /file.php%20 HTTP/1.1" 301 162 "-" "Mozilla/5.0 (Windows NT 6.1; Win64; x64) AppleWebKit/537.36 (KHTML, like Gecko) Chrome/80.0.3987.149 Safari/537.36"
172.70.188.16 - - [06/Dec/2025:19:44:07 +0100] "GET /wp-content/mu-plugins/admin.php HTTP/1.1" 301 162 "-" "Mozilla/5.0 (Windows NT 10.0; Win64; x64) AppleWebKit/537.36 (KHTML, like Gecko) Chrome/79.0.3945.130 Safari/537.36"
162.158.163.202 - - [06/Dec/2025:19:44:07 +0100] "GET /.tmb/doc.php HTTP/1.1" 301 162 "-" "Mozilla/5.0 (Windows NT 10.0; Win64; x64; rv:77.0) Gecko/20100101 Firefox/77.0"
172.70.188.16 - - [06/Dec/2025:19:44:07 +0100] "GET /wp-includes/IXR/class-IXR-cilent.php HTTP/1.1" 301 162 "-" "Mozilla/5.0 (Windows NT 6.1; Win64; x64) AppleWebKit/537.36 (KHTML, like Gecko) Chrome/58.0.3029.110 Safari/537.3"
162.158.163.202 - - [06/Dec/2025:19:44:07 +0100] "GET /wp-editor.php HTTP/1.1" 301 162 "-" "Mozilla/5.0 (Windows NT 10.0; Win64; x64) AppleWebKit/537.36 (KHTML, like Gecko) Chrome/77.0.3865.90 Safari/537.36"
172.70.188.16 - - [06/Dec/2025:19:44:07 +0100] "GET /wp-content/uploads/wp-cert.phtml HTTP/1.1" 301 162 "-" "Mozilla/5.0 (X11; Linux x86_64) AppleWebKit/537.36 (KHTML, like Gecko) Chrome/84.0.4147.105 Safari/537.36 OPR/70.0.3728.95"
172.70.188.16 - - [06/Dec/2025:19:44:08 +0100] "GET /about/function.php%20 HTTP/1.1" 301 162 "-" "Mozilla/5.0 (X11; Fedora; Linux x86_64; rv:79.0) Gecko/20100101 Firefox/79.0"
162.158.163.202 - - [06/Dec/2025:19:44:08 +0100] "GET /wp-includes/style-engine-session.php HTTP/1.1" 301 162 "-" "Mozilla/5.0 (Windows NT 10.0; Win64; x64) AppleWebKit/537.36 (KHTML, like Gecko) Chrome/84.0.4147.105 Safari/537.36 OPR/70.0.3728.95"
172.70.188.16 - - [06/Dec/2025:19:44:08 +0100] "GET /routes/bypass.php HTTP/1.1" 301 162 "-" "Mozilla/5.0 (X11; Ubuntu; Linux x86_64; rv:79.0) Gecko/20100101 Firefox/79.0"
162.158.163.202 - - [06/Dec/2025:19:44:08 +0100] "GET /images/install.php HTTP/1.1" 301 162 "-" "Mozilla/5.0 (Windows NT 10.0; Win64; x64; rv:74.0) Gecko/20100101 Firefox/74.0"
172.70.188.16 - - [06/Dec/2025:19:44:08 +0100] "GET /wp-includes/images/install.php HTTP/1.1" 301 162 "-" "Mozilla/5.0 (Windows NT 10.0; Win64; x64; rv:73.0) Gecko/20100101 Firefox/73.0"
162.158.163.202 - - [06/Dec/2025:19:44:08 +0100] "GET /vendor/phpunit/phpunit/src/Util/PHP/adminfusm.php HTTP/1.1" 301 162 "-" "Mozilla/5.0 (Windows NT 10.0; Win64; x64; rv:66.0) Gecko/20100101 Firefox/66.0"
172.70.188.16 - - [06/Dec/2025:19:44:09 +0100] "GET /wp-includes/PHPMailer/xleet.php HTTP/1.1" 301 162 "-" "Mozilla/5.0 (Windows NT 10.0; Win64; x64; rv:77.0) Gecko/20100101 Firefox/77.0"
162.158.163.202 - - [06/Dec/2025:19:44:09 +0100] "GET /adminfusm.php HTTP/1.1" 301 162 "-" "Mozilla/5.0 (Windows NT 10.0; Win64; x64) AppleWebKit/537.36 (KHTML, like Gecko) Chrome/70.0.3538.110 Safari/537.36"
172.70.188.16 - - [06/Dec/2025:19:44:09 +0100] "GET /wp-admin/js/widgets/doc.php HTTP/1.1" 301 162 "-" "Mozilla/5.0 (Windows NT 10.0; WOW64; Trident/7.0; .NET4.0C; .NET4.0E; .NET CLR 2.0.50727; .NET CLR 3.0.30729; .NET CLR 3.5.30729; rv:11.0) like Gecko"
162.158.163.202 - - [06/Dec/2025:19:44:09 +0100] "GET /js/js1.php HTTP/1.1" 301 162 "-" "Mozilla/5.0 (Windows NT 10.0; Win64; x64) AppleWebKit/537.36 (KHTML, like Gecko) Chrome/79.0.3945.130 Safari/537.36"
172.70.188.16 - - [06/Dec/2025:19:44:09 +0100] "GET /f35_SpaceTn.php HTTP/1.1" 301 162 "-" "Mozilla/5.0 (Windows NT 10.0; Win64; x64) AppleWebKit/537.36 (KHTML, like Gecko) Chrome/83.0.4103.61 Safari/537.36"
172.70.188.16 - - [06/Dec/2025:19:44:09 +0100] "GET /wp-admin/css/colors/sunrise/bypass.php HTTP/1.1" 301 162 "-" "Mozilla/5.0 (compatible; MSIE 10.0; Windows NT 6.1; Trident/6.0)"
162.158.163.202 - - [06/Dec/2025:19:44:10 +0100] "GET /wp-includes/assets/wp-includes/assets/script-loader-packages.min.php HTTP/1.1" 301 162 "-" "Mozilla/5.0 (Windows NT 10.0; Win64; x64) AppleWebKit/537.36 (KHTML, like Gecko) Chrome/83.0.4103.97 Safari/537.36"
162.158.163.202 - - [06/Dec/2025:19:44:10 +0100] "GET /wp-includes/blocks/file/wp-style.php HTTP/1.1" 301 162 "-" "Mozilla/5.0 (Windows NT 6.1; Win64; x64) AppleWebKit/537.36 (KHTML, like Gecko) Chrome/58.0.3029.110 Safari/537.3"
172.70.188.16 - - [06/Dec/2025:19:44:10 +0100] "GET /vendor/phpunit/phpunit/src/Util/PHP/fixed.php HTTP/1.1" 301 162 "-" "Mozilla/5.0 (Windows NT 6.1; Win64; x64) AppleWebKit/537.36 (KHTML, like Gecko) Chrome/79.0.3945.130 Safari/537.36"
162.158.163.202 - - [06/Dec/2025:19:44:10 +0100] "GET /images/habhan.php HTTP/1.1" 301 162 "-" "Mozilla/5.0 (Macintosh; Intel Mac OS X 10_15_6) AppleWebKit/537.36 (KHTML, like Gecko) Chrome/84.0.4147.105 Safari/537.36 OPR/70.0.3728.95"
172.70.188.16 - - [06/Dec/2025:19:44:10 +0100] "GET /wp-admin/js/widgets/themes.php HTTP/1.1" 301 162 "-" "Mozilla/5.0 (X11; Linux i686; rv:79.0) Gecko/20100101 Firefox/79.0"
162.158.163.202 - - [06/Dec/2025:19:44:10 +0100] "GET /wp-content/mu-plugins/admin.php HTTP/1.1" 301 162 "-" "Mozilla/5.0 (Windows NT 10.0; Win64; x64) AppleWebKit/537.36 (KHTML, like Gecko) Chrome/69.0.3497.100 Safari/537.36"
172.70.188.16 - - [06/Dec/2025:19:44:11 +0100] "GET /wp-content/plugins/fix/bypass.php HTTP/1.1" 301 162 "-" "Mozilla/5.0 (Windows NT 10.0; Win64; x64) AppleWebKit/537.36 (KHTML, like Gecko) Chrome/74.0.3729.169 Safari/537.36"
172.70.188.16 - - [06/Dec/2025:19:44:11 +0100] "GET /wp-includes/category-double.php HTTP/1.1" 301 162 "-" "Mozilla/5.0 (Windows NT 6.1; Win64; x64) AppleWebKit/537.36 (KHTML, like Gecko) Chrome/58.0.3029.110 Safari/537.3"
162.158.163.202 - - [06/Dec/2025:19:44:11 +0100] "GET /wp-includes/IXR/class-IXR-cilent.php HTTP/1.1" 301 162 "-" "Mozilla/5.0 (Windows NT 6.1; Win64; x64) AppleWebKit/537.36 (KHTML, like Gecko) Chrome/58.0.3029.110 Safari/537.3"
172.70.188.16 - - [06/Dec/2025:19:44:11 +0100] "GET /wp-admin/maint/admin.php HTTP/1.1" 301 162 "-" "Mozilla/5.0 (Windows NT 6.1; Win64; x64) AppleWebKit/537.36 (KHTML, like Gecko) Chrome/78.0.3904.108 Safari/537.36"
162.158.163.202 - - [06/Dec/2025:19:44:11 +0100] "GET /wp-content/uploads/wp-cert.phtml HTTP/1.1" 301 162 "-" "Mozilla/5.0 (Windows NT 10.0; WOW64) AppleWebKit/537.36 (KHTML, like Gecko) Chrome/72.0.3626.121 Safari/537.36"
172.70.188.16 - - [06/Dec/2025:19:44:11 +0100] "GET /blog/signatur.php HTTP/1.1" 301 162 "-" "Mozilla/5.0 (Windows NT 10.0; Win64; x64) AppleWebKit/537.36 (KHTML, like Gecko) Chrome/74.0.3729.169 Safari/537.36"
162.158.163.202 - - [06/Dec/2025:19:44:12 +0100] "GET /about/function.php%20 HTTP/1.1" 301 162 "-" "Mozilla/5.0 (Windows NT 10.0; Win64; x64; rv:75.0) Gecko/20100101 Firefox/75.0"
172.70.188.16 - - [06/Dec/2025:19:44:12 +0100] "GET /wp-includes/assets/db.php HTTP/1.1" 301 162 "-" "Mozilla/5.0 (Windows NT 10.0; Win64; x64) AppleWebKit/537.36 (KHTML, like Gecko) Chrome/79.0.3945.130 Safari/537.36"
162.158.163.202 - - [06/Dec/2025:19:44:12 +0100] "GET /routes/bypass.php HTTP/1.1" 301 162 "-" "Mozilla/5.0 (Macintosh; Intel Mac OS X 10_15_6) AppleWebKit/537.36 (KHTML, like Gecko) Chrome/84.0.4147.105 Safari/537.36"
172.70.188.16 - - [06/Dec/2025:19:44:12 +0100] "GET /wp-includes/widgets/security.php HTTP/1.1" 301 162 "-" "Mozilla/5.0 (Windows NT 10.0; Win64; x64) AppleWebKit/537.36 (KHTML, like Gecko) Chrome/74.0.3729.169 Safari/537.36"
162.158.163.202 - - [06/Dec/2025:19:44:12 +0100] "GET /wp-includes/images/install.php HTTP/1.1" 301 162 "-" "Mozilla/5.0 (Windows NT 10.0; Win64; x64) AppleWebKit/537.36 (KHTML, like Gecko) Chrome/70.0.3538.77 Safari/537.36"
172.70.188.16 - - [06/Dec/2025:19:44:12 +0100] "GET /include/install.php HTTP/1.1" 301 162 "-" "Mozilla/5.0 (X11; Linux x86_64) AppleWebKit/537.36 (KHTML, like Gecko) Chrome/84.0.4147.105 Safari/537.36"
162.158.163.202 - - [06/Dec/2025:19:44:13 +0100] "GET /wp-includes/PHPMailer/xleet.php HTTP/1.1" 301 162 "-" "Mozilla/5.0 (Windows NT 10.0; Win64; x64) AppleWebKit/537.36 (KHTML, like Gecko) Chrome/79.0.3945.79 Safari/537.36"
172.70.188.16 - - [06/Dec/2025:19:44:13 +0100] "GET /gm.php HTTP/1.1" 301 162 "-" "Mozilla/5.0 (Windows NT 6.1; Win64; x64) AppleWebKit/537.36 (KHTML, like Gecko) Chrome/74.0.3729.169 Safari/537.36"
172.70.188.16 - - [06/Dec/2025:19:44:13 +0100] "GET /wp-includes/class-wp-language-pack.php HTTP/1.1" 301 162 "-" "Mozilla/5.0 (Windows NT 10.0) AppleWebKit/537.36 (KHTML, like Gecko) Chrome/72.0.3626.121 Safari/537.36"
162.158.163.202 - - [06/Dec/2025:19:44:13 +0100] "GET /wp-admin/js/widgets/doc.php HTTP/1.1" 301 162 "-" "Mozilla/5.0 (Windows NT 10.0; Win64; x64; rv:79.0) Gecko/20100101 Firefox/79.0"
172.70.188.16 - - [06/Dec/2025:19:44:13 +0100] "GET /js/content-type.php HTTP/1.1" 301 162 "-" "Mozilla/5.0 (X11; Linux i686; rv:79.0) Gecko/20100101 Firefox/79.0"
162.158.163.202 - - [06/Dec/2025:19:44:14 +0100] "GET /f35_SpaceTn.php HTTP/1.1" 301 162 "-" "Mozilla/5.0 (Macintosh; Intel Mac OS X 10_15_6) AppleWebKit/537.36 (KHTML, like Gecko) Chrome/84.0.4147.125 Safari/537.36"
172.70.188.16 - - [06/Dec/2025:19:44:14 +0100] "GET /wp-includes/class-walker-comment-client.php HTTP/1.1" 301 162 "-" "Mozilla/5.0 (Windows NT 6.1; Win64; x64) AppleWebKit/537.36 (KHTML, like Gecko) Chrome/78.0.3904.108 Safari/537.36"
162.158.163.202 - - [06/Dec/2025:19:44:14 +0100] "GET /wp-admin/css/colors/sunrise/bypass.php HTTP/1.1" 301 162 "-" "Mozilla/5.0 (Windows NT 10.0; Win64; x64) AppleWebKit/537.36 (KHTML, like Gecko) Chrome/80.0.3987.149 Safari/537.36"
172.70.188.16 - - [06/Dec/2025:19:44:14 +0100] "GET /about/goods.php HTTP/1.1" 301 162 "-" "Mozilla/5.0 (Windows NT 6.1; Win64; x64) AppleWebKit/537.36 (KHTML, like Gecko) Chrome/79.0.3945.130 Safari/537.36"
172.70.188.16 - - [06/Dec/2025:19:44:14 +0100] "GET /file/function.php HTTP/1.1" 301 162 "-" "Mozilla/5.0 (Windows NT 10.0; Win64; x64; rv:73.0) Gecko/20100101 Firefox/73.0"
162.158.163.202 - - [06/Dec/2025:19:44:14 +0100] "GET /vendor/phpunit/phpunit/src/Util/PHP/fixed.php HTTP/1.1" 301 162 "-" "Mozilla/5.0 (Windows NT 10.0; Win64; x64; rv:75.0) Gecko/20100101 Firefox/75.0"
172.70.188.16 - - [06/Dec/2025:19:44:15 +0100] "GET /function/goods.php HTTP/1.1" 301 162 "-" "Mozilla/5.0 (Windows NT 6.1; Win64; x64) AppleWebKit/537.36 (KHTML, like Gecko) Chrome/80.0.3987.149 Safari/537.36"
162.158.163.202 - - [06/Dec/2025:19:44:15 +0100] "GET /wp-admin/js/widgets/themes.php HTTP/1.1" 301 162 "-" "Mozilla/5.0 (Windows NT 10.0; Win64; x64) AppleWebKit/537.36 (KHTML, like Gecko) Chrome/75.0.3770.100 Safari/537.36"
172.70.188.16 - - [06/Dec/2025:19:44:15 +0100] "GET /vendor/phpunit/phpunit/src/Util/PHP/bypass.php HTTP/1.1" 301 162 "-" "Mozilla/5.0 (Windows NT 10.0; Win64; x64) AppleWebKit/537.36 (KHTML, like Gecko) Chrome/75.0.3770.100 Safari/537.36"
162.158.163.202 - - [06/Dec/2025:19:44:15 +0100] "GET /wp-content/plugins/fix/bypass.php HTTP/1.1" 301 162 "-" "Mozilla/5.0 (Windows NT 10.0; Win64; x64) AppleWebKit/537.36 (KHTML, like Gecko) Chrome/69.0.3497.100 Safari/537.36"
172.70.188.16 - - [06/Dec/2025:19:44:15 +0100] "GET /wp-content/upgrade/index.php HTTP/1.1" 301 162 "-" "Mozilla/5.0 (Windows NT 6.3; Win64; x64; rv:73.0) Gecko/20100101 Firefox/73.0"
172.70.188.16 - - [06/Dec/2025:19:44:16 +0100] "GET /wp-includes/class-wp-network-query-stat.php HTTP/1.1" 301 162 "-" "Mozilla/5.0 (Macintosh; Intel Mac OS X 10_10_1) AppleWebKit/537.36 (KHTML, like Gecko) Chrome/39.0.2171.95 Safari/537.36"
162.158.163.202 - - [06/Dec/2025:19:44:16 +0100] "GET /wp-includes/category-double.php HTTP/1.1" 301 162 "-" "Mozilla/5.0 (Windows NT 10.0; Win64; x64; rv:71.0) Gecko/20100101 Firefox/71.0"
172.70.188.16 - - [06/Dec/2025:19:44:16 +0100] "GET /wp-content/themes/pridmag/db.php HTTP/1.1" 301 162 "-" "Mozilla/5.0 (Windows NT 10.0; WOW64) AppleWebKit/537.36 (KHTML, like Gecko) Chrome/72.0.3626.121 Safari/537.36"
162.158.163.202 - - [06/Dec/2025:19:44:16 +0100] "GET /wp-admin/maint/admin.php HTTP/1.1" 301 162 "-" "Mozilla/5.0 (Windows NT 10.0; Win64; x64; rv:75.0) Gecko/20100101 Firefox/75.0"
172.70.188.16 - - [06/Dec/2025:19:44:16 +0100] "GET /plugin-install.php HTTP/1.1" 301 162 "-" "Mozilla/5.0 (Windows NT 6.1; Win64; x64) AppleWebKit/537.36 (KHTML, like Gecko) Chrome/58.0.3029.110 Safari/537.3"
172.70.188.16 - - [06/Dec/2025:19:44:17 +0100] "GET /wp-includes/class-wp-session-tokens-https.php HTTP/1.1" 301 162 "-" "Mozilla/5.0 (Windows NT 6.1; Win64; x64) AppleWebKit/537.36 (KHTML, like Gecko) Chrome/80.0.3987.149 Safari/537.36"
162.158.163.202 - - [06/Dec/2025:19:44:17 +0100] "GET /blog/signatur.php HTTP/1.1" 301 162 "-" "Mozilla/5.0 (Windows NT 6.1; Win64; x64) AppleWebKit/537.36 (KHTML, like Gecko) Chrome/58.0.3029.110 Safari/537.3"
172.70.188.16 - - [06/Dec/2025:19:44:17 +0100] "GET /wp-admin/js/load.php HTTP/1.1" 301 162 "-" "Mozilla/5.0 (Windows NT 10.0; WOW64; x64) AppleWebKit/537.36 (KHTML, like Gecko) Chrome/84.0.4147.105 Safari/537.36 OPR/70.0.3728.95"
172.70.188.16 - - [06/Dec/2025:19:44:17 +0100] "GET /images/firewall.php7 HTTP/1.1" 301 162 "-" "Mozilla/5.0 (X11; Ubuntu; Linux i686; rv:79.0) Gecko/20100101 Firefox/79.0"
162.158.163.202 - - [06/Dec/2025:19:44:17 +0100] "GET /wp-includes/assets/db.php HTTP/1.1" 301 162 "-" "Mozilla/5.0 (X11; Ubuntu; Linux i686; rv:79.0) Gecko/20100101 Firefox/79.0"
172.70.188.16 - - [06/Dec/2025:19:44:17 +0100] "GET /wp-includes/images/crystal/lrs_dage.php HTTP/1.1" 301 162 "-" "Mozilla/5.0 (Windows NT 10.0) AppleWebKit/537.36 (KHTML, like Gecko) Chrome/84.0.4147.105 Safari/537.36"
162.158.163.202 - - [06/Dec/2025:19:44:17 +0100] "GET /wp-includes/widgets/security.php HTTP/1.1" 301 162 "-" "Mozilla/5.0 (Macintosh; Intel Mac OS X 10_10_1) AppleWebKit/537.36 (KHTML, like Gecko) Chrome/39.0.2171.95 Safari/537.36"
172.70.188.16 - - [06/Dec/2025:19:44:18 +0100] "GET /wp-content/upgrade/pdf.php HTTP/1.1" 301 162 "-" "Mozilla/5.0 (Windows NT 10.0) AppleWebKit/537.36 (KHTML, like Gecko) Chrome/84.0.4147.105 Safari/537.36"
162.158.163.202 - - [06/Dec/2025:19:44:18 +0100] "GET /include/install.php HTTP/1.1" 301 162 "-" "Mozilla/5.0 (Windows NT 6.3; Win64; x64; rv:73.0) Gecko/20100101 Firefox/73.0"
172.70.188.16 - - [06/Dec/2025:19:44:18 +0100] "GET /wp-includes/as.php HTTP/1.1" 301 162 "-" "Mozilla/5.0 (Windows NT 10.0; Win64; x64) AppleWebKit/537.36 (KHTML, like Gecko) Chrome/75.0.3770.100 Safari/537.36"
162.158.163.202 - - [06/Dec/2025:19:44:18 +0100] "GET /gm.php HTTP/1.1" 301 162 "-" "Mozilla/5.0 (X11; Linux x86_64) AppleWebKit/537.36 (KHTML, like Gecko) Chrome/84.0.4147.105 Safari/537.36 OPR/70.0.3728.95"
172.70.188.16 - - [06/Dec/2025:19:44:18 +0100] "GET /wp-content/item.php HTTP/1.1" 301 162 "-" "Mozilla/5.0 (Windows NT 10.0) AppleWebKit/537.36 (KHTML, like Gecko) Chrome/84.0.4147.105 Safari/537.36"
172.70.188.16 - - [06/Dec/2025:19:44:19 +0100] "GET /wp-includes/certificates/wp-conflg.php HTTP/1.1" 301 162 "-" "Mozilla/5.0 (Linux x86_64; rv:79.0) Gecko/20100101 Firefox/79.0"
162.158.163.202 - - [06/Dec/2025:19:44:19 +0100] "GET /wp-includes/class-wp-language-pack.php HTTP/1.1" 301 162 "-" "Mozilla/5.0 (Windows NT 10.0; Win64; x64) AppleWebKit/537.36 (KHTML, like Gecko) Chrome/58.0.3029.110 Safari/537.3"
172.70.188.16 - - [06/Dec/2025:19:44:19 +0100] "GET /wp-includes/install.php HTTP/1.1" 301 162 "-" "Mozilla/5.0 (X11; Linux x86_64) AppleWebKit/537.36 (KHTML, like Gecko) Chrome/84.0.4147.105 Safari/537.36"
162.158.163.202 - - [06/Dec/2025:19:44:19 +0100] "GET /js/content-type.php HTTP/1.1" 301 162 "-" "Mozilla/5.0 (Windows NT 10.0; Win64; x64) AppleWebKit/537.36 (KHTML, like Gecko) Chrome/84.0.4147.105 Safari/537.36 OPR/70.0.3728.95"
172.70.188.16 - - [06/Dec/2025:19:44:19 +0100] "GET /wp-includes/customize/db.php HTTP/1.1" 301 162 "-" "Mozilla/5.0 (Windows NT 6.1; Win64; x64) AppleWebKit/537.36 (KHTML, like Gecko) Chrome/74.0.3729.169 Safari/537.36"
162.158.163.202 - - [06/Dec/2025:19:44:19 +0100] "GET /wp-includes/class-walker-comment-client.php HTTP/1.1" 301 162 "-" "Mozilla/5.0 (Windows NT 10.0; Win64; x64) AppleWebKit/537.36 (KHTML, like Gecko) Chrome/84.0.4147.105 Safari/537.36"
162.158.163.202 - - [06/Dec/2025:19:44:20 +0100] "GET /about/goods.php HTTP/1.1" 301 162 "-" "Mozilla/5.0 (X11; Fedora; Linux x86_64; rv:79.0) Gecko/20100101 Firefox/79.0"
172.70.188.16 - - [06/Dec/2025:19:44:20 +0100] "GET /css/fan.php HTTP/1.1" 301 162 "-" "Mozilla/5.0 (Macintosh; Intel Mac OS X 10_15_6) AppleWebKit/537.36 (KHTML, like Gecko) Chrome/84.0.4147.105 Safari/537.36 OPR/70.0.3728.95"
162.158.163.202 - - [06/Dec/2025:19:44:20 +0100] "GET /file/function.php HTTP/1.1" 301 162 "-" "Mozilla/5.0 (Macintosh; Intel Mac OS X 10_12_6) AppleWebKit/537.36 (KHTML, like Gecko) Chrome/58.0.3029.110 Safari/537.3"
172.70.188.16 - - [06/Dec/2025:19:44:20 +0100] "GET /wp-admin/css/colors/blue/colors.php HTTP/1.1" 301 162 "-" "Mozilla/5.0 (Windows NT 10.0; Win64; x64; rv:76.0) Gecko/20100101 Firefox/76.0"
