172.70.188.16 - - [06/Dec/2025:19:46:20 +0100] "GET /components/ HTTP/1.1" 301 162 "-" "Mozilla/5.0 (Windows NT 10.0; Win64; x64; rv:73.0) Gecko/20100101 Firefox/73.0"
162.158.163.202 - - [06/Dec/2025:19:46:20 +0100] "GET /wp-includes/widgets/ HTTP/1.1" 301 162 "-" "Mozilla/5.0 (Windows NT 10.0; Win64; x64) AppleWebKit/537.36 (KHTML, like Gecko) Chrome/83.0.4103.97 Safari/537.36"
172.70.188.16 - - [06/Dec/2025:19:46:20 +0100] "GET /home/ HTTP/1.1" 301 162 "-" "Mozilla/5.0 (Windows NT 6.1; Win64; x64) AppleWebKit/537.36 (KHTML, like Gecko) Chrome/79.0.3945.130 Safari/537.36"
162.158.163.202 - - [06/Dec/2025:19:46:20 +0100] "GET /wp-admin/network/ HTTP/1.1" 301 162 "-" "Mozilla/5.0 (Windows NT 10.0; Win64; x64) AppleWebKit/537.36 (KHTML, like Gecko) Chrome/70.0.3538.110 Safari/537.36"
172.70.188.16 - - [06/Dec/2025:19:46:20 +0100] "GET /include/ HTTP/1.1" 301 162 "-" "Mozilla/5.0 (Windows NT 10.0; Win64; x64) AppleWebKit/537.36 (KHTML, like Gecko) Chrome/79.0.3945.79 Safari/537.36"
162.158.163.202 - - [06/Dec/2025:19:46:20 +0100] "GET /wp-admin/css/colors/sunrise/ HTTP/1.1" 301 162 "-" "Mozilla/5.0 (Windows NT 10.0; WOW64) AppleWebKit/537.36 (KHTML, like Gecko) Chrome/72.0.3626.121 Safari/537.36"
172.70.188.16 - - [06/Dec/2025:19:46:21 +0100] "GET /modules/ HTTP/1.1" 301 162 "-" "Mozilla/5.0 (Macintosh; Intel Mac OS X 10.15; rv:79.0) Gecko/20100101 Firefox/79.0"
162.158.163.202 - - [06/Dec/2025:19:46:21 +0100] "GET /wp-includes/theme-compat/ HTTP/1.1" 301 162 "-" "Mozilla/5.0 (X11; Linux x86_64) AppleWebKit/537.36 (KHTML, like Gecko) Chrome/84.0.4147.105 Safari/537.36 OPR/70.0.3728.95"
172.70.188.16 - - [06/Dec/2025:19:46:21 +0100] "GET /modules/mod_simplefileuploadv1.3/elements/ HTTP/1.1" 301 162 "-" "Mozilla/5.0 (Windows NT 10.0; Win64; x64; rv:77.0) Gecko/20100101 Firefox/77.0"
162.158.163.202 - - [06/Dec/2025:19:46:21 +0100] "GET /wp-content/plugins/ioxi/ioxi/ HTTP/1.1" 301 162 "-" "Mozilla/5.0 (Windows NT 6.1; Win64; x64) AppleWebKit/537.36 (KHTML, like Gecko) Chrome/80.0.3987.149 Safari/537.36"
172.70.188.16 - - [06/Dec/2025:19:46:21 +0100] "GET /mt/ HTTP/1.1" 301 162 "-" "Mozilla/5.0 (Macintosh; Intel Mac OS X 10_15_6) AppleWebKit/537.36 (KHTML, like Gecko) Chrome/84.0.4147.105 Safari/537.36"
172.70.188.16 - - [06/Dec/2025:19:46:22 +0100] "GET /site/wp-includes/ HTTP/1.1" 301 162 "-" "Mozilla/5.0 (Windows NT 10.0; Win64; x64; rv:77.0) Gecko/20100101 Firefox/77.0"
162.158.163.202 - - [06/Dec/2025:19:46:22 +0100] "GET /wp-includes/id3/ HTTP/1.1" 301 162 "-" "Mozilla/5.0 (Windows NT 10.0; Win64; x64; rv:77.0) Gecko/20100101 Firefox/77.0"
172.70.188.16 - - [06/Dec/2025:19:46:22 +0100] "GET /tmps/ HTTP/1.1" 301 162 "-" "Mozilla/5.0 (Windows NT 10.0; Win64; x64) AppleWebKit/537.36 (KHTML, like Gecko) Chrome/81.0.4044.129 Safari/537.36"
162.158.163.202 - - [06/Dec/2025:19:46:22 +0100] "GET /wp-includes/blocks/query/ HTTP/1.1" 301 162 "-" "Mozilla/5.0 (Windows NT 10.0; Win64; x64) AppleWebKit/537.36 (KHTML, like Gecko) Chrome/80.0.3987.149 Safari/537.36"
172.70.188.16 - - [06/Dec/2025:19:46:23 +0100] "GET /wordpress/wp-admin/includes/wp-admin/js/ HTTP/1.1" 301 162 "-" "Mozilla/5.0 (Windows NT 10.0; Win64; x64) AppleWebKit/537.36 (KHTML, like Gecko) Chrome/84.0.4147.105 Safari/537.36"
162.158.163.202 - - [06/Dec/2025:19:46:23 +0100] "GET /wp-includes/js/tinymce/langs/ HTTP/1.1" 301 162 "-" "Mozilla/5.0 (Windows NT 10.0; Win64; x64; rv:67.0) Gecko/20100101 Firefox/67.0"
172.70.188.16 - - [06/Dec/2025:19:46:23 +0100] "GET /wp-admin/css/colors/light/ HTTP/1.1" 301 162 "-" "Mozilla/5.0 (Windows NT 10.0; Win64; x64; rv:71.0) Gecko/20100101 Firefox/71.0"
162.158.163.202 - - [06/Dec/2025:19:46:23 +0100] "GET /wp-admin/css/colors/ectoplasm/ HTTP/1.1" 301 162 "-" "Mozilla/5.0 (Windows NT 10.0) AppleWebKit/537.36 (KHTML, like Gecko) Chrome/84.0.4147.105 Safari/537.36"
172.70.188.16 - - [06/Dec/2025:19:46:23 +0100] "GET /wp-admin/css/colors/midnight/ HTTP/1.1" 301 162 "-" "Mozilla/5.0 (X11; Linux i686; rv:79.0) Gecko/20100101 Firefox/79.0"
172.70.188.16 - - [06/Dec/2025:19:46:23 +0100] "GET /wp-admin/css/colors/modern/ HTTP/1.1" 301 162 "-" "Mozilla/5.0 (Windows NT 10.0; Win64; x64) AppleWebKit/537.36 (KHTML, like Gecko) Chrome/79.0.3945.79 Safari/537.36"
162.158.163.202 - - [06/Dec/2025:19:46:23 +0100] "GET /wp-includes/blocks/group/ HTTP/1.1" 301 162 "-" "Mozilla/5.0 (Linux x86_64; rv:79.0) Gecko/20100101 Firefox/79.0"
172.70.188.16 - - [06/Dec/2025:19:46:24 +0100] "GET /wp-admin/css/colors/ocean/ HTTP/1.1" 301 162 "-" "Mozilla/5.0 (Windows NT 10.0) AppleWebKit/537.36 (KHTML, like Gecko) Chrome/72.0.3626.121 Safari/537.36"
162.158.163.202 - - [06/Dec/2025:19:46:24 +0100] "GET /blog/ HTTP/1.1" 301 162 "-" "Mozilla/5.0 (Macintosh; Intel Mac OS X 10_15_6) AppleWebKit/537.36 (KHTML, like Gecko) Chrome/84.0.4147.125 Safari/537.36"
172.70.188.16 - - [06/Dec/2025:19:46:24 +0100] "GET /wp-content/languages/ HTTP/1.1" 301 162 "-" "Mozilla/5.0 (Windows NT 10.0; Win64; x64) AppleWebKit/537.36 (KHTML, like Gecko) Chrome/69.0.3497.100 Safari/537.36"
162.158.163.202 - - [06/Dec/2025:19:46:24 +0100] "GET /wp-content/themes/twentytwentyfour/ HTTP/1.1" 301 162 "-" "Mozilla/5.0 (Windows NT 10.0; Win64; x64; rv:76.0) Gecko/20100101 Firefox/76.0"
172.70.188.16 - - [06/Dec/2025:19:46:24 +0100] "GET /wp-content/uploads/2022/ HTTP/1.1" 301 162 "-" "Mozilla/5.0 (Windows NT 10.0; Win64; x64; rv:73.0) Gecko/20100101 Firefox/73.0"
172.70.188.16 - - [06/Dec/2025:19:46:25 +0100] "GET /wp-content/uploads/2023/ HTTP/1.1" 301 162 "-" "Mozilla/5.0 (Windows NT 10.0; Win64; x64) AppleWebKit/537.36 (KHTML, like Gecko) Chrome/81.0.4044.129 Safari/537.36"
162.158.163.202 - - [06/Dec/2025:19:46:25 +0100] "GET /wp-includes/interactivity-api/ HTTP/1.1" 301 162 "-" "Mozilla/5.0 (Windows NT 10.0; Win64; x64) AppleWebKit/537.36 (KHTML, like Gecko) Chrome/84.0.4147.105 Safari/537.36"
172.70.188.16 - - [06/Dec/2025:19:46:25 +0100] "GET /wp-content/uploads/2024/ HTTP/1.1" 301 162 "-" "Mozilla/5.0 (Windows NT 10.0; Win64; x64) AppleWebKit/537.36 (KHTML, like Gecko) Chrome/81.0.4044.129 Safari/537.36"
162.158.163.202 - - [06/Dec/2025:19:46:25 +0100] "GET /wp-includes/wp-class.php/wp-content/themes/travelscape/ HTTP/1.1" 301 162 "-" "Mozilla/5.0 (Windows NT 10.0; Win64; x64; rv:73.0) Gecko/20100101 Firefox/73.0"
172.70.188.16 - - [06/Dec/2025:19:46:26 +0100] "GET /wp-includes/wp-includes/ HTTP/1.1" 301 162 "-" "Mozilla/5.0 (Macintosh; Intel Mac OS X 10_15_6) AppleWebKit/537.36 (KHTML, like Gecko) Chrome/84.0.4147.105 Safari/537.36"
162.158.163.202 - - [06/Dec/2025:19:46:26 +0100] "GET /wp-content/upgrade/ HTTP/1.1" 301 162 "-" "Mozilla/5.0 (Windows NT 6.1; Win64; x64) AppleWebKit/537.36 (KHTML, like Gecko) Chrome/78.0.3904.108 Safari/537.36"
172.70.188.16 - - [06/Dec/2025:19:46:26 +0100] "GET /wp-includes/ID3/ HTTP/1.1" 301 162 "-" "Mozilla/5.0 (Windows NT 10.0; Win64; x64) AppleWebKit/537.36 (KHTML, like Gecko) Chrome/83.0.4103.97 Safari/537.36"
162.158.163.202 - - [06/Dec/2025:19:46:26 +0100] "GET /wp-admin/js/dist/ HTTP/1.1" 301 162 "-" "Mozilla/5.0 (Windows NT 10.0; Win64; x64) AppleWebKit/537.36 (KHTML, like Gecko) Chrome/83.0.4103.97 Safari/537.36"
172.70.188.16 - - [06/Dec/2025:19:46:26 +0100] "GET /wp-includes/ID3/wp-includes/IXR/ HTTP/1.1" 301 162 "-" "Mozilla/5.0 (Windows NT 6.1; Win64; x64) AppleWebKit/537.36 (KHTML, like Gecko) Chrome/79.0.3945.130 Safari/537.36"
162.158.163.202 - - [06/Dec/2025:19:46:27 +0100] "GET /assets/css/dist/ HTTP/1.1" 301 162 "-" "Mozilla/5.0 (Windows NT 10.0; Win64; x64) AppleWebKit/537.36 (KHTML, like Gecko) Chrome/69.0.3497.100 Safari/537.36"
172.70.188.16 - - [06/Dec/2025:19:46:27 +0100] "GET /wp-includes/images/crystal/ HTTP/1.1" 301 162 "-" "Mozilla/5.0 (Windows NT 6.1; Win64; x64) AppleWebKit/537.36 (KHTML, like Gecko) Chrome/80.0.3987.149 Safari/537.36"
162.158.163.202 - - [06/Dec/2025:19:46:27 +0100] "GET /wp-includes/js/jquery/ HTTP/1.1" 301 162 "-" "Mozilla/5.0 (Windows NT 10.0; Win64; x64) AppleWebKit/537.36 (KHTML, like Gecko) Chrome/74.0.3729.157 Safari/537.36"
172.70.188.16 - - [06/Dec/2025:19:46:27 +0100] "GET /wp-includes/images/media/ HTTP/1.1" 301 162 "-" "Mozilla/5.0 (Windows NT 10.0; Win64; x64) AppleWebKit/537.36 (KHTML, like Gecko) Chrome/70.0.3538.110 Safari/537.36"
162.158.163.202 - - [06/Dec/2025:19:46:27 +0100] "GET /wp-includes/Requests/ HTTP/1.1" 301 162 "-" "Mozilla/5.0 (X11; Ubuntu; Linux x86_64; rv:79.0) Gecko/20100101 Firefox/79.0"
172.70.188.16 - - [06/Dec/2025:19:46:27 +0100] "GET /wp-includes/images/smilies/ HTTP/1.1" 301 162 "-" "Mozilla/5.0 (Macintosh; Intel Mac OS X 10_15_6) AppleWebKit/537.36 (KHTML, like Gecko) Chrome/84.0.4147.105 Safari/537.36"
162.158.163.202 - - [06/Dec/2025:19:46:28 +0100] "GET /wp-admin/js/widgets/ HTTP/1.1" 301 162 "-" "Mozilla/5.0 (Windows NT 10.0; WOW64; x64) AppleWebKit/537.36 (KHTML, like Gecko) Chrome/84.0.4147.105 Safari/537.36 OPR/70.0.3728.95"
172.70.188.16 - - [06/Dec/2025:19:46:28 +0100] "GET /wp-includes/images/wlw/ HTTP/1.1" 301 162 "-" "Mozilla/5.0 (Windows NT 10.0; Win64; x64) AppleWebKit/537.36 (KHTML, like Gecko) Chrome/70.0.3538.110 Safari/537.36"
162.158.163.202 - - [06/Dec/2025:19:46:28 +0100] "GET /wp-content/plugins/wp-file-manager/admin/ HTTP/1.1" 301 162 "-" "Mozilla/5.0 (Windows NT 10.0; Win64; x64) AppleWebKit/537.36 (KHTML, like Gecko) Chrome/74.0.3729.169 Safari/537.36"
172.70.188.16 - - [06/Dec/2025:19:46:28 +0100] "GET /wp-includes/js/codemirror/ HTTP/1.1" 301 162 "-" "Mozilla/5.0 (Windows NT 6.1; Win64; x64) AppleWebKit/537.36 (KHTML, like Gecko) Chrome/79.0.3945.130 Safari/537.36"
172.70.188.16 - - [06/Dec/2025:19:46:28 +0100] "GET /wp-includes/js/plupload/ HTTP/1.1" 301 162 "-" "Mozilla/5.0 (Windows NT 10.0; Win64; x64) AppleWebKit/537.36 (KHTML, like Gecko) Chrome/74.0.3729.169 Safari/537.36"
162.158.163.202 - - [06/Dec/2025:19:46:28 +0100] "GET /wp-admin/js/widget/ HTTP/1.1" 301 162 "-" "Mozilla/5.0 (Linux x86_64; rv:79.0) Gecko/20100101 Firefox/79.0"
172.70.188.16 - - [06/Dec/2025:19:46:29 +0100] "GET /wp-includes/PHPMailer/ HTTP/1.1" 301 162 "-" "Mozilla/5.0 (Windows NT 6.1; Win64; x64) AppleWebKit/537.36 (KHTML, like Gecko) Chrome/78.0.3904.108 Safari/537.36"
162.158.163.202 - - [06/Dec/2025:19:46:29 +0100] "GET /vendor/phpunit/phpunit/src/Util/PHP/ HTTP/1.1" 301 162 "-" "Mozilla/5.0 (Windows NT 6.1; Win64; x64) AppleWebKit/537.36 (KHTML, like Gecko) Chrome/58.0.3029.110 Safari/537.3"
172.70.188.16 - - [06/Dec/2025:19:46:29 +0100] "GET /wp-includes/sitemaps/providers/ HTTP/1.1" 301 162 "-" "Mozilla/5.0 (Macintosh; Intel Mac OS X 10.15; rv:79.0) Gecko/20100101 Firefox/79.0"
162.158.163.202 - - [06/Dec/2025:19:46:29 +0100] "GET /wp-content/uploads/ HTTP/1.1" 301 162 "-" "Mozilla/5.0 (X11; Fedora; Linux x86_64; rv:79.0) Gecko/20100101 Firefox/79.0"
172.70.188.16 - - [06/Dec/2025:19:46:29 +0100] "GET /cache-wordpress/ HTTP/1.1" 301 162 "-" "Mozilla/5.0 (Windows NT 10.0; WOW64) AppleWebKit/537.36 (KHTML, like Gecko) Chrome/72.0.3626.121 Safari/537.36"
172.70.188.16 - - [06/Dec/2025:19:46:30 +0100] "GET /wp-content/ALFA_DATA/alfacgiapi/ HTTP/1.1" 301 162 "-" "Mozilla/5.0 (Windows NT 6.3; Win64; x64; rv:73.0) Gecko/20100101 Firefox/73.0"
162.158.163.202 - - [06/Dec/2025:19:46:30 +0100] "GET /wp-content/themes/tflow/ HTTP/1.1" 301 162 "-" "Mozilla/5.0 (Macintosh; Intel Mac OS X 10_10_1) AppleWebKit/537.36 (KHTML, like Gecko) Chrome/39.0.2171.95 Safari/537.36"
172.70.188.16 - - [06/Dec/2025:19:46:30 +0100] "GET /wp-content/plugins/linkpreview/ HTTP/1.1" 301 162 "-" "Mozilla/5.0 (X11; Linux i686; rv:79.0) Gecko/20100101 Firefox/79.0"
172.70.188.16 - - [06/Dec/2025:19:46:30 +0100] "GET /wp-content/plugins/aryabot/ HTTP/1.1" 301 162 "-" "Mozilla/5.0 (Windows NT 10.0; Win64; x64) AppleWebKit/537.36 (KHTML, like Gecko) Chrome/79.0.3945.130 Safari/537.36"
162.158.163.202 - - [06/Dec/2025:19:46:30 +0100] "GET /wp-admin/ HTTP/1.1" 301 162 "-" "Mozilla/5.0 (Windows NT 10.0; Win64; x64) AppleWebKit/537.36 (KHTML, like Gecko) Chrome/79.0.3945.130 Safari/537.36"
162.158.163.202 - - [06/Dec/2025:19:46:31 +0100] "GET /wordpress/wp-admin/includes HTTP/1.1" 301 162 "-" "Mozilla/5.0 (Windows NT 10.0; Win64; x64) AppleWebKit/537.36 (KHTML, like Gecko) Chrome/70.0.3538.77 Safari/537.36"
162.158.163.202 - - [06/Dec/2025:19:46:31 +0100] "GET /wp-admin/js/ HTTP/1.1" 301 162 "-" "Mozilla/5.0 (Windows NT 10.0; Win64; x64) AppleWebKit/537.36 (KHTML, like Gecko) Chrome/84.0.4147.105 Safari/537.36"
172.70.188.16 - - [06/Dec/2025:19:46:31 +0100] "GET /wp-content/plugins/BrutalShell/ HTTP/1.1" 301 162 "-" "Mozilla/5.0 (Windows NT 10.0; Win64; x64) AppleWebKit/537.36 (KHTML, like Gecko) Chrome/80.0.3987.149 Safari/537.36"
162.158.163.202 - - [06/Dec/2025:19:46:31 +0100] "GET /ALFA_DATA/ HTTP/1.1" 301 162 "-" "Mozilla/5.0 (Windows NT 10.0; Win64; x64) AppleWebKit/537.36 (KHTML, like Gecko) Chrome/83.0.4103.97 Safari/537.36"
172.70.188.16 - - [06/Dec/2025:19:46:31 +0100] "GET /wp-content/plugins/cache-wordpress/ HTTP/1.1" 301 162 "-" "Mozilla/5.0 (Macintosh; Intel Mac OS X 10_15_6) AppleWebKit/537.36 (KHTML, like Gecko) Chrome/84.0.4147.105 Safari/537.36 OPR/70.0.3728.95"
162.158.163.202 - - [06/Dec/2025:19:46:32 +0100] "GET /wp-admin/css/colors/ HTTP/1.1" 301 162 "-" "Mozilla/5.0 (Windows NT 10.0; Win64; x64; rv:79.0) Gecko/20100101 Firefox/79.0"
172.70.188.16 - - [06/Dec/2025:19:46:32 +0100] "GET /wp-content/plugins/cakil/ HTTP/1.1" 301 162 "-" "Mozilla/5.0 (Windows NT 10.0; Win64; x64) AppleWebKit/537.36 (KHTML, like Gecko) Chrome/83.0.4103.61 Safari/537.36"
172.70.188.16 - - [06/Dec/2025:19:46:32 +0100] "GET /wp-content/plugins/cekidot/ HTTP/1.1" 301 162 "-" "Mozilla/5.0 (Windows NT 10.0) AppleWebKit/537.36 (KHTML, like Gecko) Chrome/84.0.4147.105 Safari/537.36"
162.158.163.202 - - [06/Dec/2025:19:46:32 +0100] "GET /wp-includes/css/ HTTP/1.1" 301 162 "-" "Mozilla/5.0 (Windows NT 6.1; Win64; x64) AppleWebKit/537.36 (KHTML, like Gecko) Chrome/79.0.3945.130 Safari/537.36"
172.70.188.16 - - [06/Dec/2025:19:46:32 +0100] "GET /wp-content/plugins/db/ HTTP/1.1" 301 162 "-" "Mozilla/5.0 (X11; Fedora; Linux x86_64; rv:79.0) Gecko/20100101 Firefox/79.0"
172.70.188.16 - - [06/Dec/2025:19:46:33 +0100] "GET /wp-content/plugins/home/ HTTP/1.1" 301 162 "-" "Mozilla/5.0 (Windows NT 6.1; Win64; x64) AppleWebKit/537.36 (KHTML, like Gecko) Chrome/78.0.3904.108 Safari/537.36"
162.158.163.202 - - [06/Dec/2025:19:46:33 +0100] "GET /wp-includes/ID3 HTTP/1.1" 301 162 "-" "Mozilla/5.0 (X11; Fedora; Linux x86_64; rv:79.0) Gecko/20100101 Firefox/79.0"
172.70.188.16 - - [06/Dec/2025:19:46:33 +0100] "GET /wp-content/plugins/limit/ HTTP/1.1" 301 162 "-" "Mozilla/5.0 (Windows NT 10.0; Win64; x64) AppleWebKit/537.36 (KHTML, like Gecko) Chrome/79.0.3945.88 Safari/537.36"
162.158.163.202 - - [06/Dec/2025:19:46:33 +0100] "GET /wp-includes/blocks/ HTTP/1.1" 301 162 "-" "Mozilla/5.0 (Windows NT 10.0; Win64; x64; rv:67.0) Gecko/20100101 Firefox/67.0"
172.70.188.16 - - [06/Dec/2025:19:46:33 +0100] "GET /wp-content/plugins/owfsmac/ HTTP/1.1" 301 162 "-" "Mozilla/5.0 (Windows NT 6.1; Win64; x64) AppleWebKit/537.36 (KHTML, like Gecko) Chrome/79.0.3945.130 Safari/537.36"
172.70.188.16 - - [06/Dec/2025:19:46:34 +0100] "GET /wp-content/plugins/prenota/ HTTP/1.1" 301 162 "-" "Mozilla/5.0 (Windows NT 10.0; Win64; x64) AppleWebKit/537.36 (KHTML, like Gecko) Chrome/58.0.3029.110 Safari/537.3"
162.158.163.202 - - [06/Dec/2025:19:46:34 +0100] "GET /wp-includes/certificates/ HTTP/1.1" 301 162 "-" "Mozilla/5.0 (Windows NT 10.0; Win64; x64) AppleWebKit/537.36 (KHTML, like Gecko) Chrome/74.0.3729.157 Safari/537.36"
172.70.188.16 - - [06/Dec/2025:19:46:34 +0100] "GET /wp-content/plugins/random/ HTTP/1.1" 301 162 "-" "Mozilla/5.0 (Windows NT 6.1; Win64; x64) AppleWebKit/537.36 (KHTML, like Gecko) Chrome/74.0.3729.169 Safari/537.36"
162.158.163.202 - - [06/Dec/2025:19:46:34 +0100] "GET /wp-admin/images/ HTTP/1.1" 301 162 "-" "Mozilla/5.0 (Windows NT 10.0; Win64; x64; rv:76.0) Gecko/20100101 Firefox/76.0"
172.70.188.16 - - [06/Dec/2025:19:46:34 +0100] "GET /wp-content/plugins/ubh/ HTTP/1.1" 301 162 "-" "Mozilla/5.0 (Windows NT 10.0; Win64; x64) AppleWebKit/537.36 (KHTML, like Gecko) Chrome/80.0.3987.149 Safari/537.36"
162.158.163.202 - - [06/Dec/2025:19:46:34 +0100] "GET /wp-admin/maint/ HTTP/1.1" 301 162 "-" "Mozilla/5.0 (Windows NT 10.0; Win64; x64) AppleWebKit/537.36 (KHTML, like Gecko) Chrome/83.0.4103.61 Safari/537.36"
172.70.188.16 - - [06/Dec/2025:19:46:34 +0100] "GET /wp-content/plugins/Uwogh-Segs/ HTTP/1.1" 301 162 "-" "Mozilla/5.0 (Windows NT 10.0; Win64; x64) AppleWebKit/537.36 (KHTML, like Gecko) Chrome/83.0.4103.61 Safari/537.36"
172.70.188.16 - - [06/Dec/2025:19:46:35 +0100] "GET /wp-content/plugins/wp-diambar/includes/ HTTP/1.1" 301 162 "-" "Mozilla/5.0 (X11; Linux x86_64) AppleWebKit/537.36 (KHTML, like Gecko) Chrome/84.0.4147.105 Safari/537.36"
162.158.163.202 - - [06/Dec/2025:19:46:35 +0100] "GET /wp-admin/meta/ HTTP/1.1" 301 162 "-" "Mozilla/5.0 (Windows NT 10.0; Win64; x64; rv:66.0) Gecko/20100101 Firefox/66.0"
172.70.188.16 - - [06/Dec/2025:19:46:35 +0100] "GET /wp-content/plugins/wp-freeform/ HTTP/1.1" 301 162 "-" "Mozilla/5.0 (Windows NT 10.0; Win64; x64) AppleWebKit/537.36 (KHTML, like Gecko) Chrome/77.0.3865.90 Safari/537.36"
162.158.163.202 - - [06/Dec/2025:19:46:35 +0100] "GET /wp-admin/user/ HTTP/1.1" 301 162 "-" "Mozilla/5.0 (Windows NT 6.3; Win64; x64; rv:73.0) Gecko/20100101 Firefox/73.0"
172.70.188.16 - - [06/Dec/2025:19:46:35 +0100] "GET /wp-content/plugins/wp-hps/sh/ HTTP/1.1" 301 162 "-" "Mozilla/5.0 (X11; Ubuntu; Linux x86_64; rv:79.0) Gecko/20100101 Firefox/79.0"
172.70.188.16 - - [06/Dec/2025:19:46:36 +0100] "GET /wp-content/plugins/wpeazvp/ HTTP/1.1" 301 162 "-" "Mozilla/5.0 (X11; Linux x86_64) AppleWebKit/537.36 (KHTML, like Gecko) Chrome/84.0.4147.105 Safari/537.36"
172.70.188.16 - - [06/Dec/2025:19:46:36 +0100] "GET /wp-content/plugins/zaen/includes/ HTTP/1.1" 301 162 "-" "Mozilla/5.0 (Windows NT 6.1; Win64; x64) AppleWebKit/537.36 (KHTML, like Gecko) Chrome/79.0.3945.130 Safari/537.36"
162.158.163.202 - - [06/Dec/2025:19:46:36 +0100] "GET /wp-content/uploads/ao_ccss/ HTTP/1.1" 301 162 "-" "Mozilla/5.0 (Macintosh; Intel Mac OS X 10_10_1) AppleWebKit/537.36 (KHTML, like Gecko) Chrome/39.0.2171.95 Safari/537.36"
172.70.188.16 - - [06/Dec/2025:19:46:36 +0100] "GET /wp-content/uploads/revslider/templates/immersion-photography/ HTTP/1.1" 301 162 "-" "Mozilla/5.0 (Windows NT 10.0; Win64; x64; rv:73.0) Gecko/20100101 Firefox/73.0"
162.158.163.202 - - [06/Dec/2025:19:46:36 +0100] "GET /wp-content/uploads/2021/ HTTP/1.1" 301 162 "-" "Mozilla/5.0 (Windows NT 10.0; Win64; x64; rv:66.0) Gecko/20100101 Firefox/66.0"
172.70.188.16 - - [06/Dec/2025:19:46:37 +0100] "GET /patriotic/wp-includes/images/smilies/ HTTP/1.1" 301 162 "-" "Mozilla/5.0 (Macintosh; Intel Mac OS X 10_10_1) AppleWebKit/537.36 (KHTML, like Gecko) Chrome/39.0.2171.95 Safari/537.36"
172.70.188.16 - - [06/Dec/2025:19:46:37 +0100] "GET /wp-includes/js/tinymce/plugins/fullscreen/ HTTP/1.1" 301 162 "-" "Mozilla/5.0 (Windows NT 10.0; Win64; x64; rv:66.0) Gecko/20100101 Firefox/66.0"
162.158.163.202 - - [06/Dec/2025:19:46:37 +0100] "GET /wp-content/plugins/elementor/ HTTP/1.1" 301 162 "-" "Mozilla/5.0 (Windows NT 6.1; Win64; x64) AppleWebKit/537.36 (KHTML, like Gecko) Chrome/74.0.3729.169 Safari/537.36"
172.70.188.16 - - [06/Dec/2025:19:46:37 +0100] "GET /wp-content/plugins/core-stab/ HTTP/1.1" 301 162 "-" "Mozilla/5.0 (Windows NT 10.0; Win64; x64) AppleWebKit/537.36 (KHTML, like Gecko) Chrome/83.0.4103.61 Safari/537.36"
162.158.163.202 - - [06/Dec/2025:19:46:37 +0100] "GET /wp-content/mu-plugins/ HTTP/1.1" 301 162 "-" "Mozilla/5.0 (Windows NT 10.0; Win64; x64) AppleWebKit/537.36 (KHTML, like Gecko) Chrome/83.0.4103.61 Safari/537.36"
172.70.188.16 - - [06/Dec/2025:19:46:37 +0100] "GET /wp-content/themes/alera/ HTTP/1.1" 301 162 "-" "Mozilla/5.0 (Macintosh; Intel Mac OS X 10_15_6) AppleWebKit/537.36 (KHTML, like Gecko) Chrome/84.0.4147.105 Safari/537.36"
162.158.163.202 - - [06/Dec/2025:19:46:38 +0100] "GET /upload/image/ HTTP/1.1" 301 162 "-" "Mozilla/5.0 (Windows NT 10.0; Win64; x64) AppleWebKit/537.36 (KHTML, like Gecko) Chrome/75.0.3770.100 Safari/537.36"
162.158.163.202 - - [06/Dec/2025:19:46:38 +0100] "GET /wordpress/wp-content/uploads/ HTTP/1.1" 301 162 "-" "Mozilla/5.0 (Macintosh; Intel Mac OS X 10_10_1) AppleWebKit/537.36 (KHTML, like Gecko) Chrome/39.0.2171.95 Safari/537.36"
172.70.188.16 - - [06/Dec/2025:19:46:38 +0100] "GET /wp-content/themes/rishi/ HTTP/1.1" 301 162 "-" "Mozilla/5.0 (Macintosh; Intel Mac OS X 10_10_1) AppleWebKit/537.36 (KHTML, like Gecko) Chrome/39.0.2171.95 Safari/537.36"
162.158.163.202 - - [06/Dec/2025:19:46:38 +0100] "GET /wordpress/wp-includes/ HTTP/1.1" 301 162 "-" "Mozilla/5.0 (Windows NT 6.1; Win64; x64) AppleWebKit/537.36 (KHTML, like Gecko) Chrome/80.0.3987.149 Safari/537.36"
172.70.188.16 - - [06/Dec/2025:19:46:38 +0100] "GET /wp-content/themes/sketch/ HTTP/1.1" 301 162 "-" "Mozilla/5.0 (Windows NT 10.0) AppleWebKit/537.36 (KHTML, like Gecko) Chrome/84.0.4147.105 Safari/537.36"
172.70.188.16 - - [06/Dec/2025:19:46:39 +0100] "GET /wp-content/themes/thuoc-nam/ HTTP/1.1" 301 162 "-" "Mozilla/5.0 (Windows NT 10.0; Win64; x64) AppleWebKit/537.36 (KHTML, like Gecko) Chrome/79.0.3945.130 Safari/537.36"
162.158.163.202 - - [06/Dec/2025:19:46:39 +0100] "GET /blog/wp-includes/ HTTP/1.1" 301 162 "-" "Mozilla/5.0 (Windows NT 10.0; WOW64) AppleWebKit/537.36 (KHTML, like Gecko) Chrome/72.0.3626.121 Safari/537.36"
172.70.188.16 - - [06/Dec/2025:19:46:39 +0100] "GET /wp-content/themes/twentyfive/ HTTP/1.1" 301 162 "-" "Mozilla/5.0 (Windows NT 10.0; WOW64) AppleWebKit/537.36 (KHTML, like Gecko) Chrome/72.0.3626.121 Safari/537.36"
172.70.188.16 - - [06/Dec/2025:19:46:39 +0100] "GET /wp-content/themes/wp-pridmag/ HTTP/1.1" 301 162 "-" "Mozilla/5.0 (Linux x86_64; rv:79.0) Gecko/20100101 Firefox/79.0"
162.158.163.202 - - [06/Dec/2025:19:46:39 +0100] "GET /sites/default/files/ HTTP/1.1" 301 162 "-" "Mozilla/5.0 (compatible; MSIE 10.0; Windows NT 6.1; Trident/6.0)"
172.70.188.16 - - [06/Dec/2025:19:46:40 +0100] "GET /wp-content/themes/pridmag/ HTTP/1.1" 301 162 "-" "Mozilla/5.0 (X11; Ubuntu; Linux x86_64; rv:79.0) Gecko/20100101 Firefox/79.0"
162.158.163.202 - - [06/Dec/2025:19:46:40 +0100] "GET /admin/controller/extension/extension/ HTTP/1.1" 301 162 "-" "Mozilla/5.0 (X11; Linux x86_64) AppleWebKit/537.36 (KHTML, like Gecko) Chrome/84.0.4147.105 Safari/537.36 OPR/70.0.3728.95"
172.70.188.16 - - [06/Dec/2025:19:46:40 +0100] "GET /wp-content/themes/zakra/ HTTP/1.1" 301 162 "-" "Mozilla/5.0 (Macintosh; Intel Mac OS X 10_15_6) AppleWebKit/537.36 (KHTML, like Gecko) Chrome/84.0.4147.105 Safari/537.36"
162.158.163.202 - - [06/Dec/2025:19:46:40 +0100] "GET /admin/editor/ HTTP/1.1" 301 162 "-" "Mozilla/5.0 (X11; Ubuntu; Linux x86_64; rv:79.0) Gecko/20100101 Firefox/79.0"
172.70.188.16 - - [06/Dec/2025:19:46:40 +0100] "GET /wp-content/uploads/simple-file-list/ HTTP/1.1" 301 162 "-" "Mozilla/5.0 (X11; Ubuntu; Linux i686; rv:79.0) Gecko/20100101 Firefox/79.0"
162.158.163.202 - - [06/Dec/2025:19:46:40 +0100] "GET /admin/images/slider/ HTTP/1.1" 301 162 "-" "Mozilla/5.0 (Windows NT 10.0) AppleWebKit/537.36 (KHTML, like Gecko) Chrome/72.0.3626.121 Safari/537.36"
172.70.188.16 - - [06/Dec/2025:19:46:40 +0100] "GET /admin/upload/ HTTP/1.1" 301 162 "-" "Mozilla/5.0 (Windows NT 6.1; Win64; x64) AppleWebKit/537.36 (KHTML, like Gecko) Chrome/58.0.3029.110 Safari/537.3"
162.158.163.202 - - [06/Dec/2025:19:46:41 +0100] "GET /admin/tmp/ HTTP/1.1" 301 162 "-" "Mozilla/5.0 (Windows NT 10.0; WOW64; x64) AppleWebKit/537.36 (KHTML, like Gecko) Chrome/84.0.4147.105 Safari/537.36 OPR/70.0.3728.95"
172.70.188.16 - - [06/Dec/2025:19:46:41 +0100] "GET /wp-admin/css/colors/blue/ HTTP/1.1" 301 162 "-" "Mozilla/5.0 (X11; Fedora; Linux x86_64; rv:79.0) Gecko/20100101 Firefox/79.0"
162.158.163.202 - - [06/Dec/2025:19:46:41 +0100] "GET /admin/uploads/ HTTP/1.1" 301 162 "-" "Mozilla/5.0 (Windows NT 10.0; Win64; x64) AppleWebKit/537.36 (KHTML, like Gecko) Chrome/79.0.3945.79 Safari/537.36"
172.70.188.16 - - [06/Dec/2025:19:46:41 +0100] "GET /up/.well-known/ HTTP/1.1" 301 162 "-" "Mozilla/5.0 (X11; Linux x86_64) AppleWebKit/537.36 (KHTML, like Gecko) Chrome/84.0.4147.105 Safari/537.36 OPR/70.0.3728.95"
172.70.188.16 - - [06/Dec/2025:19:46:41 +0100] "GET /wp-content/plugins/apikey/ HTTP/1.1" 301 162 "-" "Mozilla/5.0 (Windows NT 10.0; Win64; x64) AppleWebKit/537.36 (KHTML, like Gecko) Chrome/83.0.4103.97 Safari/537.36"
162.158.163.202 - - [06/Dec/2025:19:46:42 +0100] "GET /Admin/uploads/ HTTP/1.1" 301 162 "-" "Mozilla/5.0 (X11; Fedora; Linux x86_64; rv:79.0) Gecko/20100101 Firefox/79.0"
172.70.188.16 - - [06/Dec/2025:19:46:42 +0100] "GET /images/ HTTP/1.1" 301 162 "-" "Mozilla/5.0 (Windows NT 10.0; Win64; x64; rv:76.0) Gecko/20100101 Firefox/76.0"
162.158.163.202 - - [06/Dec/2025:19:46:42 +0100] "GET /admin/uploads/images/ HTTP/1.1" 301 162 "-" "Mozilla/5.0 (Windows NT 10.0; Win64; x64) AppleWebKit/537.36 (KHTML, like Gecko) Chrome/84.0.4147.105 Safari/537.36"
172.70.188.16 - - [06/Dec/2025:19:46:42 +0100] "GET /css/ HTTP/1.1" 301 162 "-" "Mozilla/5.0 (X11; Ubuntu; Linux i686; rv:79.0) Gecko/20100101 Firefox/79.0"
172.70.188.16 - - [06/Dec/2025:19:46:42 +0100] "GET /wp-admin/css/ HTTP/1.1" 301 162 "-" "Mozilla/5.0 (Windows NT 6.1; Win64; x64) AppleWebKit/537.36 (KHTML, like Gecko) Chrome/78.0.3904.108 Safari/537.36"
162.158.163.202 - - [06/Dec/2025:19:46:42 +0100] "GET /administrator/ HTTP/1.1" 301 162 "-" "Mozilla/5.0 (Windows NT 6.1; Win64; x64) AppleWebKit/537.36 (KHTML, like Gecko) Chrome/74.0.3729.169 Safari/537.36"
172.70.188.16 - - [06/Dec/2025:19:46:43 +0100] "GET /wp-includes/js/ HTTP/1.1" 301 162 "-" "Mozilla/5.0 (Windows NT 10.0; WOW64; Trident/7.0; .NET4.0C; .NET4.0E; .NET CLR 2.0.50727; .NET CLR 3.0.30729; .NET CLR 3.5.30729; rv:11.0) like Gecko"
172.70.188.16 - - [06/Dec/2025:19:46:43 +0100] "GET /wp-includes/SimplePie/XML/ HTTP/1.1" 301 162 "-" "Mozilla/5.0 (Windows NT 6.1; Win64; x64) AppleWebKit/537.36 (KHTML, like Gecko) Chrome/80.0.3987.149 Safari/537.36"
162.158.163.202 - - [06/Dec/2025:19:46:43 +0100] "GET /ALFA_DATA/alfacgiapi/ HTTP/1.1" 301 162 "-" "Mozilla/5.0 (Windows NT 10.0; WOW64; x64) AppleWebKit/537.36 (KHTML, like Gecko) Chrome/84.0.4147.105 Safari/537.36 OPR/70.0.3728.95"
172.70.188.16 - - [06/Dec/2025:19:46:43 +0100] "GET /wp-content/uploads/wpr-addons/forms/ HTTP/1.1" 301 162 "-" "Mozilla/5.0 (Windows NT 10.0; Win64; x64) AppleWebKit/537.36 (KHTML, like Gecko) Chrome/80.0.3987.149 Safari/537.36"
162.158.163.202 - - [06/Dec/2025:19:46:43 +0100] "GET /assets/ HTTP/1.1" 301 162 "-" "Mozilla/5.0 (Windows NT 10.0; Win64; x64) AppleWebKit/537.36 (KHTML, like Gecko) Chrome/74.0.3729.169 Safari/537.36"
172.70.188.16 - - [06/Dec/2025:19:46:43 +0100] "GET /wp-content/plugins/WordPressCore/ HTTP/1.1" 301 162 "-" "Mozilla/5.0 (X11; Ubuntu; Linux x86_64; rv:79.0) Gecko/20100101 Firefox/79.0"
162.158.163.202 - - [06/Dec/2025:19:46:44 +0100] "GET /cgi-bin/ HTTP/1.1" 301 162 "-" "Mozilla/5.0 (Windows NT 10.0; Win64; x64; rv:74.0) Gecko/20100101 Firefox/74.0"
172.70.188.16 - - [06/Dec/2025:19:46:44 +0100] "GET /wordpress/wp-admin/includes/ HTTP/1.1" 301 162 "-" "Mozilla/5.0 (Windows NT 10.0; Win64; x64) AppleWebKit/537.36 (KHTML, like Gecko) Chrome/70.0.3538.110 Safari/537.36"
172.70.188.16 - - [06/Dec/2025:19:46:44 +0100] "GET /wp-includes/ HTTP/1.1" 301 162 "-" "Mozilla/5.0 (X11; Linux x86_64) AppleWebKit/537.36 (KHTML, like Gecko) Chrome/84.0.4147.105 Safari/537.36 OPR/70.0.3728.95"
162.158.163.202 - - [06/Dec/2025:19:46:44 +0100] "GET /components/ HTTP/1.1" 301 162 "-" "Mozilla/5.0 (X11; Linux x86_64) AppleWebKit/537.36 (KHTML, like Gecko) Chrome/84.0.4147.105 Safari/537.36 OPR/70.0.3728.95"
172.70.188.16 - - [06/Dec/2025:19:46:44 +0100] "GET /wp-includes/IXR/ HTTP/1.1" 301 162 "-" "Mozilla/5.0 (X11; Ubuntu; Linux i686; rv:79.0) Gecko/20100101 Firefox/79.0"
162.158.163.202 - - [06/Dec/2025:19:46:44 +0100] "GET /home/ HTTP/1.1" 301 162 "-" "Mozilla/5.0 (Macintosh; Intel Mac OS X 10_15_6) AppleWebKit/537.36 (KHTML, like Gecko) Chrome/84.0.4147.105 Safari/537.36 OPR/70.0.3728.95"
172.70.188.16 - - [06/Dec/2025:19:46:45 +0100] "GET /wp-includes/SimplePie/ HTTP/1.1" 301 162 "-" "Mozilla/5.0 (X11; Ubuntu; Linux i686; rv:79.0) Gecko/20100101 Firefox/79.0"
162.158.163.202 - - [06/Dec/2025:19:46:45 +0100] "GET /include/ HTTP/1.1" 301 162 "-" "Mozilla/5.0 (Macintosh; Intel Mac OS X 10.15; rv:79.0) Gecko/20100101 Firefox/79.0"
172.70.188.16 - - [06/Dec/2025:19:46:45 +0100] "GET /wp-includes/Text/ HTTP/1.1" 301 162 "-" "Mozilla/5.0 (Windows NT 10.0; Win64; x64; rv:66.0) Gecko/20100101 Firefox/66.0"
162.158.163.202 - - [06/Dec/2025:19:46:45 +0100] "GET /modules/ HTTP/1.1" 301 162 "-" "Mozilla/5.0 (Windows NT 10.0; Win64; x64) AppleWebKit/537.36 (KHTML, like Gecko) Chrome/83.0.4103.61 Safari/537.36"
172.70.188.16 - - [06/Dec/2025:19:46:45 +0100] "GET /wp-includes/Text/Diff/Renderer/ HTTP/1.1" 301 162 "-" "Mozilla/5.0 (Windows NT 6.1; Win64; x64) AppleWebKit/537.36 (KHTML, like Gecko) Chrome/58.0.3029.110 Safari/537.3"
172.70.188.16 - - [06/Dec/2025:19:46:46 +0100] "GET /wp-includes/customize/ HTTP/1.1" 301 162 "-" "Mozilla/5.0 (Windows NT 6.1; Win64; x64) AppleWebKit/537.36 (KHTML, like Gecko) Chrome/78.0.3904.108 Safari/537.36"
162.158.163.202 - - [06/Dec/2025:19:46:46 +0100] "GET /modules/mod_simplefileuploadv1.3/elements/ HTTP/1.1" 301 162 "-" "Mozilla/5.0 (Windows NT 6.1; Win64; x64) AppleWebKit/537.36 (KHTML, like Gecko) Chrome/78.0.3904.108 Safari/537.36"
172.70.188.16 - - [06/Dec/2025:19:46:46 +0100] "GET /wp-includes/fonts/ HTTP/1.1" 301 162 "-" "Mozilla/5.0 (Macintosh; Intel Mac OS X 10_15_6) AppleWebKit/537.36 (KHTML, like Gecko) Chrome/84.0.4147.105 Safari/537.36 OPR/70.0.3728.95"
162.158.163.202 - - [06/Dec/2025:19:46:46 +0100] "GET /mt/ HTTP/1.1" 301 162 "-" "Mozilla/5.0 (X11; Ubuntu; Linux i686; rv:79.0) Gecko/20100101 Firefox/79.0"
172.70.188.16 - - [06/Dec/2025:19:46:46 +0100] "GET /wp-includes/pomo/ HTTP/1.1" 301 162 "-" "Mozilla/5.0 (Windows NT 10.0; Win64; x64) AppleWebKit/537.36 (KHTML, like Gecko) Chrome/81.0.4044.129 Safari/537.36"
162.158.163.202 - - [06/Dec/2025:19:46:46 +0100] "GET /site/wp-includes/ HTTP/1.1" 301 162 "-" "Mozilla/5.0 (Windows NT 10.0; Win64; x64) AppleWebKit/537.36 (KHTML, like Gecko) Chrome/84.0.4147.105 Safari/537.36 OPR/70.0.3728.95"
172.70.188.16 - - [06/Dec/2025:19:46:46 +0100] "GET /wp-includes/rest-api/ HTTP/1.1" 301 162 "-" "Mozilla/5.0 (Windows NT 10.0; Win64; x64; rv:75.0) Gecko/20100101 Firefox/75.0"
172.70.188.16 - - [06/Dec/2025:19:46:47 +0100] "GET /wp-content/plugins/ HTTP/1.1" 301 162 "-" "Mozilla/5.0 (Windows NT 6.1; Win64; x64) AppleWebKit/537.36 (KHTML, like Gecko) Chrome/80.0.3987.149 Safari/537.36"
162.158.163.202 - - [06/Dec/2025:19:46:47 +0100] "GET /tmps/ HTTP/1.1" 301 162 "-" "Mozilla/5.0 (Windows NT 6.1; Win64; x64) AppleWebKit/537.36 (KHTML, like Gecko) Chrome/80.0.3987.149 Safari/537.36"
172.70.188.16 - - [06/Dec/2025:19:46:47 +0100] "GET /wp-content/plugins/pwnd/ HTTP/1.1" 301 162 "-" "Mozilla/5.0 (Macintosh; Intel Mac OS X 10.15; rv:79.0) Gecko/20100101 Firefox/79.0"
162.158.163.202 - - [06/Dec/2025:19:46:47 +0100] "GET /wordpress/wp-admin/includes/wp-admin/js/ HTTP/1.1" 301 162 "-" "Mozilla/5.0 (Windows NT 10.0; Win64; x64; rv:73.0) Gecko/20100101 Firefox/73.0"
172.70.188.16 - - [06/Dec/2025:19:46:47 +0100] "GET /about/ HTTP/1.1" 301 162 "-" "Mozilla/5.0 (Windows NT 10.0; Win64; x64) AppleWebKit/537.36 (KHTML, like Gecko) Chrome/79.0.3945.88 Safari/537.36"
162.158.163.202 - - [06/Dec/2025:19:46:47 +0100] "GET /wp-admin/css/colors/light/ HTTP/1.1" 301 162 "-" "Mozilla/5.0 (Windows NT 10.0; WOW64) AppleWebKit/537.36 (KHTML, like Gecko) Chrome/84.0.4147.105 Safari/537.36"
172.70.188.16 - - [06/Dec/2025:19:46:48 +0100] "GET /plugins/jquery.filer/uploads/ HTTP/1.1" 301 162 "-" "Mozilla/5.0 (Windows NT 6.1; Win64; x64) AppleWebKit/537.36 (KHTML, like Gecko) Chrome/79.0.3945.130 Safari/537.36"
162.158.163.202 - - [06/Dec/2025:19:46:48 +0100] "GET /wp-admin/css/colors/midnight/ HTTP/1.1" 301 162 "-" "Mozilla/5.0 (Windows NT 10.0; Win64; x64) AppleWebKit/537.36 (KHTML, like Gecko) Chrome/79.0.3945.88 Safari/537.36"
172.70.188.16 - - [06/Dec/2025:19:46:48 +0100] "GET /wp-content/plugins/dummyyummy/ HTTP/1.1" 301 162 "-" "Mozilla/5.0 (Windows NT 10.0; Win64; x64) AppleWebKit/537.36 (KHTML, like Gecko) Chrome/70.0.3538.77 Safari/537.36"
172.70.188.16 - - [06/Dec/2025:19:46:48 +0100] "GET /wp-content/themes/seotheme/ HTTP/1.1" 301 162 "-" "Mozilla/5.0 (Windows NT 10.0; Win64; x64) AppleWebKit/537.36 (KHTML, like Gecko) Chrome/83.0.4103.97 Safari/537.36"
162.158.163.202 - - [06/Dec/2025:19:46:48 +0100] "GET /wp-admin/css/colors/modern/ HTTP/1.1" 301 162 "-" "Mozilla/5.0 (Windows NT 10.0; Win64; x64) AppleWebKit/537.36 (KHTML, like Gecko) Chrome/79.0.3945.88 Safari/537.36"
172.70.188.16 - - [06/Dec/2025:19:46:49 +0100] "GET /wp-content/plugins/core/ HTTP/1.1" 301 162 "-" "Mozilla/5.0 (Windows NT 10.0; WOW64; Trident/7.0; .NET4.0C; .NET4.0E; .NET CLR 2.0.50727; .NET CLR 3.0.30729; .NET CLR 3.5.30729; rv:11.0) like Gecko"
162.158.163.202 - - [06/Dec/2025:19:46:49 +0100] "GET /wp-admin/css/colors/ocean/ HTTP/1.1" 301 162 "-" "Mozilla/5.0 (Windows NT 10.0; Win64; x64) AppleWebKit/537.36 (KHTML, like Gecko) Chrome/83.0.4103.97 Safari/537.36"
172.70.188.16 - - [06/Dec/2025:19:46:49 +0100] "GET /wp-content/plugins/revslider/includes/external/page/ HTTP/1.1" 301 162 "-" "Mozilla/5.0 (Windows NT 6.1; Win64; x64) AppleWebKit/537.36 (KHTML, like Gecko) Chrome/78.0.3904.108 Safari/537.36"
162.158.163.202 - - [06/Dec/2025:19:46:49 +0100] "GET /wp-content/languages/ HTTP/1.1" 301 162 "-" "Mozilla/5.0 (Windows NT 10.0; WOW64; x64) AppleWebKit/537.36 (KHTML, like Gecko) Chrome/84.0.4147.105 Safari/537.36 OPR/70.0.3728.95"
172.70.188.16 - - [06/Dec/2025:19:46:49 +0100] "GET /wp-content/plugins/Cache/ HTTP/1.1" 301 162 "-" "Mozilla/5.0 (Windows NT 10.0; Win64; x64; rv:66.0) Gecko/20100101 Firefox/66.0"
162.158.163.202 - - [06/Dec/2025:19:46:49 +0100] "GET /wp-content/uploads/2022/ HTTP/1.1" 301 162 "-" "Mozilla/5.0 (Windows NT 6.1; Win64; x64) AppleWebKit/537.36 (KHTML, like Gecko) Chrome/78.0.3904.108 Safari/537.36"
172.70.188.16 - - [06/Dec/2025:19:46:49 +0100] "GET /wp-content/themes/ HTTP/1.1" 301 162 "-" "Mozilla/5.0 (Windows NT 6.3; Win64; x64; rv:73.0) Gecko/20100101 Firefox/73.0"
162.158.163.202 - - [06/Dec/2025:19:46:50 +0100] "GET /wp-content/uploads/2023/ HTTP/1.1" 301 162 "-" "Mozilla/5.0 (Windows NT 10.0; Win64; x64; rv:71.0) Gecko/20100101 Firefox/71.0"
172.70.188.16 - - [06/Dec/2025:19:46:50 +0100] "GET /wp-content/plugins/seoplugins/ HTTP/1.1" 301 162 "-" "Mozilla/5.0 (Windows NT 10.0; Win64; x64) AppleWebKit/537.36 (KHTML, like Gecko) Chrome/74.0.3729.157 Safari/537.36"
172.70.188.16 - - [06/Dec/2025:19:46:50 +0100] "GET /fonts/ HTTP/1.1" 301 162 "-" "Mozilla/5.0 (Windows NT 10.0; Win64; x64) AppleWebKit/537.36 (KHTML, like Gecko) Chrome/58.0.3029.110 Safari/537.3"
162.158.163.202 - - [06/Dec/2025:19:46:50 +0100] "GET /wp-content/uploads/2024/ HTTP/1.1" 301 162 "-" "Mozilla/5.0 (X11; Linux i686; rv:79.0) Gecko/20100101 Firefox/79.0"
172.70.188.16 - - [06/Dec/2025:19:46:50 +0100] "GET /js/ HTTP/1.1" 301 162 "-" "Mozilla/5.0 (Windows NT 10.0; WOW64; x64) AppleWebKit/537.36 (KHTML, like Gecko) Chrome/84.0.4147.105 Safari/537.36 OPR/70.0.3728.95"
162.158.163.202 - - [06/Dec/2025:19:46:50 +0100] "GET /wp-includes/wp-includes/ HTTP/1.1" 301 162 "-" "Mozilla/5.0 (X11; Fedora; Linux x86_64; rv:79.0) Gecko/20100101 Firefox/79.0"
172.70.188.16 - - [06/Dec/2025:19:46:51 +0100] "GET /routes/ HTTP/1.1" 301 162 "-" "Mozilla/5.0 (X11; Linux x86_64) AppleWebKit/537.36 (KHTML, like Gecko) Chrome/84.0.4147.105 Safari/537.36"
162.158.163.202 - - [06/Dec/2025:19:46:51 +0100] "GET /wp-includes/ID3/ HTTP/1.1" 301 162 "-" "Mozilla/5.0 (Windows NT 10.0; WOW64; x64) AppleWebKit/537.36 (KHTML, like Gecko) Chrome/84.0.4147.105 Safari/537.36 OPR/70.0.3728.95"
172.70.188.16 - - [06/Dec/2025:19:46:51 +0100] "GET /uploads/ HTTP/1.1" 301 162 "-" "Mozilla/5.0 (Windows NT 10.0; Win64; x64) AppleWebKit/537.36 (KHTML, like Gecko) Chrome/58.0.3029.110 Safari/537.3"
162.158.163.202 - - [06/Dec/2025:19:46:51 +0100] "GET /wp-includes/ID3/wp-includes/IXR/ HTTP/1.1" 301 162 "-" "Mozilla/5.0 (Windows NT 6.1; Win64; x64) AppleWebKit/537.36 (KHTML, like Gecko) Chrome/74.0.3729.169 Safari/537.36"
162.158.163.202 - - [06/Dec/2025:19:46:51 +0100] "GET /wp-includes/images/crystal/ HTTP/1.1" 301 162 "-" "Mozilla/5.0 (Windows NT 10.0; Win64; x64) AppleWebKit/537.36 (KHTML, like Gecko) Chrome/83.0.4103.61 Safari/537.36"
172.70.188.16 - - [06/Dec/2025:19:46:52 +0100] "GET /templates/beez3/ HTTP/1.1" 301 162 "-" "Mozilla/5.0 (Windows NT 10.0; Win64; x64; rv:73.0) Gecko/20100101 Firefox/73.0"
162.158.163.202 - - [06/Dec/2025:19:46:52 +0100] "GET /wp-includes/images/media/ HTTP/1.1" 301 162 "-" "Mozilla/5.0 (Linux x86_64; rv:79.0) Gecko/20100101 Firefox/79.0"
172.70.188.16 - - [06/Dec/2025:19:46:52 +0100] "GET /wp-content/themes/digital-download/ HTTP/1.1" 301 162 "-" "Mozilla/5.0 (Windows NT 10.0; WOW64) AppleWebKit/537.36 (KHTML, like Gecko) Chrome/72.0.3626.121 Safari/537.36"
172.70.188.16 - - [06/Dec/2025:19:46:52 +0100] "GET /wp-content/plugins/wp-theme-editor/ HTTP/1.1" 301 162 "-" "Mozilla/5.0 (X11; Ubuntu; Linux x86_64; rv:79.0) Gecko/20100101 Firefox/79.0"
162.158.163.202 - - [06/Dec/2025:19:46:52 +0100] "GET /wp-includes/images/smilies/ HTTP/1.1" 301 162 "-" "Mozilla/5.0 (Windows NT 10.0; Win64; x64; rv:66.0) Gecko/20100101 Firefox/66.0"
172.70.188.16 - - [06/Dec/2025:19:46:52 +0100] "GET /templates/atomic/ HTTP/1.1" 301 162 "-" "Mozilla/5.0 (Windows NT 6.1; Win64; x64) AppleWebKit/537.36 (KHTML, like Gecko) Chrome/74.0.3729.169 Safari/537.36"
162.158.163.202 - - [06/Dec/2025:19:46:53 +0100] "GET /wp-includes/images/wlw/ HTTP/1.1" 301 162 "-" "Mozilla/5.0 (X11; Ubuntu; Linux i686; rv:79.0) Gecko/20100101 Firefox/79.0"
172.70.188.16 - - [06/Dec/2025:19:46:53 +0100] "GET /wp-content/plugins/seoo/ HTTP/1.1" 301 162 "-" "Mozilla/5.0 (Windows NT 10.0; WOW64; Trident/7.0; .NET4.0C; .NET4.0E; .NET CLR 2.0.50727; .NET CLR 3.0.30729; .NET CLR 3.5.30729; rv:11.0) like Gecko"
162.158.163.202 - - [06/Dec/2025:19:46:53 +0100] "GET /wp-includes/js/codemirror/ HTTP/1.1" 301 162 "-" "Mozilla/5.0 (Windows NT 10.0; Win64; x64) AppleWebKit/537.36 (KHTML, like Gecko) Chrome/79.0.3945.88 Safari/537.36"
172.70.188.16 - - [06/Dec/2025:19:46:53 +0100] "GET /wp-includes/js/jcrop/ HTTP/1.1" 301 162 "-" "Mozilla/5.0 (Macintosh; Intel Mac OS X 10.15; rv:79.0) Gecko/20100101 Firefox/79.0"
162.158.163.202 - - [06/Dec/2025:19:46:53 +0100] "GET /wp-includes/js/plupload/ HTTP/1.1" 301 162 "-" "Mozilla/5.0 (X11; Linux i686; rv:79.0) Gecko/20100101 Firefox/79.0"
172.70.188.16 - - [06/Dec/2025:19:46:54 +0100] "GET /wp-content/plugins/google-seo-rank/ HTTP/1.1" 301 162 "-" "Mozilla/5.0 (Macintosh; Intel Mac OS X 10_15_6) AppleWebKit/537.36 (KHTML, like Gecko) Chrome/84.0.4147.105 Safari/537.36 OPR/70.0.3728.95"
162.158.163.202 - - [06/Dec/2025:19:46:54 +0100] "GET /wp-includes/PHPMailer/ HTTP/1.1" 301 162 "-" "Mozilla/5.0 (Windows NT 10.0; Win64; x64) AppleWebKit/537.36 (KHTML, like Gecko) Chrome/79.0.3945.88 Safari/537.36"
172.70.188.16 - - [06/Dec/2025:19:46:54 +0100] "GET /wp-content/plugins/erin/ HTTP/1.1" 301 162 "-" "Mozilla/5.0 (Windows NT 10.0; Win64; x64; rv:71.0) Gecko/20100101 Firefox/71.0"
162.158.163.202 - - [06/Dec/2025:19:46:54 +0100] "GET /wp-includes/sitemaps/providers/ HTTP/1.1" 301 162 "-" "Mozilla/5.0 (Windows NT 10.0; Win64; x64; rv:72.0) Gecko/20100101 Firefox/72.0"
172.70.188.16 - - [06/Dec/2025:19:46:54 +0100] "GET /wp-content/maintenance/ HTTP/1.1" 301 162 "-" "Mozilla/5.0 (X11; Linux x86_64) AppleWebKit/537.36 (KHTML, like Gecko) Chrome/84.0.4147.105 Safari/537.36"
162.158.163.202 - - [06/Dec/2025:19:46:54 +0100] "GET /cache-wordpress/ HTTP/1.1" 301 162 "-" "Mozilla/5.0 (Windows NT 10.0; Win64; x64; rv:79.0) Gecko/20100101 Firefox/79.0"
172.70.188.16 - - [06/Dec/2025:19:46:55 +0100] "GET /wp-content/x/ HTTP/1.1" 301 162 "-" "Mozilla/5.0 (Windows NT 10.0; Win64; x64; rv:73.0) Gecko/20100101 Firefox/73.0"
162.158.163.202 - - [06/Dec/2025:19:46:55 +0100] "GET /wp-content/ALFA_DATA/alfacgiapi/ HTTP/1.1" 301 162 "-" "Mozilla/5.0 (Windows NT 10.0; Win64; x64; rv:73.0) Gecko/20100101 Firefox/73.0"
172.70.188.16 - - [06/Dec/2025:19:46:55 +0100] "GET /wp-content/plugins/seooyanz/ HTTP/1.1" 301 162 "-" "Mozilla/5.0 (Macintosh; Intel Mac OS X 10_10_1) AppleWebKit/537.36 (KHTML, like Gecko) Chrome/39.0.2171.95 Safari/537.36"
162.158.163.202 - - [06/Dec/2025:19:46:55 +0100] "GET /wp-content/plugins/linkpreview/ HTTP/1.1" 301 162 "-" "Mozilla/5.0 (Windows NT 6.1; Win64; x64) AppleWebKit/537.36 (KHTML, like Gecko) Chrome/80.0.3987.149 Safari/537.36"
172.70.188.16 - - [06/Dec/2025:19:46:55 +0100] "GET /wp-content/themes/sky-pro/ HTTP/1.1" 301 162 "-" "Mozilla/5.0 (Windows NT 10.0; Win64; x64) AppleWebKit/537.36 (KHTML, like Gecko) Chrome/84.0.4147.105 Safari/537.36"
162.158.163.202 - - [06/Dec/2025:19:46:55 +0100] "GET /wp-content/plugins/aryabot/ HTTP/1.1" 301 162 "-" "Mozilla/5.0 (Windows NT 10.0; Win64; x64; rv:79.0) Gecko/20100101 Firefox/79.0"
172.70.188.16 - - [06/Dec/2025:19:46:55 +0100] "GET /wp-content/plugins/cp-pro/ HTTP/1.1" 301 162 "-" "Mozilla/5.0 (Windows NT 6.1; Win64; x64) AppleWebKit/537.36 (KHTML, like Gecko) Chrome/79.0.3945.130 Safari/537.36"
162.158.163.202 - - [06/Dec/2025:19:46:56 +0100] "GET /wp-content/plugins/BrutalShell/ HTTP/1.1" 301 162 "-" "Mozilla/5.0 (Windows NT 10.0; WOW64; x64) AppleWebKit/537.36 (KHTML, like Gecko) Chrome/84.0.4147.105 Safari/537.36 OPR/70.0.3728.95"
172.70.188.16 - - [06/Dec/2025:19:46:56 +0100] "GET /ALFA_DATA/alfacgiapi/perl.alfa HTTP/1.1" 301 162 "-" "Mozilla/5.0 (Windows NT 10.0; Win64; x64) AppleWebKit/537.36 (KHTML, like Gecko) Chrome/84.0.4147.105 Safari/537.36"
162.158.163.202 - - [06/Dec/2025:19:46:56 +0100] "GET /wp-content/plugins/cache-wordpress/ HTTP/1.1" 301 162 "-" "Mozilla/5.0 (Windows NT 10.0; Win64; x64) AppleWebKit/537.36 (KHTML, like Gecko) Chrome/80.0.3987.149 Safari/537.36"
172.70.188.16 - - [06/Dec/2025:19:46:56 +0100] "GET /wp-content/uploads/typehub/custom/ HTTP/1.1" 301 162 "-" "Mozilla/5.0 (Windows NT 10.0; WOW64; x64) AppleWebKit/537.36 (KHTML, like Gecko) Chrome/84.0.4147.105 Safari/537.36 OPR/70.0.3728.95"
162.158.163.202 - - [06/Dec/2025:19:46:57 +0100] "GET /wp-content/plugins/cakil/ HTTP/1.1" 301 162 "-" "Mozilla/5.0 (Windows NT 10.0; Win64; x64; rv:75.0) Gecko/20100101 Firefox/75.0"
172.70.188.16 - - [06/Dec/2025:19:46:57 +0100] "GET /wp-content/plugins/rencontre/inc/photo_import/ HTTP/1.1" 301 162 "-" "Mozilla/5.0 (Windows NT 10.0; Win64; x64) AppleWebKit/537.36 (KHTML, like Gecko) Chrome/79.0.3945.130 Safari/537.36"
162.158.163.202 - - [06/Dec/2025:19:46:57 +0100] "GET /wp-content/plugins/cekidot/ HTTP/1.1" 301 162 "-" "Mozilla/5.0 (Windows NT 6.1; Win64; x64) AppleWebKit/537.36 (KHTML, like Gecko) Chrome/79.0.3945.130 Safari/537.36"
172.70.188.16 - - [06/Dec/2025:19:46:57 +0100] "GET /wp-content/plugins/backup-backup/includes/ HTTP/1.1" 301 162 "-" "Mozilla/5.0 (Windows NT 10.0; Win64; x64) AppleWebKit/537.36 (KHTML, like Gecko) Chrome/74.0.3729.169 Safari/537.36"
162.158.163.202 - - [06/Dec/2025:19:46:57 +0100] "GET /wp-content/plugins/db/ HTTP/1.1" 301 162 "-" "Mozilla/5.0 (Windows NT 10.0; Win64; x64) AppleWebKit/537.36 (KHTML, like Gecko) Chrome/79.0.3945.88 Safari/537.36"
162.158.163.202 - - [06/Dec/2025:19:46:57 +0100] "GET /wp-content/plugins/home/ HTTP/1.1" 301 162 "-" "Mozilla/5.0 (Windows NT 10.0; WOW64; x64) AppleWebKit/537.36 (KHTML, like Gecko) Chrome/84.0.4147.105 Safari/537.36 OPR/70.0.3728.95"
172.70.188.16 - - [06/Dec/2025:19:46:57 +0100] "GET /wp-content/plugins/pwnd-1/ HTTP/1.1" 301 162 "-" "Mozilla/5.0 (Windows NT 10.0; Win64; x64) AppleWebKit/537.36 (KHTML, like Gecko) Chrome/84.0.4147.105 Safari/537.36"
172.70.188.16 - - [06/Dec/2025:19:46:58 +0100] "GET /.tmb/ HTTP/1.1" 301 162 "-" "Mozilla/5.0 (Windows NT 10.0; Win64; x64) AppleWebKit/537.36 (KHTML, like Gecko) Chrome/58.0.3029.110 Safari/537.3"
162.158.163.202 - - [06/Dec/2025:19:46:58 +0100] "GET /wp-content/plugins/limit/ HTTP/1.1" 301 162 "-" "Mozilla/5.0 (Windows NT 6.1; Win64; x64) AppleWebKit/537.36 (KHTML, like Gecko) Chrome/58.0.3029.110 Safari/537.3"
172.70.188.16 - - [06/Dec/2025:19:46:58 +0100] "GET /wp-content/plugins/fix/ HTTP/1.1" 301 162 "-" "Mozilla/5.0 (Windows NT 10.0; WOW64) AppleWebKit/537.36 (KHTML, like Gecko) Chrome/72.0.3626.121 Safari/537.36"
162.158.163.202 - - [06/Dec/2025:19:46:58 +0100] "GET /wp-content/plugins/owfsmac/ HTTP/1.1" 301 162 "-" "Mozilla/5.0 (Windows NT 6.3; Win64; x64; rv:73.0) Gecko/20100101 Firefox/73.0"
172.70.188.16 - - [06/Dec/2025:19:46:58 +0100] "GET /includes/ HTTP/1.1" 301 162 "-" "Mozilla/5.0 (X11; Ubuntu; Linux x86_64; rv:79.0) Gecko/20100101 Firefox/79.0"
172.70.188.16 - - [06/Dec/2025:19:46:59 +0100] "GET /themes/pridmag/ HTTP/1.1" 301 162 "-" "Mozilla/5.0 (Windows NT 10.0; Win64; x64) AppleWebKit/537.36 (KHTML, like Gecko) Chrome/79.0.3945.79 Safari/537.36"
162.158.163.202 - - [06/Dec/2025:19:46:59 +0100] "GET /wp-content/plugins/prenota/ HTTP/1.1" 301 162 "-" "Mozilla/5.0 (Windows NT 6.1; Win64; x64) AppleWebKit/537.36 (KHTML, like Gecko) Chrome/80.0.3987.149 Safari/537.36"
162.158.163.202 - - [06/Dec/2025:19:46:59 +0100] "GET /wp-content/plugins/random/ HTTP/1.1" 301 162 "-" "Mozilla/5.0 (X11; Linux x86_64) AppleWebKit/537.36 (KHTML, like Gecko) Chrome/84.0.4147.105 Safari/537.36 OPR/70.0.3728.95"
162.158.163.202 - - [06/Dec/2025:19:46:59 +0100] "GET /wp-content/plugins/ubh/ HTTP/1.1" 301 162 "-" "Mozilla/5.0 (Macintosh; Intel Mac OS X 10_15_6) AppleWebKit/537.36 (KHTML, like Gecko) Chrome/84.0.4147.105 Safari/537.36"
162.158.163.202 - - [06/Dec/2025:19:47:00 +0100] "GET /wp-content/plugins/Uwogh-Segs/ HTTP/1.1" 301 162 "-" "Mozilla/5.0 (Macintosh; Intel Mac OS X 10_15_6) AppleWebKit/537.36 (KHTML, like Gecko) Chrome/84.0.4147.125 Safari/537.36"
162.158.163.202 - - [06/Dec/2025:19:47:00 +0100] "GET /wp-content/plugins/wp-diambar/includes/ HTTP/1.1" 301 162 "-" "Mozilla/5.0 (Windows NT 6.1; Win64; x64) AppleWebKit/537.36 (KHTML, like Gecko) Chrome/78.0.3904.108 Safari/537.36"
162.158.163.202 - - [06/Dec/2025:19:47:00 +0100] "GET /wp-content/plugins/wp-freeform/ HTTP/1.1" 301 162 "-" "Mozilla/5.0 (X11; Ubuntu; Linux i686; rv:79.0) Gecko/20100101 Firefox/79.0"
162.158.163.202 - - [06/Dec/2025:19:47:01 +0100] "GET /wp-content/plugins/wp-hps/sh/ HTTP/1.1" 301 162 "-" "Mozilla/5.0 (Windows NT 10.0; Win64; x64; rv:77.0) Gecko/20100101 Firefox/77.0"
162.158.163.202 - - [06/Dec/2025:19:47:01 +0100] "GET /wp-content/plugins/wpeazvp/ HTTP/1.1" 301 162 "-" "Mozilla/5.0 (Macintosh; Intel Mac OS X 10_10_1) AppleWebKit/537.36 (KHTML, like Gecko) Chrome/39.0.2171.95 Safari/537.36"
162.158.163.202 - - [06/Dec/2025:19:47:01 +0100] "GET /wp-content/plugins/zaen/includes/ HTTP/1.1" 301 162 "-" "Mozilla/5.0 (Windows NT 10.0; Win64; x64) AppleWebKit/537.36 (KHTML, like Gecko) Chrome/58.0.3029.110 Safari/537.3"
162.158.163.202 - - [06/Dec/2025:19:47:02 +0100] "GET /wp-content/uploads/revslider/templates/immersion-photography/ HTTP/1.1" 301 162 "-" "Mozilla/5.0 (Windows NT 10.0; Win64; x64) AppleWebKit/537.36 (KHTML, like Gecko) Chrome/79.0.3945.130 Safari/537.36"
162.158.163.202 - - [06/Dec/2025:19:47:02 +0100] "GET /patriotic/wp-includes/images/smilies/ HTTP/1.1" 301 162 "-" "Mozilla/5.0 (Windows NT 10.0; Win64; x64; rv:66.0) Gecko/20100101 Firefox/66.0"
162.158.163.202 - - [06/Dec/2025:19:47:02 +0100] "GET /wp-includes/js/tinymce/plugins/fullscreen/ HTTP/1.1" 301 162 "-" "Mozilla/5.0 (Windows NT 10.0; Win64; x64) AppleWebKit/537.36 (KHTML, like Gecko) Chrome/77.0.3865.90 Safari/537.36"
162.158.163.202 - - [06/Dec/2025:19:47:03 +0100] "GET /wp-content/plugins/core-stab/ HTTP/1.1" 301 162 "-" "Mozilla/5.0 (Windows NT 10.0; Win64; x64) AppleWebKit/537.36 (KHTML, like Gecko) Chrome/83.0.4103.97 Safari/537.36"
162.158.163.202 - - [06/Dec/2025:19:47:03 +0100] "GET /wp-content/themes/alera/ HTTP/1.1" 301 162 "-" "Mozilla/5.0 (Windows NT 10.0; Win64; x64) AppleWebKit/537.36 (KHTML, like Gecko) Chrome/70.0.3538.77 Safari/537.36"
162.158.163.202 - - [06/Dec/2025:19:47:03 +0100] "GET /wp-content/themes/rishi/ HTTP/1.1" 301 162 "-" "Mozilla/5.0 (X11; Ubuntu; Linux x86_64; rv:79.0) Gecko/20100101 Firefox/79.0"
162.158.163.202 - - [06/Dec/2025:19:47:04 +0100] "GET /wp-content/themes/sketch/ HTTP/1.1" 301 162 "-" "Mozilla/5.0 (Windows NT 10.0; Win64; x64) AppleWebKit/537.36 (KHTML, like Gecko) Chrome/79.0.3945.88 Safari/537.36"
162.158.163.202 - - [06/Dec/2025:19:47:04 +0100] "GET /wp-content/themes/thuoc-nam/ HTTP/1.1" 301 162 "-" "Mozilla/5.0 (Macintosh; Intel Mac OS X 10_15_6) AppleWebKit/537.36 (KHTML, like Gecko) Chrome/84.0.4147.125 Safari/537.36"
162.158.163.202 - - [06/Dec/2025:19:47:04 +0100] "GET /wp-content/themes/twentyfive/ HTTP/1.1" 301 162 "-" "Mozilla/5.0 (Windows NT 10.0; Win64; x64) AppleWebKit/537.36 (KHTML, like Gecko) Chrome/83.0.4103.61 Safari/537.36"
162.158.163.202 - - [06/Dec/2025:19:47:05 +0100] "GET /wp-content/themes/wp-pridmag/ HTTP/1.1" 301 162 "-" "Mozilla/5.0 (Macintosh; Intel Mac OS X 10_10_1) AppleWebKit/537.36 (KHTML, like Gecko) Chrome/39.0.2171.95 Safari/537.36"
162.158.163.202 - - [06/Dec/2025:19:47:05 +0100] "GET /wp-content/themes/pridmag/ HTTP/1.1" 301 162 "-" "Mozilla/5.0 (Windows NT 10.0; Win64; x64) AppleWebKit/537.36 (KHTML, like Gecko) Chrome/75.0.3770.100 Safari/537.36"
162.158.163.202 - - [06/Dec/2025:19:47:06 +0100] "GET /wp-content/themes/zakra/ HTTP/1.1" 301 162 "-" "Mozilla/5.0 (X11; Ubuntu; Linux i686; rv:79.0) Gecko/20100101 Firefox/79.0"
162.158.163.202 - - [06/Dec/2025:19:47:06 +0100] "GET /wp-content/uploads/simple-file-list/ HTTP/1.1" 301 162 "-" "Mozilla/5.0 (Linux x86_64; rv:79.0) Gecko/20100101 Firefox/79.0"
