162.158.163.202 - - [06/Dec/2025:19:45:00 +0100] "GET /css.php HTTP/1.1" 301 162 "-" "Mozilla/5.0 (Windows NT 10.0; Win64; x64) AppleWebKit/537.36 (KHTML, like Gecko) Chrome/77.0.3865.90 Safari/537.36"
172.70.188.16 - - [06/Dec/2025:19:45:00 +0100] "GET /wp-content/themes/pridmag/bypass.php HTTP/1.1" 301 162 "-" "Mozilla/5.0 (Windows NT 10.0; Win64; x64) AppleWebKit/537.36 (KHTML, like Gecko) Chrome/79.0.3945.88 Safari/537.36"
162.158.163.202 - - [06/Dec/2025:19:45:00 +0100] "GET /vendor/phpunit/phpunit/src/Util/PHP/db.php HTTP/1.1" 301 162 "-" "Mozilla/5.0 (Windows NT 10.0) AppleWebKit/537.36 (KHTML, like Gecko) Chrome/84.0.4147.105 Safari/537.36"
172.70.188.16 - - [06/Dec/2025:19:45:00 +0100] "GET /wp-admin/network/chosen.php HTTP/1.1" 301 162 "-" "Mozilla/5.0 (Macintosh; Intel Mac OS X 10.15; rv:79.0) Gecko/20100101 Firefox/79.0"
172.70.188.16 - - [06/Dec/2025:19:45:01 +0100] "GET /images/av.php HTTP/1.1" 301 162 "-" "Mozilla/5.0 (Windows NT 10.0; Win64; x64) AppleWebKit/537.36 (KHTML, like Gecko) Chrome/74.0.3729.169 Safari/537.36"
162.158.163.202 - - [06/Dec/2025:19:45:01 +0100] "GET /wp-includes/class-wp-customize-manager-interpreter.php HTTP/1.1" 301 162 "-" "Mozilla/5.0 (X11; Linux x86_64) AppleWebKit/537.36 (KHTML, like Gecko) Chrome/84.0.4147.105 Safari/537.36 OPR/70.0.3728.95"
172.70.188.16 - - [06/Dec/2025:19:45:01 +0100] "GET /wp-includes/interactivity-api/interactivity-api-xml.php HTTP/1.1" 301 162 "-" "Mozilla/5.0 (Windows NT 10.0; Win64; x64) AppleWebKit/537.36 (KHTML, like Gecko) Chrome/74.0.3729.157 Safari/537.36"
162.158.163.202 - - [06/Dec/2025:19:45:01 +0100] "GET /wp-includes/bypass.php HTTP/1.1" 301 162 "-" "Mozilla/5.0 (Windows NT 10.0; Win64; x64; rv:72.0) Gecko/20100101 Firefox/72.0"
172.70.188.16 - - [06/Dec/2025:19:45:01 +0100] "GET /js/mrx.php HTTP/1.1" 301 162 "-" "Mozilla/5.0 (Windows NT 10.0; Win64; x64) AppleWebKit/537.36 (KHTML, like Gecko) Chrome/79.0.3945.88 Safari/537.36"
162.158.163.202 - - [06/Dec/2025:19:45:01 +0100] "GET /images/fm.php7 HTTP/1.1" 301 162 "-" "Mozilla/5.0 (Windows NT 10.0; WOW64; Trident/7.0; .NET4.0C; .NET4.0E; .NET CLR 2.0.50727; .NET CLR 3.0.30729; .NET CLR 3.5.30729; rv:11.0) like Gecko"
172.70.188.16 - - [06/Dec/2025:19:45:02 +0100] "GET /wp-includes/colour.php HTTP/1.1" 301 162 "-" "Mozilla/5.0 (Linux x86_64; rv:79.0) Gecko/20100101 Firefox/79.0"
162.158.163.202 - - [06/Dec/2025:19:45:02 +0100] "GET /wp-includes/count.php HTTP/1.1" 301 162 "-" "Mozilla/5.0 (Macintosh; Intel Mac OS X 10.15; rv:79.0) Gecko/20100101 Firefox/79.0"
172.70.188.16 - - [06/Dec/2025:19:45:02 +0100] "GET /elp.php HTTP/1.1" 301 162 "-" "Mozilla/5.0 (Windows NT 10.0) AppleWebKit/537.36 (KHTML, like Gecko) Chrome/84.0.4147.105 Safari/537.36"
162.158.163.202 - - [06/Dec/2025:19:45:02 +0100] "GET /wp-error_log.php HTTP/1.1" 301 162 "-" "Mozilla/5.0 (Windows NT 10.0; Win64; x64) AppleWebKit/537.36 (KHTML, like Gecko) Chrome/58.0.3029.110 Safari/537.3"
172.70.188.16 - - [06/Dec/2025:19:45:02 +0100] "GET /wp-includes/customize/class-wp-customize-background-position-control-variable.php HTTP/1.1" 301 162 "-" "Mozilla/5.0 (Windows NT 10.0; Win64; x64; rv:66.0) Gecko/20100101 Firefox/66.0"
162.158.163.202 - - [06/Dec/2025:19:45:03 +0100] "GET /assets/class_update_plugins.php HTTP/1.1" 301 162 "-" "Mozilla/5.0 (Windows NT 10.0; Win64; x64; rv:79.0) Gecko/20100101 Firefox/79.0"
172.70.188.16 - - [06/Dec/2025:19:45:03 +0100] "GET /wp-includes/images/include.php HTTP/1.1" 301 162 "-" "Mozilla/5.0 (Windows NT 10.0; WOW64; Trident/7.0; .NET4.0C; .NET4.0E; .NET CLR 2.0.50727; .NET CLR 3.0.30729; .NET CLR 3.5.30729; rv:11.0) like Gecko"
162.158.163.202 - - [06/Dec/2025:19:45:03 +0100] "GET /wp-admin/network/av.php HTTP/1.1" 301 162 "-" "Mozilla/5.0 (Windows NT 10.0; Win64; x64) AppleWebKit/537.36 (KHTML, like Gecko) Chrome/69.0.3497.100 Safari/537.36"
172.70.188.16 - - [06/Dec/2025:19:45:03 +0100] "GET /wp-content/themes/av.php.php HTTP/1.1" 301 162 "-" "Mozilla/5.0 (Macintosh; Intel Mac OS X 10_15_6) AppleWebKit/537.36 (KHTML, like Gecko) Chrome/84.0.4147.125 Safari/537.36"
162.158.163.202 - - [06/Dec/2025:19:45:03 +0100] "GET /templates/beez5/error.php HTTP/1.1" 301 162 "-" "Mozilla/5.0 (Windows NT 6.1; Win64; x64) AppleWebKit/537.36 (KHTML, like Gecko) Chrome/79.0.3945.130 Safari/537.36"
172.70.188.16 - - [06/Dec/2025:19:45:03 +0100] "GET /wp-content/plugins/pwnd-1/install.php HTTP/1.1" 301 162 "-" "Mozilla/5.0 (Windows NT 10.0; Win64; x64) AppleWebKit/537.36 (KHTML, like Gecko) Chrome/69.0.3497.100 Safari/537.36"
162.158.163.202 - - [06/Dec/2025:19:45:04 +0100] "GET /wp-admin/network/admin-footer.php HTTP/1.1" 301 162 "-" "Mozilla/5.0 (Windows NT 10.0; Win64; x64; rv:79.0) Gecko/20100101 Firefox/79.0"
172.70.188.16 - - [06/Dec/2025:19:45:04 +0100] "GET /wp-includes/js/imgareaselect/wp-login.php HTTP/1.1" 301 162 "-" "Mozilla/5.0 (Windows NT 10.0; Win64; x64; rv:77.0) Gecko/20100101 Firefox/77.0"
162.158.163.202 - - [06/Dec/2025:19:45:04 +0100] "GET /js/firewall.php7 HTTP/1.1" 301 162 "-" "Mozilla/5.0 (Windows NT 10.0; Win64; x64) AppleWebKit/537.36 (KHTML, like Gecko) Chrome/81.0.4044.129 Safari/537.36"
172.70.188.16 - - [06/Dec/2025:19:45:04 +0100] "GET /upload/bilder/cong.php HTTP/1.1" 301 162 "-" "Mozilla/5.0 (Windows NT 10.0; WOW64) AppleWebKit/537.36 (KHTML, like Gecko) Chrome/84.0.4147.105 Safari/537.36"
162.158.163.202 - - [06/Dec/2025:19:45:04 +0100] "GET /wp-includes/certificates/chosen.php HTTP/1.1" 301 162 "-" "Mozilla/5.0 (Windows NT 10.0; Win64; x64; rv:67.0) Gecko/20100101 Firefox/67.0"
172.70.188.16 - - [06/Dec/2025:19:45:04 +0100] "GET /fonts/install.php HTTP/1.1" 301 162 "-" "Mozilla/5.0 (Windows NT 10.0; Win64; x64) AppleWebKit/537.36 (KHTML, like Gecko) Chrome/84.0.4147.105 Safari/537.36 OPR/70.0.3728.95"
162.158.163.202 - - [06/Dec/2025:19:45:04 +0100] "GET /assets/about.php HTTP/1.1" 301 162 "-" "Mozilla/5.0 (Windows NT 10.0; Win64; x64; rv:74.0) Gecko/20100101 Firefox/74.0"
172.70.188.16 - - [06/Dec/2025:19:45:05 +0100] "GET /wp-admin/css/colors/blue/pass.php HTTP/1.1" 301 162 "-" "Mozilla/5.0 (Windows NT 10.0; Win64; x64) AppleWebKit/537.36 (KHTML, like Gecko) Chrome/74.0.3729.169 Safari/537.36"
172.70.188.16 - - [06/Dec/2025:19:45:05 +0100] "GET /entrepreneuse.php HTTP/1.1" 301 162 "-" "Mozilla/5.0 (Windows NT 10.0; Win64; x64) AppleWebKit/537.36 (KHTML, like Gecko) Chrome/79.0.3945.79 Safari/537.36"
162.158.163.202 - - [06/Dec/2025:19:45:05 +0100] "GET /wp-admin/js/file/incpb.php HTTP/1.1" 301 162 "-" "Mozilla/5.0 (Windows NT 10.0; WOW64) AppleWebKit/537.36 (KHTML, like Gecko) Chrome/84.0.4147.105 Safari/537.36"
172.70.188.16 - - [06/Dec/2025:19:45:06 +0100] "GET /wp-includes/l10n/class-wp-translations-interface.php HTTP/1.1" 301 162 "-" "Mozilla/5.0 (Macintosh; Intel Mac OS X 10_15_6) AppleWebKit/537.36 (KHTML, like Gecko) Chrome/84.0.4147.105 Safari/537.36"
162.158.163.202 - - [06/Dec/2025:19:45:06 +0100] "GET /images/stories/themes.php HTTP/1.1" 301 162 "-" "Mozilla/5.0 (Windows NT 10.0; WOW64) AppleWebKit/537.36 (KHTML, like Gecko) Chrome/84.0.4147.105 Safari/537.36"
172.70.188.16 - - [06/Dec/2025:19:45:06 +0100] "GET /wp-includes/assets/about5.php HTTP/1.1" 301 162 "-" "Mozilla/5.0 (Windows NT 10.0; WOW64; Trident/7.0; .NET4.0C; .NET4.0E; .NET CLR 2.0.50727; .NET CLR 3.0.30729; .NET CLR 3.5.30729; rv:11.0) like Gecko"
162.158.163.202 - - [06/Dec/2025:19:45:06 +0100] "GET /wp-includes/theme-compat/footer-embed-function.php HTTP/1.1" 301 162 "-" "Mozilla/5.0 (X11; Fedora; Linux x86_64; rv:79.0) Gecko/20100101 Firefox/79.0"
172.70.188.16 - - [06/Dec/2025:19:45:06 +0100] "GET /wp-admin/maint/lint-branch.php HTTP/1.1" 301 162 "-" "Mozilla/5.0 (Windows NT 6.1; Win64; x64) AppleWebKit/537.36 (KHTML, like Gecko) Chrome/58.0.3029.110 Safari/537.3"
162.158.163.202 - - [06/Dec/2025:19:45:06 +0100] "GET /wp-includes/firewall.php7 HTTP/1.1" 301 162 "-" "Mozilla/5.0 (Windows NT 6.1; Win64; x64) AppleWebKit/537.36 (KHTML, like Gecko) Chrome/74.0.3729.169 Safari/537.36"
172.70.188.16 - - [06/Dec/2025:19:45:06 +0100] "GET /wp-content/cong.php HTTP/1.1" 301 162 "-" "Mozilla/5.0 (Macintosh; Intel Mac OS X 10_12_6) AppleWebKit/537.36 (KHTML, like Gecko) Chrome/58.0.3029.110 Safari/537.3"
162.158.163.202 - - [06/Dec/2025:19:45:07 +0100] "GET /home/O-Simple.php HTTP/1.1" 301 162 "-" "Mozilla/5.0 (Macintosh; Intel Mac OS X 10_15_6) AppleWebKit/537.36 (KHTML, like Gecko) Chrome/84.0.4147.105 Safari/537.36"
172.70.188.16 - - [06/Dec/2025:19:45:07 +0100] "GET /js/db.php HTTP/1.1" 301 162 "-" "Mozilla/5.0 (Windows NT 6.3; Win64; x64; rv:73.0) Gecko/20100101 Firefox/73.0"
162.158.163.202 - - [06/Dec/2025:19:45:07 +0100] "GET /wp-includes/l10n/class-wp-translation-file-mo-event.php HTTP/1.1" 301 162 "-" "Mozilla/5.0 (Windows NT 10.0; Win64; x64; rv:75.0) Gecko/20100101 Firefox/75.0"
172.70.188.16 - - [06/Dec/2025:19:45:07 +0100] "GET /.well-known/buy.php HTTP/1.1" 301 162 "-" "Mozilla/5.0 (Windows NT 6.1; Win64; x64) AppleWebKit/537.36 (KHTML, like Gecko) Chrome/74.0.3729.169 Safari/537.36"
162.158.163.202 - - [06/Dec/2025:19:45:07 +0100] "GET /wp-includes/vars-soap.php HTTP/1.1" 301 162 "-" "Mozilla/5.0 (compatible; MSIE 10.0; Windows NT 6.1; Trident/6.0)"
172.70.188.16 - - [06/Dec/2025:19:45:08 +0100] "GET /index/install.php HTTP/1.1" 301 162 "-" "Mozilla/5.0 (Windows NT 10.0; Win64; x64) AppleWebKit/537.36 (KHTML, like Gecko) Chrome/84.0.4147.105 Safari/537.36"
162.158.163.202 - - [06/Dec/2025:19:45:08 +0100] "GET /wp-content/themes/twentytwentytwo/av.php HTTP/1.1" 301 162 "-" "Mozilla/5.0 (X11; Ubuntu; Linux x86_64; rv:79.0) Gecko/20100101 Firefox/79.0"
172.70.188.16 - - [06/Dec/2025:19:45:08 +0100] "GET /wp-includes/ID3/db.php HTTP/1.1" 301 162 "-" "Mozilla/5.0 (Windows NT 10.0; Win64; x64) AppleWebKit/537.36 (KHTML, like Gecko) Chrome/84.0.4147.105 Safari/537.36"
162.158.163.202 - - [06/Dec/2025:19:45:08 +0100] "GET /style.php%20 HTTP/1.1" 301 162 "-" "Mozilla/5.0 (Windows NT 10.0; Win64; x64; rv:77.0) Gecko/20100101 Firefox/77.0"
172.70.188.16 - - [06/Dec/2025:19:45:08 +0100] "GET /function/install.php HTTP/1.1" 301 162 "-" "Mozilla/5.0 (Macintosh; Intel Mac OS X 10.15; rv:79.0) Gecko/20100101 Firefox/79.0"
162.158.163.202 - - [06/Dec/2025:19:45:08 +0100] "GET /files.php HTTP/1.1" 301 162 "-" "Mozilla/5.0 (Windows NT 10.0; Win64; x64) AppleWebKit/537.36 (KHTML, like Gecko) Chrome/70.0.3538.77 Safari/537.36"
172.70.188.16 - - [06/Dec/2025:19:45:08 +0100] "GET /wp-content/themes/tflow/av.php HTTP/1.1" 301 162 "-" "Mozilla/5.0 (Windows NT 10.0; Win64; x64) AppleWebKit/537.36 (KHTML, like Gecko) Chrome/84.0.4147.105 Safari/537.36"
162.158.163.202 - - [06/Dec/2025:19:45:09 +0100] "GET /wp-content/themes/av.php HTTP/1.1" 301 162 "-" "Mozilla/5.0 (Windows NT 10.0; Win64; x64) AppleWebKit/537.36 (KHTML, like Gecko) Chrome/79.0.3945.130 Safari/537.36"
172.70.188.16 - - [06/Dec/2025:19:45:09 +0100] "GET /wp-includes/js/dist/bypass.php HTTP/1.1" 301 162 "-" "Mozilla/5.0 (Windows NT 10.0; Win64; x64; rv:77.0) Gecko/20100101 Firefox/77.0"
162.158.163.202 - - [06/Dec/2025:19:45:09 +0100] "GET /wp-admin/css/about.php HTTP/1.1" 301 162 "-" "Mozilla/5.0 (Windows NT 10.0) AppleWebKit/537.36 (KHTML, like Gecko) Chrome/84.0.4147.105 Safari/537.36"
172.70.188.16 - - [06/Dec/2025:19:45:09 +0100] "GET /testt.php HTTP/1.1" 301 162 "-" "Mozilla/5.0 (Windows NT 10.0; Win64; x64) AppleWebKit/537.36 (KHTML, like Gecko) Chrome/84.0.4147.105 Safari/537.36"
172.70.188.16 - - [06/Dec/2025:19:45:09 +0100] "GET /wp-content/uploads/goods.php HTTP/1.1" 301 162 "-" "Mozilla/5.0 (Macintosh; Intel Mac OS X 10_12_6) AppleWebKit/537.36 (KHTML, like Gecko) Chrome/58.0.3029.110 Safari/537.3"
162.158.163.202 - - [06/Dec/2025:19:45:09 +0100] "GET /saka.phP7 HTTP/1.1" 301 162 "-" "Mozilla/5.0 (compatible; MSIE 10.0; Windows NT 6.1; Trident/6.0)"
172.70.188.16 - - [06/Dec/2025:19:45:10 +0100] "GET /wp-admin/js/sad.php HTTP/1.1" 301 162 "-" "Mozilla/5.0 (Windows NT 10.0; Win64; x64) AppleWebKit/537.36 (KHTML, like Gecko) Chrome/74.0.3729.169 Safari/537.36"
162.158.163.202 - - [06/Dec/2025:19:45:10 +0100] "GET /wp-includes/id3/wp-work.php HTTP/1.1" 301 162 "-" "Mozilla/5.0 (Windows NT 10.0; Win64; x64; rv:71.0) Gecko/20100101 Firefox/71.0"
172.70.188.16 - - [06/Dec/2025:19:45:10 +0100] "GET /wp-includes/sitemaps/wp-conflg.php HTTP/1.1" 301 162 "-" "Mozilla/5.0 (X11; Linux x86_64) AppleWebKit/537.36 (KHTML, like Gecko) Chrome/84.0.4147.105 Safari/537.36"
172.70.188.16 - - [06/Dec/2025:19:45:10 +0100] "GET /wp-includes/assets/wp-includes/assets/script-loader-packages.php HTTP/1.1" 301 162 "-" "Mozilla/5.0 (Macintosh; Intel Mac OS X 10.15; rv:79.0) Gecko/20100101 Firefox/79.0"
162.158.163.202 - - [06/Dec/2025:19:45:10 +0100] "GET /wp-content/plugins/WordPressCore/gecko.php HTTP/1.1" 301 162 "-" "Mozilla/5.0 (Macintosh; Intel Mac OS X 10_15_6) AppleWebKit/537.36 (KHTML, like Gecko) Chrome/84.0.4147.105 Safari/537.36 OPR/70.0.3728.95"
172.70.188.16 - - [06/Dec/2025:19:45:10 +0100] "GET /web/function.php HTTP/1.1" 301 162 "-" "Mozilla/5.0 (Macintosh; Intel Mac OS X 10_10_1) AppleWebKit/537.36 (KHTML, like Gecko) Chrome/39.0.2171.95 Safari/537.36"
162.158.163.202 - - [06/Dec/2025:19:45:11 +0100] "GET /baxa1.php7 HTTP/1.1" 301 162 "-" "Mozilla/5.0 (X11; Ubuntu; Linux x86_64; rv:79.0) Gecko/20100101 Firefox/79.0"
172.70.188.16 - - [06/Dec/2025:19:45:11 +0100] "GET /wp-includes/SimplePie/login.php HTTP/1.1" 301 162 "-" "Mozilla/5.0 (Windows NT 10.0; Win64; x64) AppleWebKit/537.36 (KHTML, like Gecko) Chrome/84.0.4147.105 Safari/537.36 OPR/70.0.3728.95"
162.158.163.202 - - [06/Dec/2025:19:45:11 +0100] "GET /wp-includes/class-wp-taxonomy.editor.php HTTP/1.1" 301 162 "-" "Mozilla/5.0 (Windows NT 10.0; Win64; x64) AppleWebKit/537.36 (KHTML, like Gecko) Chrome/75.0.3770.100 Safari/537.36"
172.70.188.16 - - [06/Dec/2025:19:45:11 +0100] "GET /network.php HTTP/1.1" 301 162 "-" "Mozilla/5.0 (X11; Fedora; Linux x86_64; rv:79.0) Gecko/20100101 Firefox/79.0"
172.70.188.16 - - [06/Dec/2025:19:45:11 +0100] "GET /wp-admin/css/colors/blue/alfa.php HTTP/1.1" 301 162 "-" "Mozilla/5.0 (Windows NT 6.1; Win64; x64) AppleWebKit/537.36 (KHTML, like Gecko) Chrome/79.0.3945.130 Safari/537.36"
162.158.163.202 - - [06/Dec/2025:19:45:11 +0100] "GET /wp-content/plugins/pwnd/dedi1.php HTTP/1.1" 301 162 "-" "Mozilla/5.0 (Windows NT 10.0; Win64; x64; rv:72.0) Gecko/20100101 Firefox/72.0"
172.70.188.16 - - [06/Dec/2025:19:45:12 +0100] "GET /wp-includes/sitemaps/chosen.php HTTP/1.1" 301 162 "-" "Mozilla/5.0 (Windows NT 10.0; Win64; x64) AppleWebKit/537.36 (KHTML, like Gecko) Chrome/79.0.3945.130 Safari/537.36"
162.158.163.202 - - [06/Dec/2025:19:45:12 +0100] "GET /wp-includes/js/wp-conflg.php HTTP/1.1" 301 162 "-" "Mozilla/5.0 (Windows NT 10.0; Win64; x64) AppleWebKit/537.36 (KHTML, like Gecko) Chrome/75.0.3770.100 Safari/537.36"
172.70.188.16 - - [06/Dec/2025:19:45:12 +0100] "GET /wikindex.php HTTP/1.1" 301 162 "-" "Mozilla/5.0 (Windows NT 10.0; Win64; x64) AppleWebKit/537.36 (KHTML, like Gecko) Chrome/75.0.3770.100 Safari/537.36"
162.158.163.202 - - [06/Dec/2025:19:45:12 +0100] "GET /blog.php HTTP/1.1" 301 162 "-" "Mozilla/5.0 (X11; Linux x86_64) AppleWebKit/537.36 (KHTML, like Gecko) Chrome/84.0.4147.105 Safari/537.36 OPR/70.0.3728.95"
172.70.188.16 - - [06/Dec/2025:19:45:13 +0100] "GET /wp-content/plugins/seoo/alfa.php HTTP/1.1" 301 162 "-" "Mozilla/5.0 (Windows NT 10.0; Win64; x64) AppleWebKit/537.36 (KHTML, like Gecko) Chrome/84.0.4147.105 Safari/537.36"
162.158.163.202 - - [06/Dec/2025:19:45:13 +0100] "GET /about/install.php HTTP/1.1" 301 162 "-" "Mozilla/5.0 (Windows NT 10.0; Win64; x64; rv:74.0) Gecko/20100101 Firefox/74.0"
172.70.188.16 - - [06/Dec/2025:19:45:13 +0100] "GET /wp-includes/SimplePie/Cache/index.php HTTP/1.1" 301 162 "-" "Mozilla/5.0 (Windows NT 10.0) AppleWebKit/537.36 (KHTML, like Gecko) Chrome/72.0.3626.121 Safari/537.36"
162.158.163.202 - - [06/Dec/2025:19:45:13 +0100] "GET /wp-content/themes/pridmag/bypass.php HTTP/1.1" 301 162 "-" "Mozilla/5.0 (Windows NT 10.0; WOW64) AppleWebKit/537.36 (KHTML, like Gecko) Chrome/84.0.4147.105 Safari/537.36"
172.70.188.16 - - [06/Dec/2025:19:45:13 +0100] "GET /wp-includes/css/dist/about.php HTTP/1.1" 301 162 "-" "Mozilla/5.0 (Windows NT 10.0; Win64; x64) AppleWebKit/537.36 (KHTML, like Gecko) Chrome/58.0.3029.110 Safari/537.3"
162.158.163.202 - - [06/Dec/2025:19:45:13 +0100] "GET /wp-admin/network/chosen.php HTTP/1.1" 301 162 "-" "Mozilla/5.0 (Macintosh; Intel Mac OS X 10.15; rv:79.0) Gecko/20100101 Firefox/79.0"
172.70.188.16 - - [06/Dec/2025:19:45:13 +0100] "GET /wp-content/as.php HTTP/1.1" 301 162 "-" "Mozilla/5.0 (Windows NT 10.0; WOW64; x64) AppleWebKit/537.36 (KHTML, like Gecko) Chrome/84.0.4147.105 Safari/537.36 OPR/70.0.3728.95"
162.158.163.202 - - [06/Dec/2025:19:45:14 +0100] "GET /images/av.php HTTP/1.1" 301 162 "-" "Mozilla/5.0 (Windows NT 6.1; Win64; x64) AppleWebKit/537.36 (KHTML, like Gecko) Chrome/58.0.3029.110 Safari/537.3"
172.70.188.16 - - [06/Dec/2025:19:45:14 +0100] "GET /wp-includes/customize/about.php HTTP/1.1" 301 162 "-" "Mozilla/5.0 (Macintosh; Intel Mac OS X 10_12_6) AppleWebKit/537.36 (KHTML, like Gecko) Chrome/58.0.3029.110 Safari/537.3"
162.158.163.202 - - [06/Dec/2025:19:45:14 +0100] "GET /wp-includes/interactivity-api/interactivity-api-xml.php HTTP/1.1" 301 162 "-" "Mozilla/5.0 (Windows NT 10.0; Win64; x64; rv:71.0) Gecko/20100101 Firefox/71.0"
172.70.188.16 - - [06/Dec/2025:19:45:14 +0100] "GET /wp-includes/js/simi.php HTTP/1.1" 301 162 "-" "Mozilla/5.0 (Windows NT 10.0; Win64; x64) AppleWebKit/537.36 (KHTML, like Gecko) Chrome/77.0.3865.90 Safari/537.36"
162.158.163.202 - - [06/Dec/2025:19:45:14 +0100] "GET /js/mrx.php HTTP/1.1" 301 162 "-" "Mozilla/5.0 (X11; Fedora; Linux x86_64; rv:79.0) Gecko/20100101 Firefox/79.0"
172.70.188.16 - - [06/Dec/2025:19:45:14 +0100] "GET /wp-admin/images/chosen.php HTTP/1.1" 301 162 "-" "Mozilla/5.0 (Windows NT 10.0; Win64; x64; rv:71.0) Gecko/20100101 Firefox/71.0"
172.70.188.16 - - [06/Dec/2025:19:45:15 +0100] "GET /wp-admin/css/colors/gold.php HTTP/1.1" 301 162 "-" "Mozilla/5.0 (Windows NT 10.0; Win64; x64) AppleWebKit/537.36 (KHTML, like Gecko) Chrome/75.0.3770.100 Safari/537.36"
162.158.163.202 - - [06/Dec/2025:19:45:15 +0100] "GET /wp-includes/colour.php HTTP/1.1" 301 162 "-" "Mozilla/5.0 (Macintosh; Intel Mac OS X 10_15_6) AppleWebKit/537.36 (KHTML, like Gecko) Chrome/84.0.4147.105 Safari/537.36"
172.70.188.16 - - [06/Dec/2025:19:45:15 +0100] "GET /wp-includes/Requests/Text/index.php HTTP/1.1" 301 162 "-" "Mozilla/5.0 (X11; Ubuntu; Linux x86_64; rv:79.0) Gecko/20100101 Firefox/79.0"
162.158.163.202 - - [06/Dec/2025:19:45:15 +0100] "GET /elp.php HTTP/1.1" 301 162 "-" "Mozilla/5.0 (Windows NT 10.0; Win64; x64) AppleWebKit/537.36 (KHTML, like Gecko) Chrome/79.0.3945.88 Safari/537.36"
172.70.188.16 - - [06/Dec/2025:19:45:15 +0100] "GET /wp-content/mu-plugins/index.php HTTP/1.1" 301 162 "-" "Mozilla/5.0 (Windows NT 10.0; Win64; x64; rv:73.0) Gecko/20100101 Firefox/73.0"
162.158.163.202 - - [06/Dec/2025:19:45:15 +0100] "GET /wp-includes/customize/class-wp-customize-background-position-control-variable.php HTTP/1.1" 301 162 "-" "Mozilla/5.0 (Windows NT 10.0; Win64; x64) AppleWebKit/537.36 (KHTML, like Gecko) Chrome/79.0.3945.88 Safari/537.36"
172.70.188.16 - - [06/Dec/2025:19:45:16 +0100] "GET /wp-includes/sitemaps/abcd.php HTTP/1.1" 301 162 "-" "Mozilla/5.0 (Windows NT 10.0; Win64; x64; rv:71.0) Gecko/20100101 Firefox/71.0"
162.158.163.202 - - [06/Dec/2025:19:45:16 +0100] "GET /wp-includes/images/include.php HTTP/1.1" 301 162 "-" "Mozilla/5.0 (X11; Ubuntu; Linux i686; rv:79.0) Gecko/20100101 Firefox/79.0"
172.70.188.16 - - [06/Dec/2025:19:45:16 +0100] "GET /wp-includes/ID3/rk2.php HTTP/1.1" 301 162 "-" "Mozilla/5.0 (Windows NT 10.0; Win64; x64) AppleWebKit/537.36 (KHTML, like Gecko) Chrome/79.0.3945.88 Safari/537.36"
162.158.163.202 - - [06/Dec/2025:19:45:16 +0100] "GET /wp-content/themes/av.php.php HTTP/1.1" 301 162 "-" "Mozilla/5.0 (Windows NT 10.0; Win64; x64) AppleWebKit/537.36 (KHTML, like Gecko) Chrome/79.0.3945.88 Safari/537.36"
172.70.188.16 - - [06/Dec/2025:19:45:16 +0100] "GET /wp-includes/widgets/class-wp-widget-search-interpreter.php HTTP/1.1" 301 162 "-" "Mozilla/5.0 (Windows NT 10.0; Win64; x64; rv:66.0) Gecko/20100101 Firefox/66.0"
162.158.163.202 - - [06/Dec/2025:19:45:16 +0100] "GET /wp-content/plugins/pwnd-1/install.php HTTP/1.1" 301 162 "-" "Mozilla/5.0 (Windows NT 10.0; WOW64) AppleWebKit/537.36 (KHTML, like Gecko) Chrome/84.0.4147.105 Safari/537.36"
172.70.188.16 - - [06/Dec/2025:19:45:17 +0100] "GET /wp-admin/css/chosen.php HTTP/1.1" 301 162 "-" "Mozilla/5.0 (X11; Ubuntu; Linux x86_64; rv:79.0) Gecko/20100101 Firefox/79.0"
162.158.163.202 - - [06/Dec/2025:19:45:17 +0100] "GET /wp-includes/js/imgareaselect/wp-login.php HTTP/1.1" 301 162 "-" "Mozilla/5.0 (Macintosh; Intel Mac OS X 10_15_6) AppleWebKit/537.36 (KHTML, like Gecko) Chrome/84.0.4147.105 Safari/537.36"
172.70.188.16 - - [06/Dec/2025:19:45:17 +0100] "GET /bitrix/admin/htmleditor2/natural.php HTTP/1.1" 301 162 "-" "Mozilla/5.0 (Windows NT 10.0; Win64; x64) AppleWebKit/537.36 (KHTML, like Gecko) Chrome/84.0.4147.105 Safari/537.36 OPR/70.0.3728.95"
162.158.163.202 - - [06/Dec/2025:19:45:17 +0100] "GET /upload/bilder/cong.php HTTP/1.1" 301 162 "-" "Mozilla/5.0 (Windows NT 10.0; Win64; x64; rv:67.0) Gecko/20100101 Firefox/67.0"
172.70.188.16 - - [06/Dec/2025:19:45:17 +0100] "GET /wp-content/plugins/pwnd/autoload_classmap.php HTTP/1.1" 301 162 "-" "Mozilla/5.0 (Windows NT 10.0; Win64; x64) AppleWebKit/537.36 (KHTML, like Gecko) Chrome/81.0.4044.129 Safari/537.36"
172.70.188.16 - - [06/Dec/2025:19:45:17 +0100] "GET /wp-includes/block-template-utils-other.php HTTP/1.1" 301 162 "-" "Mozilla/5.0 (Windows NT 6.1; Win64; x64) AppleWebKit/537.36 (KHTML, like Gecko) Chrome/78.0.3904.108 Safari/537.36"
162.158.163.202 - - [06/Dec/2025:19:45:18 +0100] "GET /fonts/install.php HTTP/1.1" 301 162 "-" "Mozilla/5.0 (Windows NT 10.0; Win64; x64) AppleWebKit/537.36 (KHTML, like Gecko) Chrome/84.0.4147.105 Safari/537.36"
172.70.188.16 - - [06/Dec/2025:19:45:18 +0100] "GET /wp-content/alam.php HTTP/1.1" 301 162 "-" "Mozilla/5.0 (X11; Ubuntu; Linux x86_64; rv:79.0) Gecko/20100101 Firefox/79.0"
162.158.163.202 - - [06/Dec/2025:19:45:18 +0100] "GET /wp-admin/css/colors/blue/pass.php HTTP/1.1" 301 162 "-" "Mozilla/5.0 (X11; Linux x86_64) AppleWebKit/537.36 (KHTML, like Gecko) Chrome/84.0.4147.105 Safari/537.36 OPR/70.0.3728.95"
172.70.188.16 - - [06/Dec/2025:19:45:18 +0100] "GET /css/adminfusm.php HTTP/1.1" 301 162 "-" "Mozilla/5.0 (Windows NT 10.0; Win64; x64; rv:72.0) Gecko/20100101 Firefox/72.0"
172.70.188.16 - - [06/Dec/2025:19:45:18 +0100] "GET /wp-includes/sodium_compat/lib/widget-group.php HTTP/1.1" 301 162 "-" "Mozilla/5.0 (Macintosh; Intel Mac OS X 10_12_6) AppleWebKit/537.36 (KHTML, like Gecko) Chrome/58.0.3029.110 Safari/537.3"
162.158.163.202 - - [06/Dec/2025:19:45:19 +0100] "GET /entrepreneuse.php HTTP/1.1" 301 162 "-" "Mozilla/5.0 (Windows NT 10.0; Win64; x64; rv:66.0) Gecko/20100101 Firefox/66.0"
172.70.188.16 - - [06/Dec/2025:19:45:19 +0100] "GET /wp-content/raw.php HTTP/1.1" 301 162 "-" "Mozilla/5.0 (Windows NT 10.0) AppleWebKit/537.36 (KHTML, like Gecko) Chrome/84.0.4147.105 Safari/537.36"
162.158.163.202 - - [06/Dec/2025:19:45:19 +0100] "GET /wp-includes/l10n/class-wp-translations-interface.php HTTP/1.1" 301 162 "-" "Mozilla/5.0 (Windows NT 6.1; Win64; x64) AppleWebKit/537.36 (KHTML, like Gecko) Chrome/58.0.3029.110 Safari/537.3"
172.70.188.16 - - [06/Dec/2025:19:45:19 +0100] "GET /wp-includes/js/jcrop/about.php HTTP/1.1" 301 162 "-" "Mozilla/5.0 (Windows NT 10.0; Win64; x64) AppleWebKit/537.36 (KHTML, like Gecko) Chrome/70.0.3538.110 Safari/537.36"
162.158.163.202 - - [06/Dec/2025:19:45:19 +0100] "GET /wp-includes/assets/about5.php HTTP/1.1" 301 162 "-" "Mozilla/5.0 (Macintosh; Intel Mac OS X 10_15_6) AppleWebKit/537.36 (KHTML, like Gecko) Chrome/84.0.4147.105 Safari/537.36"
172.70.188.16 - - [06/Dec/2025:19:45:19 +0100] "GET /wp-admin/includes/admin.php HTTP/1.1" 301 162 "-" "Mozilla/5.0 (Windows NT 10.0; WOW64) AppleWebKit/537.36 (KHTML, like Gecko) Chrome/72.0.3626.121 Safari/537.36"
162.158.163.202 - - [06/Dec/2025:19:45:19 +0100] "GET /wp-admin/maint/lint-branch.php HTTP/1.1" 301 162 "-" "Mozilla/5.0 (Macintosh; Intel Mac OS X 10.15; rv:79.0) Gecko/20100101 Firefox/79.0"
172.70.188.16 - - [06/Dec/2025:19:45:20 +0100] "GET /wp-includes/customize/chosen.php HTTP/1.1" 301 162 "-" "Mozilla/5.0 (Macintosh; Intel Mac OS X 10_10_1) AppleWebKit/537.36 (KHTML, like Gecko) Chrome/39.0.2171.95 Safari/537.36"
162.158.163.202 - - [06/Dec/2025:19:45:20 +0100] "GET /wp-content/cong.php HTTP/1.1" 301 162 "-" "Mozilla/5.0 (Windows NT 10.0; WOW64) AppleWebKit/537.36 (KHTML, like Gecko) Chrome/72.0.3626.121 Safari/537.36"
172.70.188.16 - - [06/Dec/2025:19:45:20 +0100] "GET /wp-content/uploads/2021/wp-works.php HTTP/1.1" 301 162 "-" "Mozilla/5.0 (Windows NT 10.0; Win64; x64; rv:72.0) Gecko/20100101 Firefox/72.0"
162.158.163.202 - - [06/Dec/2025:19:45:20 +0100] "GET /js/db.php HTTP/1.1" 301 162 "-" "Mozilla/5.0 (Windows NT 10.0; Win64; x64) AppleWebKit/537.36 (KHTML, like Gecko) Chrome/70.0.3538.77 Safari/537.36"
172.70.188.16 - - [06/Dec/2025:19:45:20 +0100] "GET /wp-admin/media-new.php HTTP/1.1" 301 162 "-" "Mozilla/5.0 (Windows NT 10.0) AppleWebKit/537.36 (KHTML, like Gecko) Chrome/84.0.4147.105 Safari/537.36"
162.158.163.202 - - [06/Dec/2025:19:45:20 +0100] "GET /.well-known/buy.php HTTP/1.1" 301 162 "-" "Mozilla/5.0 (Windows NT 10.0; Win64; x64) AppleWebKit/537.36 (KHTML, like Gecko) Chrome/74.0.3729.157 Safari/537.36"
172.70.188.16 - - [06/Dec/2025:19:45:21 +0100] "GET /media-new.php HTTP/1.1" 301 162 "-" "Mozilla/5.0 (X11; Linux x86_64) AppleWebKit/537.36 (KHTML, like Gecko) Chrome/84.0.4147.105 Safari/537.36"
162.158.163.202 - - [06/Dec/2025:19:45:21 +0100] "GET /index/install.php HTTP/1.1" 301 162 "-" "Mozilla/5.0 (X11; Linux i686; rv:79.0) Gecko/20100101 Firefox/79.0"
172.70.188.16 - - [06/Dec/2025:19:45:21 +0100] "GET /js/class_api.php HTTP/1.1" 301 162 "-" "Mozilla/5.0 (X11; Ubuntu; Linux i686; rv:79.0) Gecko/20100101 Firefox/79.0"
162.158.163.202 - - [06/Dec/2025:19:45:21 +0100] "GET /wp-includes/ID3/db.php HTTP/1.1" 301 162 "-" "Mozilla/5.0 (X11; Linux x86_64) AppleWebKit/537.36 (KHTML, like Gecko) Chrome/84.0.4147.105 Safari/537.36 OPR/70.0.3728.95"
172.70.188.16 - - [06/Dec/2025:19:45:21 +0100] "GET /wp-content/uploads/2021/themes.php HTTP/1.1" 301 162 "-" "Mozilla/5.0 (Windows NT 10.0) AppleWebKit/537.36 (KHTML, like Gecko) Chrome/72.0.3626.121 Safari/537.36"
162.158.163.202 - - [06/Dec/2025:19:45:21 +0100] "GET /function/install.php HTTP/1.1" 301 162 "-" "Mozilla/5.0 (Windows NT 10.0; Win64; x64) AppleWebKit/537.36 (KHTML, like Gecko) Chrome/74.0.3729.169 Safari/537.36"
172.70.188.16 - - [06/Dec/2025:19:45:21 +0100] "GET /admin/install.php HTTP/1.1" 301 162 "-" "Mozilla/5.0 (Windows NT 10.0; WOW64) AppleWebKit/537.36 (KHTML, like Gecko) Chrome/84.0.4147.105 Safari/537.36"
162.158.163.202 - - [06/Dec/2025:19:45:22 +0100] "GET /wp-content/themes/tflow/av.php HTTP/1.1" 301 162 "-" "Mozilla/5.0 (Windows NT 10.0; Win64; x64) AppleWebKit/537.36 (KHTML, like Gecko) Chrome/83.0.4103.61 Safari/537.36"
172.70.188.16 - - [06/Dec/2025:19:45:22 +0100] "GET /wp-includes/plugin.php HTTP/1.1" 301 162 "-" "Mozilla/5.0 (Windows NT 10.0; Win64; x64; rv:79.0) Gecko/20100101 Firefox/79.0"
162.158.163.202 - - [06/Dec/2025:19:45:22 +0100] "GET /wp-includes/js/dist/bypass.php HTTP/1.1" 301 162 "-" "Mozilla/5.0 (Windows NT 10.0; Win64; x64) AppleWebKit/537.36 (KHTML, like Gecko) Chrome/79.0.3945.130 Safari/537.36"
172.70.188.16 - - [06/Dec/2025:19:45:22 +0100] "GET /wp-includes/class-wp-scripts-query.php HTTP/1.1" 301 162 "-" "Mozilla/5.0 (Windows NT 10.0) AppleWebKit/537.36 (KHTML, like Gecko) Chrome/84.0.4147.105 Safari/537.36"
162.158.163.202 - - [06/Dec/2025:19:45:22 +0100] "GET /testt.php HTTP/1.1" 301 162 "-" "Mozilla/5.0 (Macintosh; Intel Mac OS X 10.15; rv:79.0) Gecko/20100101 Firefox/79.0"
172.70.188.16 - - [06/Dec/2025:19:45:22 +0100] "GET /wp-admin/js/item.php HTTP/1.1" 301 162 "-" "Mozilla/5.0 (Windows NT 10.0; WOW64; Trident/7.0; .NET4.0C; .NET4.0E; .NET CLR 2.0.50727; .NET CLR 3.0.30729; .NET CLR 3.5.30729; rv:11.0) like Gecko"
172.70.188.16 - - [06/Dec/2025:19:45:23 +0100] "GET /pages.php HTTP/1.1" 301 162 "-" "Mozilla/5.0 (Windows NT 10.0; Win64; x64) AppleWebKit/537.36 (KHTML, like Gecko) Chrome/81.0.4044.129 Safari/537.36"
162.158.163.202 - - [06/Dec/2025:19:45:23 +0100] "GET /wp-content/uploads/goods.php HTTP/1.1" 301 162 "-" "Mozilla/5.0 (Windows NT 10.0; Win64; x64; rv:74.0) Gecko/20100101 Firefox/74.0"
172.70.188.16 - - [06/Dec/2025:19:45:23 +0100] "GET /wp-includes/ID3/module.audio-license.php HTTP/1.1" 301 162 "-" "Mozilla/5.0 (Windows NT 6.1; Win64; x64) AppleWebKit/537.36 (KHTML, like Gecko) Chrome/78.0.3904.108 Safari/537.36"
162.158.163.202 - - [06/Dec/2025:19:45:23 +0100] "GET /wp-admin/js/sad.php HTTP/1.1" 301 162 "-" "Mozilla/5.0 (X11; Linux x86_64) AppleWebKit/537.36 (KHTML, like Gecko) Chrome/84.0.4147.105 Safari/537.36 OPR/70.0.3728.95"
172.70.188.16 - - [06/Dec/2025:19:45:23 +0100] "GET /wp-content/themes/classwithtostring.php%20 HTTP/1.1" 301 162 "-" "Mozilla/5.0 (Windows NT 10.0) AppleWebKit/537.36 (KHTML, like Gecko) Chrome/84.0.4147.105 Safari/537.36"
172.70.188.16 - - [06/Dec/2025:19:45:23 +0100] "GET /uploads/function.php HTTP/1.1" 301 162 "-" "Mozilla/5.0 (Windows NT 10.0; Win64; x64) AppleWebKit/537.36 (KHTML, like Gecko) Chrome/84.0.4147.105 Safari/537.36"
162.158.163.202 - - [06/Dec/2025:19:45:23 +0100] "GET /wp-includes/sitemaps/wp-conflg.php HTTP/1.1" 301 162 "-" "Mozilla/5.0 (Windows NT 10.0; Win64; x64) AppleWebKit/537.36 (KHTML, like Gecko) Chrome/58.0.3029.110 Safari/537.3"
172.70.188.16 - - [06/Dec/2025:19:45:24 +0100] "GET /assets/js/doc.php HTTP/1.1" 301 162 "-" "Mozilla/5.0 (Windows NT 10.0; Win64; x64; rv:76.0) Gecko/20100101 Firefox/76.0"
162.158.163.202 - - [06/Dec/2025:19:45:24 +0100] "GET /wp-includes/assets/wp-includes/assets/script-loader-packages.php HTTP/1.1" 301 162 "-" "Mozilla/5.0 (Windows NT 10.0; Win64; x64) AppleWebKit/537.36 (KHTML, like Gecko) Chrome/79.0.3945.88 Safari/537.36"
172.70.188.16 - - [06/Dec/2025:19:45:24 +0100] "GET /assets/comfunctions.php HTTP/1.1" 301 162 "-" "Mozilla/5.0 (Windows NT 10.0; Win64; x64) AppleWebKit/537.36 (KHTML, like Gecko) Chrome/79.0.3945.88 Safari/537.36"
162.158.163.202 - - [06/Dec/2025:19:45:24 +0100] "GET /web/function.php HTTP/1.1" 301 162 "-" "Mozilla/5.0 (Windows NT 6.1; Win64; x64) AppleWebKit/537.36 (KHTML, like Gecko) Chrome/80.0.3987.149 Safari/537.36"
172.70.188.16 - - [06/Dec/2025:19:45:24 +0100] "GET /wp-includes/class-wp-error-module.php HTTP/1.1" 301 162 "-" "Mozilla/5.0 (Windows NT 10.0; Win64; x64) AppleWebKit/537.36 (KHTML, like Gecko) Chrome/84.0.4147.105 Safari/537.36"
162.158.163.202 - - [06/Dec/2025:19:45:25 +0100] "GET /wp-includes/SimplePie/login.php HTTP/1.1" 301 162 "-" "Mozilla/5.0 (Windows NT 10.0; Win64; x64; rv:77.0) Gecko/20100101 Firefox/77.0"
172.70.188.16 - - [06/Dec/2025:19:45:25 +0100] "GET /css/adminfus.php HTTP/1.1" 301 162 "-" "Mozilla/5.0 (Windows NT 10.0; Win64; x64; rv:73.0) Gecko/20100101 Firefox/73.0"
162.158.163.202 - - [06/Dec/2025:19:45:25 +0100] "GET /network.php HTTP/1.1" 301 162 "-" "Mozilla/5.0 (Windows NT 10.0; Win64; x64; rv:76.0) Gecko/20100101 Firefox/76.0"
172.70.188.16 - - [06/Dec/2025:19:45:25 +0100] "GET /adminfus.php HTTP/1.1" 301 162 "-" "Mozilla/5.0 (Windows NT 10.0; Win64; x64; rv:79.0) Gecko/20100101 Firefox/79.0"
162.158.163.202 - - [06/Dec/2025:19:45:25 +0100] "GET /wp-admin/css/colors/blue/alfa.php HTTP/1.1" 301 162 "-" "Mozilla/5.0 (Linux x86_64; rv:79.0) Gecko/20100101 Firefox/79.0"
172.70.188.16 - - [06/Dec/2025:19:45:25 +0100] "GET /wp-includes/css/litespeed.php HTTP/1.1" 301 162 "-" "Mozilla/5.0 (Windows NT 6.1; Win64; x64) AppleWebKit/537.36 (KHTML, like Gecko) Chrome/78.0.3904.108 Safari/537.36"
162.158.163.202 - - [06/Dec/2025:19:45:26 +0100] "GET /wp-includes/sitemaps/chosen.php HTTP/1.1" 301 162 "-" "Mozilla/5.0 (Windows NT 10.0; Win64; x64; rv:67.0) Gecko/20100101 Firefox/67.0"
172.70.188.16 - - [06/Dec/2025:19:45:26 +0100] "GET /images/as.php HTTP/1.1" 301 162 "-" "Mozilla/5.0 (Linux x86_64; rv:79.0) Gecko/20100101 Firefox/79.0"
172.70.188.16 - - [06/Dec/2025:19:45:26 +0100] "GET /wp-admin/setup-config.php HTTP/1.1" 301 162 "-" "Mozilla/5.0 (Macintosh; Intel Mac OS X 10_10_1) AppleWebKit/537.36 (KHTML, like Gecko) Chrome/39.0.2171.95 Safari/537.36"
162.158.163.202 - - [06/Dec/2025:19:45:26 +0100] "GET /wikindex.php HTTP/1.1" 301 162 "-" "Mozilla/5.0 (Macintosh; Intel Mac OS X 10_10_1) AppleWebKit/537.36 (KHTML, like Gecko) Chrome/39.0.2171.95 Safari/537.36"
172.70.188.16 - - [06/Dec/2025:19:45:26 +0100] "GET /wp-includes/css/dist/alam.php HTTP/1.1" 301 162 "-" "Mozilla/5.0 (Windows NT 6.1; Win64; x64) AppleWebKit/537.36 (KHTML, like Gecko) Chrome/78.0.3904.108 Safari/537.36"
162.158.163.202 - - [06/Dec/2025:19:45:26 +0100] "GET /wp-content/plugins/seoo/alfa.php HTTP/1.1" 301 162 "-" "Mozilla/5.0 (Windows NT 10.0; Win64; x64) AppleWebKit/537.36 (KHTML, like Gecko) Chrome/84.0.4147.105 Safari/537.36"
172.70.188.16 - - [06/Dec/2025:19:45:26 +0100] "GET /cong.php HTTP/1.1" 301 162 "-" "Mozilla/5.0 (Linux x86_64; rv:79.0) Gecko/20100101 Firefox/79.0"
162.158.163.202 - - [06/Dec/2025:19:45:26 +0100] "GET /wp-includes/SimplePie/Cache/index.php HTTP/1.1" 301 162 "-" "Mozilla/5.0 (Windows NT 10.0; Win64; x64) AppleWebKit/537.36 (KHTML, like Gecko) Chrome/84.0.4147.105 Safari/537.36"
172.70.188.16 - - [06/Dec/2025:19:45:27 +0100] "GET /wp-includes/block-bindings/imagess.php HTTP/1.1" 301 162 "-" "Mozilla/5.0 (Windows NT 10.0; Win64; x64; rv:74.0) Gecko/20100101 Firefox/74.0"
162.158.163.202 - - [06/Dec/2025:19:45:27 +0100] "GET /wp-includes/css/dist/about.php HTTP/1.1" 301 162 "-" "Mozilla/5.0 (Windows NT 10.0; Win64; x64) AppleWebKit/537.36 (KHTML, like Gecko) Chrome/79.0.3945.79 Safari/537.36"
172.70.188.16 - - [06/Dec/2025:19:45:27 +0100] "GET /wp-content/plugins/pwnd/adminfus.php HTTP/1.1" 301 162 "-" "Mozilla/5.0 (Windows NT 6.1; Win64; x64) AppleWebKit/537.36 (KHTML, like Gecko) Chrome/78.0.3904.108 Safari/537.36"
162.158.163.202 - - [06/Dec/2025:19:45:27 +0100] "GET /wp-content/as.php HTTP/1.1" 301 162 "-" "Mozilla/5.0 (Windows NT 10.0; Win64; x64) AppleWebKit/537.36 (KHTML, like Gecko) Chrome/79.0.3945.130 Safari/537.36"
172.70.188.16 - - [06/Dec/2025:19:45:27 +0100] "GET /wp-includes/default-filters-edit.php HTTP/1.1" 301 162 "-" "Mozilla/5.0 (Windows NT 10.0; Win64; x64) AppleWebKit/537.36 (KHTML, like Gecko) Chrome/81.0.4044.129 Safari/537.36"
162.158.163.202 - - [06/Dec/2025:19:45:28 +0100] "GET /wp-includes/customize/about.php HTTP/1.1" 301 162 "-" "Mozilla/5.0 (Windows NT 10.0; Win64; x64) AppleWebKit/537.36 (KHTML, like Gecko) Chrome/79.0.3945.88 Safari/537.36"
172.70.188.16 - - [06/Dec/2025:19:45:28 +0100] "GET /css/install.php HTTP/1.1" 301 162 "-" "Mozilla/5.0 (Windows NT 10.0; WOW64) AppleWebKit/537.36 (KHTML, like Gecko) Chrome/72.0.3626.121 Safari/537.36"
172.70.188.16 - - [06/Dec/2025:19:45:28 +0100] "GET /assets/av.php HTTP/1.1" 301 162 "-" "Mozilla/5.0 (Windows NT 10.0; Win64; x64) AppleWebKit/537.36 (KHTML, like Gecko) Chrome/74.0.3729.157 Safari/537.36"
162.158.163.202 - - [06/Dec/2025:19:45:28 +0100] "GET /wp-includes/js/simi.php HTTP/1.1" 301 162 "-" "Mozilla/5.0 (Windows NT 6.3; Win64; x64; rv:73.0) Gecko/20100101 Firefox/73.0"
172.70.188.16 - - [06/Dec/2025:19:45:28 +0100] "GET /autoload_classmap/about.php HTTP/1.1" 301 162 "-" "Mozilla/5.0 (Windows NT 10.0; Win64; x64) AppleWebKit/537.36 (KHTML, like Gecko) Chrome/79.0.3945.79 Safari/537.36"
162.158.163.202 - - [06/Dec/2025:19:45:28 +0100] "GET /wp-admin/images/chosen.php HTTP/1.1" 301 162 "-" "Mozilla/5.0 (X11; Linux x86_64) AppleWebKit/537.36 (KHTML, like Gecko) Chrome/84.0.4147.105 Safari/537.36"
172.70.188.16 - - [06/Dec/2025:19:45:29 +0100] "GET /wp-configs.php HTTP/1.1" 301 162 "-" "Mozilla/5.0 (Windows NT 10.0; Win64; x64) AppleWebKit/537.36 (KHTML, like Gecko) Chrome/70.0.3538.77 Safari/537.36"
162.158.163.202 - - [06/Dec/2025:19:45:29 +0100] "GET /wp-admin/css/colors/gold.php HTTP/1.1" 301 162 "-" "Mozilla/5.0 (Windows NT 10.0; Win64; x64) AppleWebKit/537.36 (KHTML, like Gecko) Chrome/84.0.4147.105 Safari/537.36 OPR/70.0.3728.95"
172.70.188.16 - - [06/Dec/2025:19:45:29 +0100] "GET /wp-includes/Requests/Auth/index.php HTTP/1.1" 301 162 "-" "Mozilla/5.0 (Windows NT 10.0; Win64; x64; rv:73.0) Gecko/20100101 Firefox/73.0"
162.158.163.202 - - [06/Dec/2025:19:45:29 +0100] "GET /wp-includes/Requests/Text/index.php HTTP/1.1" 301 162 "-" "Mozilla/5.0 (Macintosh; Intel Mac OS X 10_15_6) AppleWebKit/537.36 (KHTML, like Gecko) Chrome/84.0.4147.105 Safari/537.36"
172.70.188.16 - - [06/Dec/2025:19:45:29 +0100] "GET /wp-admin/js/widgets/bless2.php HTTP/1.1" 301 162 "-" "Mozilla/5.0 (Windows NT 10.0; Win64; x64) AppleWebKit/537.36 (KHTML, like Gecko) Chrome/70.0.3538.77 Safari/537.36"
172.70.188.16 - - [06/Dec/2025:19:45:29 +0100] "GET /wp-admin/network/about.php HTTP/1.1" 301 162 "-" "Mozilla/5.0 (Windows NT 10.0; Win64; x64; rv:67.0) Gecko/20100101 Firefox/67.0"
162.158.163.202 - - [06/Dec/2025:19:45:30 +0100] "GET /wp-content/mu-plugins/index.php HTTP/1.1" 301 162 "-" "Mozilla/5.0 (Windows NT 10.0; WOW64) AppleWebKit/537.36 (KHTML, like Gecko) Chrome/72.0.3626.121 Safari/537.36"
172.70.188.16 - - [06/Dec/2025:19:45:30 +0100] "GET /wp-admin/item.php HTTP/1.1" 301 162 "-" "Mozilla/5.0 (Windows NT 10.0; Win64; x64; rv:73.0) Gecko/20100101 Firefox/73.0"
162.158.163.202 - - [06/Dec/2025:19:45:30 +0100] "GET /wp-includes/sitemaps/abcd.php HTTP/1.1" 301 162 "-" "Mozilla/5.0 (Macintosh; Intel Mac OS X 10_15_6) AppleWebKit/537.36 (KHTML, like Gecko) Chrome/84.0.4147.105 Safari/537.36"
172.70.188.16 - - [06/Dec/2025:19:45:30 +0100] "GET /wp-includes/Text/Diff/Engine/theme.php HTTP/1.1" 301 162 "-" "Mozilla/5.0 (Windows NT 6.1; Win64; x64) AppleWebKit/537.36 (KHTML, like Gecko) Chrome/78.0.3904.108 Safari/537.36"
162.158.163.202 - - [06/Dec/2025:19:45:30 +0100] "GET /wp-includes/ID3/rk2.php HTTP/1.1" 301 162 "-" "Mozilla/5.0 (Windows NT 10.0; Win64; x64; rv:79.0) Gecko/20100101 Firefox/79.0"
172.70.188.16 - - [06/Dec/2025:19:45:30 +0100] "GET /.well-known/acme-challenge/mah.php HTTP/1.1" 301 162 "-" "Mozilla/5.0 (compatible; MSIE 10.0; Windows NT 6.1; Trident/6.0)"
162.158.163.202 - - [06/Dec/2025:19:45:30 +0100] "GET /wp-includes/widgets/class-wp-widget-search-interpreter.php HTTP/1.1" 301 162 "-" "Mozilla/5.0 (X11; Linux i686; rv:79.0) Gecko/20100101 Firefox/79.0"
172.70.188.16 - - [06/Dec/2025:19:45:31 +0100] "GET /wp-includes/ID3/shell.php HTTP/1.1" 301 162 "-" "Mozilla/5.0 (Macintosh; Intel Mac OS X 10_15_6) AppleWebKit/537.36 (KHTML, like Gecko) Chrome/84.0.4147.105 Safari/537.36"
162.158.163.202 - - [06/Dec/2025:19:45:31 +0100] "GET /wp-admin/css/chosen.php HTTP/1.1" 301 162 "-" "Mozilla/5.0 (Windows NT 10.0; Win64; x64) AppleWebKit/537.36 (KHTML, like Gecko) Chrome/83.0.4103.61 Safari/537.36"
172.70.188.16 - - [06/Dec/2025:19:45:31 +0100] "GET /wp-includes/customize/class-wp-customize-selective-refresh-library.php HTTP/1.1" 301 162 "-" "Mozilla/5.0 (Windows NT 10.0; Win64; x64) AppleWebKit/537.36 (KHTML, like Gecko) Chrome/79.0.3945.88 Safari/537.36"
162.158.163.202 - - [06/Dec/2025:19:45:31 +0100] "GET /bitrix/admin/htmleditor2/natural.php HTTP/1.1" 301 162 "-" "Mozilla/5.0 (Macintosh; Intel Mac OS X 10_15_6) AppleWebKit/537.36 (KHTML, like Gecko) Chrome/84.0.4147.125 Safari/537.36"
172.70.188.16 - - [06/Dec/2025:19:45:31 +0100] "GET /ms-users.php HTTP/1.1" 301 162 "-" "Mozilla/5.0 (Windows NT 10.0) AppleWebKit/537.36 (KHTML, like Gecko) Chrome/84.0.4147.105 Safari/537.36"
172.70.188.16 - - [06/Dec/2025:19:45:32 +0100] "GET /wp-admin/js/cc.php HTTP/1.1" 301 162 "-" "Mozilla/5.0 (Windows NT 10.0; Win64; x64; rv:75.0) Gecko/20100101 Firefox/75.0"
162.158.163.202 - - [06/Dec/2025:19:45:32 +0100] "GET /wp-content/plugins/pwnd/autoload_classmap.php HTTP/1.1" 301 162 "-" "Mozilla/5.0 (Windows NT 6.1; Win64; x64) AppleWebKit/537.36 (KHTML, like Gecko) Chrome/80.0.3987.149 Safari/537.36"
172.70.188.16 - - [06/Dec/2025:19:45:32 +0100] "GET /wp-includes/Requests/library/wp-login.php HTTP/1.1" 301 162 "-" "Mozilla/5.0 (Macintosh; Intel Mac OS X 10.15; rv:79.0) Gecko/20100101 Firefox/79.0"
172.70.188.16 - - [06/Dec/2025:19:45:32 +0100] "GET /wp-includes/interactivity-api/about.php HTTP/1.1" 301 162 "-" "Mozilla/5.0 (Macintosh; Intel Mac OS X 10.15; rv:79.0) Gecko/20100101 Firefox/79.0"
162.158.163.202 - - [06/Dec/2025:19:45:32 +0100] "GET /wp-includes/block-template-utils-other.php HTTP/1.1" 301 162 "-" "Mozilla/5.0 (Windows NT 10.0; Win64; x64) AppleWebKit/537.36 (KHTML, like Gecko) Chrome/77.0.3865.90 Safari/537.36"
172.70.188.16 - - [06/Dec/2025:19:45:32 +0100] "GET /css/file.php HTTP/1.1" 301 162 "-" "Mozilla/5.0 (Windows NT 10.0; Win64; x64) AppleWebKit/537.36 (KHTML, like Gecko) Chrome/77.0.3865.90 Safari/537.36"
162.158.163.202 - - [06/Dec/2025:19:45:33 +0100] "GET /wp-content/alam.php HTTP/1.1" 301 162 "-" "Mozilla/5.0 (Windows NT 10.0; Win64; x64) AppleWebKit/537.36 (KHTML, like Gecko) Chrome/84.0.4147.105 Safari/537.36"
172.70.188.16 - - [06/Dec/2025:19:45:33 +0100] "GET /wp-content/plugins/classic-editor/alam.php HTTP/1.1" 301 162 "-" "Mozilla/5.0 (Windows NT 10.0; Win64; x64) AppleWebKit/537.36 (KHTML, like Gecko) Chrome/79.0.3945.88 Safari/537.36"
162.158.163.202 - - [06/Dec/2025:19:45:33 +0100] "GET /css/adminfusm.php HTTP/1.1" 301 162 "-" "Mozilla/5.0 (Windows NT 6.1; Win64; x64) AppleWebKit/537.36 (KHTML, like Gecko) Chrome/78.0.3904.108 Safari/537.36"
172.70.188.16 - - [06/Dec/2025:19:45:33 +0100] "GET /wordpress/wp-admin/includes/wordpress/wp-admin/includes/admin-filters.php HTTP/1.1" 301 162 "-" "Mozilla/5.0 (Windows NT 10.0; Win64; x64; rv:72.0) Gecko/20100101 Firefox/72.0"
162.158.163.202 - - [06/Dec/2025:19:45:33 +0100] "GET /wp-includes/sodium_compat/lib/widget-group.php HTTP/1.1" 301 162 "-" "Mozilla/5.0 (Windows NT 10.0; Win64; x64; rv:75.0) Gecko/20100101 Firefox/75.0"
172.70.188.16 - - [06/Dec/2025:19:45:33 +0100] "GET /assets/content.php HTTP/1.1" 301 162 "-" "Mozilla/5.0 (X11; Linux x86_64) AppleWebKit/537.36 (KHTML, like Gecko) Chrome/84.0.4147.105 Safari/537.36"
162.158.163.202 - - [06/Dec/2025:19:45:33 +0100] "GET /wp-content/raw.php HTTP/1.1" 301 162 "-" "Mozilla/5.0 (Windows NT 6.3; Win64; x64; rv:73.0) Gecko/20100101 Firefox/73.0"
172.70.188.16 - - [06/Dec/2025:19:45:34 +0100] "GET /fm.php%20 HTTP/1.1" 301 162 "-" "Mozilla/5.0 (Windows NT 10.0; Win64; x64) AppleWebKit/537.36 (KHTML, like Gecko) Chrome/80.0.3987.149 Safari/537.36"
162.158.163.202 - - [06/Dec/2025:19:45:34 +0100] "GET /wp-includes/js/jcrop/about.php HTTP/1.1" 301 162 "-" "Mozilla/5.0 (Windows NT 10.0; WOW64) AppleWebKit/537.36 (KHTML, like Gecko) Chrome/84.0.4147.105 Safari/537.36"
172.70.188.16 - - [06/Dec/2025:19:45:34 +0100] "GET /wp-content/goods.php HTTP/1.1" 301 162 "-" "Mozilla/5.0 (Windows NT 10.0; WOW64; Trident/7.0; .NET4.0C; .NET4.0E; .NET CLR 2.0.50727; .NET CLR 3.0.30729; .NET CLR 3.5.30729; rv:11.0) like Gecko"
162.158.163.202 - - [06/Dec/2025:19:45:34 +0100] "GET /wp-admin/includes/admin.php HTTP/1.1" 301 162 "-" "Mozilla/5.0 (Windows NT 10.0) AppleWebKit/537.36 (KHTML, like Gecko) Chrome/84.0.4147.105 Safari/537.36"
172.70.188.16 - - [06/Dec/2025:19:45:34 +0100] "GET /wp-includes/wp-2019.php HTTP/1.1" 301 162 "-" "Mozilla/5.0 (Windows NT 10.0; Win64; x64; rv:75.0) Gecko/20100101 Firefox/75.0"
162.158.163.202 - - [06/Dec/2025:19:45:34 +0100] "GET /wp-includes/customize/chosen.php HTTP/1.1" 301 162 "-" "Mozilla/5.0 (Windows NT 6.3; Win64; x64; rv:73.0) Gecko/20100101 Firefox/73.0"
172.70.188.16 - - [06/Dec/2025:19:45:35 +0100] "GET /wp-includes/SimplePie/info.php HTTP/1.1" 301 162 "-" "Mozilla/5.0 (Macintosh; Intel Mac OS X 10_15_6) AppleWebKit/537.36 (KHTML, like Gecko) Chrome/84.0.4147.105 Safari/537.36"
162.158.163.202 - - [06/Dec/2025:19:45:35 +0100] "GET /wp-content/uploads/2021/wp-works.php HTTP/1.1" 301 162 "-" "Mozilla/5.0 (Windows NT 10.0; WOW64) AppleWebKit/537.36 (KHTML, like Gecko) Chrome/72.0.3626.121 Safari/537.36"
172.70.188.16 - - [06/Dec/2025:19:45:35 +0100] "GET /assets/images/cloud.php HTTP/1.1" 301 162 "-" "Mozilla/5.0 (X11; Linux x86_64) AppleWebKit/537.36 (KHTML, like Gecko) Chrome/84.0.4147.105 Safari/537.36"
162.158.163.202 - - [06/Dec/2025:19:45:35 +0100] "GET /wp-admin/media-new.php HTTP/1.1" 301 162 "-" "Mozilla/5.0 (Windows NT 10.0; WOW64; Trident/7.0; .NET4.0C; .NET4.0E; .NET CLR 2.0.50727; .NET CLR 3.0.30729; .NET CLR 3.5.30729; rv:11.0) like Gecko"
172.70.188.16 - - [06/Dec/2025:19:45:35 +0100] "GET /wp-includes/log.php HTTP/1.1" 301 162 "-" "Mozilla/5.0 (Windows NT 6.1; Win64; x64) AppleWebKit/537.36 (KHTML, like Gecko) Chrome/78.0.3904.108 Safari/537.36"
162.158.163.202 - - [06/Dec/2025:19:45:35 +0100] "GET /media-new.php HTTP/1.1" 301 162 "-" "Mozilla/5.0 (Windows NT 6.1; Win64; x64) AppleWebKit/537.36 (KHTML, like Gecko) Chrome/74.0.3729.169 Safari/537.36"
172.70.188.16 - - [06/Dec/2025:19:45:35 +0100] "GET /wp-includes/assets/script-loader-react-refresh-runtime-num.php HTTP/1.1" 301 162 "-" "Mozilla/5.0 (X11; Ubuntu; Linux i686; rv:79.0) Gecko/20100101 Firefox/79.0"
172.70.188.16 - - [06/Dec/2025:19:45:36 +0100] "GET /wp-includes/assets/script-loader-react-refresh-entry.min-object.php HTTP/1.1" 301 162 "-" "Mozilla/5.0 (Windows NT 10.0; Win64; x64) AppleWebKit/537.36 (KHTML, like Gecko) Chrome/74.0.3729.157 Safari/537.36"
162.158.163.202 - - [06/Dec/2025:19:45:36 +0100] "GET /js/class_api.php HTTP/1.1" 301 162 "-" "Mozilla/5.0 (Windows NT 6.3; Win64; x64; rv:73.0) Gecko/20100101 Firefox/73.0"
172.70.188.16 - - [06/Dec/2025:19:45:36 +0100] "GET /wp-includes/aw.php HTTP/1.1" 301 162 "-" "Mozilla/5.0 (Macintosh; Intel Mac OS X 10_10_1) AppleWebKit/537.36 (KHTML, like Gecko) Chrome/39.0.2171.95 Safari/537.36"
162.158.163.202 - - [06/Dec/2025:19:45:36 +0100] "GET /wp-content/uploads/2021/themes.php HTTP/1.1" 301 162 "-" "Mozilla/5.0 (Windows NT 10.0; Win64; x64) AppleWebKit/537.36 (KHTML, like Gecko) Chrome/58.0.3029.110 Safari/537.3"
162.158.163.202 - - [06/Dec/2025:19:45:37 +0100] "GET /admin/install.php HTTP/1.1" 301 162 "-" "Mozilla/5.0 (Windows NT 10.0; WOW64; x64) AppleWebKit/537.36 (KHTML, like Gecko) Chrome/84.0.4147.105 Safari/537.36 OPR/70.0.3728.95"
172.70.188.16 - - [06/Dec/2025:19:45:37 +0100] "GET /update/gely.php HTTP/1.1" 301 162 "-" "Mozilla/5.0 (Windows NT 10.0; Win64; x64; rv:72.0) Gecko/20100101 Firefox/72.0"
162.158.163.202 - - [06/Dec/2025:19:45:37 +0100] "GET /wp-includes/plugin.php HTTP/1.1" 301 162 "-" "Mozilla/5.0 (Windows NT 6.1; Win64; x64) AppleWebKit/537.36 (KHTML, like Gecko) Chrome/78.0.3904.108 Safari/537.36"
172.70.188.16 - - [06/Dec/2025:19:45:37 +0100] "GET /uploads/c99shell.php HTTP/1.1" 301 162 "-" "Mozilla/5.0 (Windows NT 10.0; Win64; x64) AppleWebKit/537.36 (KHTML, like Gecko) Chrome/83.0.4103.61 Safari/537.36"
162.158.163.202 - - [06/Dec/2025:19:45:37 +0100] "GET /wp-includes/class-wp-scripts-query.php HTTP/1.1" 301 162 "-" "Mozilla/5.0 (Windows NT 10.0; WOW64; x64) AppleWebKit/537.36 (KHTML, like Gecko) Chrome/84.0.4147.105 Safari/537.36 OPR/70.0.3728.95"
172.70.188.16 - - [06/Dec/2025:19:45:37 +0100] "GET /wp-content/themes/pridmag/admin-footer.php HTTP/1.1" 301 162 "-" "Mozilla/5.0 (Windows NT 10.0; Win64; x64) AppleWebKit/537.36 (KHTML, like Gecko) Chrome/81.0.4044.129 Safari/537.36"
172.70.188.16 - - [06/Dec/2025:19:45:38 +0100] "GET /uploads/lala.php HTTP/1.1" 301 162 "-" "Mozilla/5.0 (Windows NT 10.0; Win64; x64) AppleWebKit/537.36 (KHTML, like Gecko) Chrome/79.0.3945.79 Safari/537.36"
162.158.163.202 - - [06/Dec/2025:19:45:38 +0100] "GET /wp-admin/js/item.php HTTP/1.1" 301 162 "-" "Mozilla/5.0 (Windows NT 10.0; Win64; x64) AppleWebKit/537.36 (KHTML, like Gecko) Chrome/81.0.4044.129 Safari/537.36"
172.70.188.16 - - [06/Dec/2025:19:45:38 +0100] "GET /wp-includes/IXR/db.php HTTP/1.1" 301 162 "-" "Mozilla/5.0 (Windows NT 10.0; Win64; x64) AppleWebKit/537.36 (KHTML, like Gecko) Chrome/70.0.3538.77 Safari/537.36"
172.70.188.16 - - [06/Dec/2025:19:45:38 +0100] "GET /wp-includes/css/install.php HTTP/1.1" 301 162 "-" "Mozilla/5.0 (Windows NT 10.0; Win64; x64) AppleWebKit/537.36 (KHTML, like Gecko) Chrome/58.0.3029.110 Safari/537.3"
162.158.163.202 - - [06/Dec/2025:19:45:38 +0100] "GET /pages.php HTTP/1.1" 301 162 "-" "Mozilla/5.0 (Windows NT 6.3; Win64; x64; rv:73.0) Gecko/20100101 Firefox/73.0"
172.70.188.16 - - [06/Dec/2025:19:45:39 +0100] "GET /wp-content/plugins/wp-theme-editor/include.php%20 HTTP/1.1" 301 162 "-" "Mozilla/5.0 (Windows NT 10.0; Win64; x64; rv:75.0) Gecko/20100101 Firefox/75.0"
162.158.163.202 - - [06/Dec/2025:19:45:39 +0100] "GET /wp-includes/ID3/module.audio-license.php HTTP/1.1" 301 162 "-" "Mozilla/5.0 (Windows NT 10.0; Win64; x64) AppleWebKit/537.36 (KHTML, like Gecko) Chrome/79.0.3945.130 Safari/537.36"
172.70.188.16 - - [06/Dec/2025:19:45:39 +0100] "GET /top.php HTTP/1.1" 301 162 "-" "Mozilla/5.0 (Windows NT 10.0; Win64; x64; rv:79.0) Gecko/20100101 Firefox/79.0"
162.158.163.202 - - [06/Dec/2025:19:45:39 +0100] "GET /wp-content/themes/classwithtostring.php%20 HTTP/1.1" 301 162 "-" "Mozilla/5.0 (Windows NT 10.0; WOW64; x64) AppleWebKit/537.36 (KHTML, like Gecko) Chrome/84.0.4147.105 Safari/537.36 OPR/70.0.3728.95"
172.70.188.16 - - [06/Dec/2025:19:45:39 +0100] "GET /wp-includes/css/dist/install.php HTTP/1.1" 301 162 "-" "Mozilla/5.0 (X11; Linux x86_64) AppleWebKit/537.36 (KHTML, like Gecko) Chrome/84.0.4147.105 Safari/537.36"
162.158.163.202 - - [06/Dec/2025:19:45:39 +0100] "GET /uploads/function.php HTTP/1.1" 301 162 "-" "Mozilla/5.0 (X11; Linux x86_64) AppleWebKit/537.36 (KHTML, like Gecko) Chrome/84.0.4147.105 Safari/537.36 OPR/70.0.3728.95"
172.70.188.16 - - [06/Dec/2025:19:45:40 +0100] "GET /wp-includes/style-engine/dedi1.php HTTP/1.1" 301 162 "-" "Mozilla/5.0 (Windows NT 10.0; Win64; x64) AppleWebKit/537.36 (KHTML, like Gecko) Chrome/83.0.4103.97 Safari/537.36"
