162.158.107.4 - - [06/Dec/2025:19:42:25 +0100] "GET /wp-admin/css/colors/ectoplasm/about.php HTTP/1.1" 301 162 "-" "Mozilla/5.0 (Windows NT 6.3; Win64; x64; rv:73.0) Gecko/20100101 Firefox/73.0"
172.68.242.108 - - [06/Dec/2025:19:42:26 +0100] "GET /wp-content/plugin.php HTTP/1.1" 301 162 "-" "Mozilla/5.0 (Windows NT 10.0; Win64; x64) AppleWebKit/537.36 (KHTML, like Gecko) Chrome/81.0.4044.129 Safari/537.36"
162.158.107.4 - - [06/Dec/2025:19:42:26 +0100] "GET /as.php HTTP/1.1" 301 162 "-" "Mozilla/5.0 (Windows NT 6.1; Win64; x64) AppleWebKit/537.36 (KHTML, like Gecko) Chrome/80.0.3987.149 Safari/537.36"
172.68.242.108 - - [06/Dec/2025:19:42:26 +0100] "GET /wp-admin/css/colors/ectoplasm/about.php HTTP/1.1" 301 162 "-" "Mozilla/5.0 (Windows NT 10.0; WOW64; Trident/7.0; .NET4.0C; .NET4.0E; .NET CLR 2.0.50727; .NET CLR 3.0.30729; .NET CLR 3.5.30729; rv:11.0) like Gecko"
162.158.107.4 - - [06/Dec/2025:19:42:26 +0100] "GET /cc.php HTTP/1.1" 301 162 "-" "Mozilla/5.0 (Windows NT 10.0; Win64; x64) AppleWebKit/537.36 (KHTML, like Gecko) Chrome/79.0.3945.79 Safari/537.36"
172.68.242.108 - - [06/Dec/2025:19:42:27 +0100] "GET /as.php HTTP/1.1" 301 162 "-" "Mozilla/5.0 (Windows NT 10.0; Win64; x64) AppleWebKit/537.36 (KHTML, like Gecko) Chrome/84.0.4147.105 Safari/537.36"
162.158.107.4 - - [06/Dec/2025:19:42:27 +0100] "GET /.well-known/index.php HTTP/1.1" 301 162 "-" "Mozilla/5.0 (Windows NT 6.1; Win64; x64) AppleWebKit/537.36 (KHTML, like Gecko) Chrome/79.0.3945.130 Safari/537.36"
172.68.242.108 - - [06/Dec/2025:19:42:27 +0100] "GET /cc.php HTTP/1.1" 301 162 "-" "Mozilla/5.0 (X11; Ubuntu; Linux x86_64; rv:79.0) Gecko/20100101 Firefox/79.0"
162.158.107.4 - - [06/Dec/2025:19:42:27 +0100] "GET /ab.php HTTP/1.1" 301 162 "-" "Mozilla/5.0 (Linux x86_64; rv:79.0) Gecko/20100101 Firefox/79.0"
172.68.242.108 - - [06/Dec/2025:19:42:27 +0100] "GET /.well-known/index.php HTTP/1.1" 301 162 "-" "Mozilla/5.0 (Macintosh; Intel Mac OS X 10_15_6) AppleWebKit/537.36 (KHTML, like Gecko) Chrome/84.0.4147.125 Safari/537.36"
162.158.107.4 - - [06/Dec/2025:19:42:27 +0100] "GET /wp-content/themes/about.php HTTP/1.1" 301 162 "-" "Mozilla/5.0 (X11; Fedora; Linux x86_64; rv:79.0) Gecko/20100101 Firefox/79.0"
172.68.242.108 - - [06/Dec/2025:19:42:27 +0100] "GET /ab.php HTTP/1.1" 301 162 "-" "Mozilla/5.0 (X11; Fedora; Linux x86_64; rv:79.0) Gecko/20100101 Firefox/79.0"
162.158.107.4 - - [06/Dec/2025:19:42:28 +0100] "GET /wp-content/themes/twentytwentytwo/index.php HTTP/1.1" 301 162 "-" "Mozilla/5.0 (Windows NT 10.0; Win64; x64) AppleWebKit/537.36 (KHTML, like Gecko) Chrome/70.0.3538.77 Safari/537.36"
172.68.242.108 - - [06/Dec/2025:19:42:28 +0100] "GET /wp-content/themes/about.php HTTP/1.1" 301 162 "-" "Mozilla/5.0 (X11; Linux i686; rv:79.0) Gecko/20100101 Firefox/79.0"
162.158.107.4 - - [06/Dec/2025:19:42:28 +0100] "GET /doc.php HTTP/1.1" 301 162 "-" "Mozilla/5.0 (Windows NT 10.0; Win64; x64; rv:67.0) Gecko/20100101 Firefox/67.0"
172.68.242.108 - - [06/Dec/2025:19:42:28 +0100] "GET /wp-content/themes/twentytwentytwo/index.php HTTP/1.1" 301 162 "-" "Mozilla/5.0 (Windows NT 10.0; Win64; x64) AppleWebKit/537.36 (KHTML, like Gecko) Chrome/84.0.4147.105 Safari/537.36 OPR/70.0.3728.95"
162.158.107.4 - - [06/Dec/2025:19:42:28 +0100] "GET /wp-includes/html-api/chosen.php HTTP/1.1" 301 162 "-" "Mozilla/5.0 (Windows NT 10.0; Win64; x64) AppleWebKit/537.36 (KHTML, like Gecko) Chrome/79.0.3945.88 Safari/537.36"
172.68.242.108 - - [06/Dec/2025:19:42:28 +0100] "GET /doc.php HTTP/1.1" 301 162 "-" "Mozilla/5.0 (Windows NT 10.0; Win64; x64) AppleWebKit/537.36 (KHTML, like Gecko) Chrome/80.0.3987.149 Safari/537.36"
162.158.107.4 - - [06/Dec/2025:19:42:28 +0100] "GET /wp-includes/style-engine/autoload_classmap.php HTTP/1.1" 301 162 "-" "Mozilla/5.0 (Windows NT 10.0) AppleWebKit/537.36 (KHTML, like Gecko) Chrome/84.0.4147.105 Safari/537.36"
172.68.242.108 - - [06/Dec/2025:19:42:29 +0100] "GET /wp-includes/html-api/chosen.php HTTP/1.1" 301 162 "-" "Mozilla/5.0 (Macintosh; Intel Mac OS X 10_15_6) AppleWebKit/537.36 (KHTML, like Gecko) Chrome/84.0.4147.125 Safari/537.36"
162.158.107.4 - - [06/Dec/2025:19:42:29 +0100] "GET /wp-login.php HTTP/1.1" 301 162 "-" "Mozilla/5.0 (Windows NT 10.0; WOW64; Trident/7.0; .NET4.0C; .NET4.0E; .NET CLR 2.0.50727; .NET CLR 3.0.30729; .NET CLR 3.5.30729; rv:11.0) like Gecko"
172.68.242.108 - - [06/Dec/2025:19:42:29 +0100] "GET /wp-includes/style-engine/autoload_classmap.php HTTP/1.1" 301 162 "-" "Mozilla/5.0 (Macintosh; Intel Mac OS X 10_12_6) AppleWebKit/537.36 (KHTML, like Gecko) Chrome/58.0.3029.110 Safari/537.3"
162.158.107.4 - - [06/Dec/2025:19:42:29 +0100] "GET /mar.php HTTP/1.1" 301 162 "-" "Mozilla/5.0 (Windows NT 10.0; Win64; x64) AppleWebKit/537.36 (KHTML, like Gecko) Chrome/77.0.3865.90 Safari/537.36"
172.68.242.108 - - [06/Dec/2025:19:42:29 +0100] "GET /wp-login.php HTTP/1.1" 301 162 "-" "Mozilla/5.0 (Windows NT 10.0; Win64; x64) AppleWebKit/537.36 (KHTML, like Gecko) Chrome/74.0.3729.157 Safari/537.36"
162.158.107.4 - - [06/Dec/2025:19:42:29 +0100] "GET /wp-includes/sitemaps/providers/index.php HTTP/1.1" 301 162 "-" "Mozilla/5.0 (Windows NT 10.0; Win64; x64) AppleWebKit/537.36 (KHTML, like Gecko) Chrome/80.0.3987.149 Safari/537.36"
172.68.242.108 - - [06/Dec/2025:19:42:30 +0100] "GET /mar.php HTTP/1.1" 301 162 "-" "Mozilla/5.0 (Windows NT 10.0; Win64; x64; rv:66.0) Gecko/20100101 Firefox/66.0"
162.158.107.4 - - [06/Dec/2025:19:42:30 +0100] "GET /wp-admin/css/wp-conflg.php HTTP/1.1" 301 162 "-" "Mozilla/5.0 (Windows NT 10.0; Win64; x64) AppleWebKit/537.36 (KHTML, like Gecko) Chrome/77.0.3865.90 Safari/537.36"
172.68.242.108 - - [06/Dec/2025:19:42:30 +0100] "GET /wp-includes/sitemaps/providers/index.php HTTP/1.1" 301 162 "-" "Mozilla/5.0 (Macintosh; Intel Mac OS X 10_15_6) AppleWebKit/537.36 (KHTML, like Gecko) Chrome/84.0.4147.105 Safari/537.36"
162.158.107.4 - - [06/Dec/2025:19:42:30 +0100] "GET /1.php HTTP/1.1" 301 162 "-" "Mozilla/5.0 (Windows NT 10.0; Win64; x64) AppleWebKit/537.36 (KHTML, like Gecko) Chrome/77.0.3865.90 Safari/537.36"
172.68.242.108 - - [06/Dec/2025:19:42:30 +0100] "GET /wp-admin/css/wp-conflg.php HTTP/1.1" 301 162 "-" "Mozilla/5.0 (Windows NT 10.0) AppleWebKit/537.36 (KHTML, like Gecko) Chrome/72.0.3626.121 Safari/537.36"
162.158.107.4 - - [06/Dec/2025:19:42:30 +0100] "GET /wp-includes/Text/Diff/Engine/index.php HTTP/1.1" 301 162 "-" "Mozilla/5.0 (Windows NT 6.1; Win64; x64) AppleWebKit/537.36 (KHTML, like Gecko) Chrome/58.0.3029.110 Safari/537.3"
172.68.242.108 - - [06/Dec/2025:19:42:31 +0100] "GET /1.php HTTP/1.1" 301 162 "-" "Mozilla/5.0 (X11; Ubuntu; Linux i686; rv:79.0) Gecko/20100101 Firefox/79.0"
162.158.107.4 - - [06/Dec/2025:19:42:31 +0100] "GET /wp-includes/style-engine/index.php HTTP/1.1" 301 162 "-" "Mozilla/5.0 (Macintosh; Intel Mac OS X 10_15_6) AppleWebKit/537.36 (KHTML, like Gecko) Chrome/84.0.4147.125 Safari/537.36"
172.68.242.108 - - [06/Dec/2025:19:42:31 +0100] "GET /wp-includes/Text/Diff/Engine/index.php HTTP/1.1" 301 162 "-" "Mozilla/5.0 (Windows NT 6.1; Win64; x64) AppleWebKit/537.36 (KHTML, like Gecko) Chrome/78.0.3904.108 Safari/537.36"
162.158.107.4 - - [06/Dec/2025:19:42:31 +0100] "GET /js/fm.php HTTP/1.1" 301 162 "-" "Mozilla/5.0 (Macintosh; Intel Mac OS X 10_15_6) AppleWebKit/537.36 (KHTML, like Gecko) Chrome/84.0.4147.105 Safari/537.36"
172.68.242.108 - - [06/Dec/2025:19:42:31 +0100] "GET /wp-includes/style-engine/index.php HTTP/1.1" 301 162 "-" "Mozilla/5.0 (Windows NT 10.0; Win64; x64) AppleWebKit/537.36 (KHTML, like Gecko) Chrome/70.0.3538.77 Safari/537.36"
162.158.107.4 - - [06/Dec/2025:19:42:31 +0100] "GET /wp-admin/images/index.php HTTP/1.1" 301 162 "-" "Mozilla/5.0 (Windows NT 6.1; Win64; x64) AppleWebKit/537.36 (KHTML, like Gecko) Chrome/78.0.3904.108 Safari/537.36"
172.68.242.108 - - [06/Dec/2025:19:42:31 +0100] "GET /js/fm.php HTTP/1.1" 301 162 "-" "Mozilla/5.0 (Windows NT 10.0; Win64; x64) AppleWebKit/537.36 (KHTML, like Gecko) Chrome/84.0.4147.105 Safari/537.36 OPR/70.0.3728.95"
162.158.107.4 - - [06/Dec/2025:19:42:31 +0100] "GET /wp-content/uploads/wp-conflg.php HTTP/1.1" 301 162 "-" "Mozilla/5.0 (Windows NT 6.1; Win64; x64) AppleWebKit/537.36 (KHTML, like Gecko) Chrome/80.0.3987.149 Safari/537.36"
172.68.242.108 - - [06/Dec/2025:19:42:32 +0100] "GET /wp-admin/images/index.php HTTP/1.1" 301 162 "-" "Mozilla/5.0 (Windows NT 10.0; WOW64) AppleWebKit/537.36 (KHTML, like Gecko) Chrome/84.0.4147.105 Safari/537.36"
162.158.107.4 - - [06/Dec/2025:19:42:32 +0100] "GET /wp-content/file.php HTTP/1.1" 301 162 "-" "Mozilla/5.0 (Windows NT 10.0; Win64; x64) AppleWebKit/537.36 (KHTML, like Gecko) Chrome/84.0.4147.105 Safari/537.36"
172.68.242.108 - - [06/Dec/2025:19:42:32 +0100] "GET /wp-content/uploads/wp-conflg.php HTTP/1.1" 301 162 "-" "Mozilla/5.0 (Windows NT 10.0; Win64; x64) AppleWebKit/537.36 (KHTML, like Gecko) Chrome/84.0.4147.105 Safari/537.36"
162.158.107.4 - - [06/Dec/2025:19:42:32 +0100] "GET /wp-includes/Text/Diff/Engine/about.php HTTP/1.1" 301 162 "-" "Mozilla/5.0 (X11; Linux i686; rv:79.0) Gecko/20100101 Firefox/79.0"
172.68.242.108 - - [06/Dec/2025:19:42:32 +0100] "GET /wp-content/file.php HTTP/1.1" 301 162 "-" "Mozilla/5.0 (Windows NT 10.0) AppleWebKit/537.36 (KHTML, like Gecko) Chrome/72.0.3626.121 Safari/537.36"
162.158.107.4 - - [06/Dec/2025:19:42:32 +0100] "GET /fm.php HTTP/1.1" 301 162 "-" "Mozilla/5.0 (compatible; MSIE 10.0; Windows NT 6.1; Trident/6.0)"
172.68.242.108 - - [06/Dec/2025:19:42:33 +0100] "GET /wp-includes/Text/Diff/Engine/about.php HTTP/1.1" 301 162 "-" "Mozilla/5.0 (Windows NT 10.0) AppleWebKit/537.36 (KHTML, like Gecko) Chrome/72.0.3626.121 Safari/537.36"
162.158.107.4 - - [06/Dec/2025:19:42:33 +0100] "GET /wp-admin/js/widgets/cloud.php HTTP/1.1" 301 162 "-" "Mozilla/5.0 (Windows NT 6.1; Win64; x64) AppleWebKit/537.36 (KHTML, like Gecko) Chrome/58.0.3029.110 Safari/537.3"
172.68.242.108 - - [06/Dec/2025:19:42:33 +0100] "GET /fm.php HTTP/1.1" 301 162 "-" "Mozilla/5.0 (X11; Linux i686; rv:79.0) Gecko/20100101 Firefox/79.0"
162.158.107.4 - - [06/Dec/2025:19:42:33 +0100] "GET /adminfuns.php7 HTTP/1.1" 301 162 "-" "Mozilla/5.0 (Windows NT 10.0; Win64; x64) AppleWebKit/537.36 (KHTML, like Gecko) Chrome/58.0.3029.110 Safari/537.3"
172.68.242.108 - - [06/Dec/2025:19:42:33 +0100] "GET /wp-admin/js/widgets/cloud.php HTTP/1.1" 301 162 "-" "Mozilla/5.0 (Macintosh; Intel Mac OS X 10.15; rv:79.0) Gecko/20100101 Firefox/79.0"
162.158.107.4 - - [06/Dec/2025:19:42:33 +0100] "GET /wp-admin/images/about.php HTTP/1.1" 301 162 "-" "Mozilla/5.0 (Windows NT 10.0; Win64; x64) AppleWebKit/537.36 (KHTML, like Gecko) Chrome/70.0.3538.110 Safari/537.36"
172.68.242.108 - - [06/Dec/2025:19:42:33 +0100] "GET /adminfuns.php7 HTTP/1.1" 301 162 "-" "Mozilla/5.0 (Windows NT 10.0; Win64; x64) AppleWebKit/537.36 (KHTML, like Gecko) Chrome/69.0.3497.100 Safari/537.36"
162.158.107.4 - - [06/Dec/2025:19:42:34 +0100] "GET /ini.php HTTP/1.1" 301 162 "-" "Mozilla/5.0 (X11; Linux x86_64) AppleWebKit/537.36 (KHTML, like Gecko) Chrome/84.0.4147.105 Safari/537.36 OPR/70.0.3728.95"
172.68.242.108 - - [06/Dec/2025:19:42:34 +0100] "GET /wp-admin/images/about.php HTTP/1.1" 301 162 "-" "Mozilla/5.0 (Windows NT 10.0; Win64; x64; rv:72.0) Gecko/20100101 Firefox/72.0"
162.158.107.4 - - [06/Dec/2025:19:42:34 +0100] "GET /wp-admin/css/colors/coffee/cloud.php HTTP/1.1" 301 162 "-" "Mozilla/5.0 (Windows NT 10.0; WOW64; x64) AppleWebKit/537.36 (KHTML, like Gecko) Chrome/84.0.4147.105 Safari/537.36 OPR/70.0.3728.95"
172.68.242.108 - - [06/Dec/2025:19:42:34 +0100] "GET /ini.php HTTP/1.1" 301 162 "-" "Mozilla/5.0 (Windows NT 6.1; Win64; x64) AppleWebKit/537.36 (KHTML, like Gecko) Chrome/78.0.3904.108 Safari/537.36"
162.158.107.4 - - [06/Dec/2025:19:42:34 +0100] "GET /wp-includes/blocks/calendar/index.php HTTP/1.1" 301 162 "-" "Mozilla/5.0 (X11; Linux i686; rv:79.0) Gecko/20100101 Firefox/79.0"
172.68.242.108 - - [06/Dec/2025:19:42:34 +0100] "GET /wp-admin/css/colors/coffee/cloud.php HTTP/1.1" 301 162 "-" "Mozilla/5.0 (Windows NT 10.0; WOW64; x64) AppleWebKit/537.36 (KHTML, like Gecko) Chrome/84.0.4147.105 Safari/537.36 OPR/70.0.3728.95"
162.158.107.4 - - [06/Dec/2025:19:42:34 +0100] "GET /admin/index.php HTTP/1.1" 301 162 "-" "Mozilla/5.0 (Windows NT 10.0) AppleWebKit/537.36 (KHTML, like Gecko) Chrome/72.0.3626.121 Safari/537.36"
172.68.242.108 - - [06/Dec/2025:19:42:35 +0100] "GET /wp-includes/blocks/calendar/index.php HTTP/1.1" 301 162 "-" "Mozilla/5.0 (Windows NT 6.1; Win64; x64) AppleWebKit/537.36 (KHTML, like Gecko) Chrome/80.0.3987.149 Safari/537.36"
162.158.107.4 - - [06/Dec/2025:19:42:35 +0100] "GET /wp-content/plugins/fix/up.php HTTP/1.1" 301 162 "-" "Mozilla/5.0 (Windows NT 10.0; Win64; x64) AppleWebKit/537.36 (KHTML, like Gecko) Chrome/74.0.3729.169 Safari/537.36"
172.68.242.108 - - [06/Dec/2025:19:42:35 +0100] "GET /admin/index.php HTTP/1.1" 301 162 "-" "Mozilla/5.0 (Windows NT 10.0; Win64; x64; rv:66.0) Gecko/20100101 Firefox/66.0"
162.158.107.4 - - [06/Dec/2025:19:42:35 +0100] "GET /.well-known/acme-challenge/atomlib.php HTTP/1.1" 301 162 "-" "Mozilla/5.0 (Macintosh; Intel Mac OS X 10_15_6) AppleWebKit/537.36 (KHTML, like Gecko) Chrome/84.0.4147.105 Safari/537.36 OPR/70.0.3728.95"
172.68.242.108 - - [06/Dec/2025:19:42:35 +0100] "GET /wp-content/plugins/fix/up.php HTTP/1.1" 301 162 "-" "Mozilla/5.0 (Windows NT 10.0; Win64; x64; rv:66.0) Gecko/20100101 Firefox/66.0"
162.158.107.4 - - [06/Dec/2025:19:42:35 +0100] "GET /wp-admin/js/instaall.php HTTP/1.1" 301 162 "-" "Mozilla/5.0 (Windows NT 10.0; WOW64; Trident/7.0; .NET4.0C; .NET4.0E; .NET CLR 2.0.50727; .NET CLR 3.0.30729; .NET CLR 3.5.30729; rv:11.0) like Gecko"
172.68.242.108 - - [06/Dec/2025:19:42:35 +0100] "GET /.well-known/acme-challenge/atomlib.php HTTP/1.1" 301 162 "-" "Mozilla/5.0 (X11; Linux x86_64) AppleWebKit/537.36 (KHTML, like Gecko) Chrome/84.0.4147.105 Safari/537.36"
162.158.107.4 - - [06/Dec/2025:19:42:36 +0100] "GET /wp-includes/function.php HTTP/1.1" 301 162 "-" "Mozilla/5.0 (Linux x86_64; rv:79.0) Gecko/20100101 Firefox/79.0"
172.68.242.108 - - [06/Dec/2025:19:42:36 +0100] "GET /wp-admin/js/instaall.php HTTP/1.1" 301 162 "-" "Mozilla/5.0 (Macintosh; Intel Mac OS X 10_15_6) AppleWebKit/537.36 (KHTML, like Gecko) Chrome/84.0.4147.105 Safari/537.36"
162.158.107.4 - - [06/Dec/2025:19:42:36 +0100] "GET /wp-includes/plugins.php HTTP/1.1" 301 162 "-" "Mozilla/5.0 (Windows NT 10.0; Win64; x64; rv:72.0) Gecko/20100101 Firefox/72.0"
172.68.242.108 - - [06/Dec/2025:19:42:36 +0100] "GET /wp-includes/function.php HTTP/1.1" 301 162 "-" "Mozilla/5.0 (Windows NT 10.0; Win64; x64) AppleWebKit/537.36 (KHTML, like Gecko) Chrome/83.0.4103.61 Safari/537.36"
162.158.107.4 - - [06/Dec/2025:19:42:36 +0100] "GET /wp-content/plugins/atomlib.php HTTP/1.1" 301 162 "-" "Mozilla/5.0 (Windows NT 10.0; WOW64) AppleWebKit/537.36 (KHTML, like Gecko) Chrome/84.0.4147.105 Safari/537.36"
172.68.242.108 - - [06/Dec/2025:19:42:37 +0100] "GET /wp-includes/plugins.php HTTP/1.1" 301 162 "-" "Mozilla/5.0 (Windows NT 10.0; Win64; x64) AppleWebKit/537.36 (KHTML, like Gecko) Chrome/58.0.3029.110 Safari/537.3"
162.158.107.4 - - [06/Dec/2025:19:42:37 +0100] "GET /wp-content.php HTTP/1.1" 301 162 "-" "Mozilla/5.0 (Windows NT 6.1; Win64; x64) AppleWebKit/537.36 (KHTML, like Gecko) Chrome/80.0.3987.149 Safari/537.36"
172.68.242.108 - - [06/Dec/2025:19:42:37 +0100] "GET /wp-content/plugins/atomlib.php HTTP/1.1" 301 162 "-" "Mozilla/5.0 (Macintosh; Intel Mac OS X 10_10_1) AppleWebKit/537.36 (KHTML, like Gecko) Chrome/39.0.2171.95 Safari/537.36"
162.158.107.4 - - [06/Dec/2025:19:42:37 +0100] "GET /wp-includes/css/chosen.php HTTP/1.1" 301 162 "-" "Mozilla/5.0 (X11; Linux i686; rv:79.0) Gecko/20100101 Firefox/79.0"
172.68.242.108 - - [06/Dec/2025:19:42:37 +0100] "GET /wp-content.php HTTP/1.1" 301 162 "-" "Mozilla/5.0 (Windows NT 10.0; Win64; x64) AppleWebKit/537.36 (KHTML, like Gecko) Chrome/77.0.3865.90 Safari/537.36"
172.68.242.108 - - [06/Dec/2025:19:42:37 +0100] "GET /wp-includes/css/chosen.php HTTP/1.1" 301 162 "-" "Mozilla/5.0 (Windows NT 10.0; Win64; x64; rv:73.0) Gecko/20100101 Firefox/73.0"
162.158.107.4 - - [06/Dec/2025:19:42:37 +0100] "GET /wp-includes/Text/Diff/Renderer/about.php HTTP/1.1" 301 162 "-" "Mozilla/5.0 (Windows NT 10.0; Win64; x64; rv:73.0) Gecko/20100101 Firefox/73.0"
172.68.242.108 - - [06/Dec/2025:19:42:38 +0100] "GET /wp-includes/Text/Diff/Renderer/about.php HTTP/1.1" 301 162 "-" "Mozilla/5.0 (Windows NT 10.0; Win64; x64) AppleWebKit/537.36 (KHTML, like Gecko) Chrome/70.0.3538.110 Safari/537.36"
162.158.107.4 - - [06/Dec/2025:19:42:38 +0100] "GET /wp-admin/network/index.php HTTP/1.1" 301 162 "-" "Mozilla/5.0 (Windows NT 10.0; Win64; x64; rv:72.0) Gecko/20100101 Firefox/72.0"
162.158.107.4 - - [06/Dec/2025:19:42:38 +0100] "GET /wp-admin/css/colors/light/about.php HTTP/1.1" 301 162 "-" "Mozilla/5.0 (Windows NT 10.0; Win64; x64; rv:72.0) Gecko/20100101 Firefox/72.0"
172.68.242.108 - - [06/Dec/2025:19:42:38 +0100] "GET /wp-admin/network/index.php HTTP/1.1" 301 162 "-" "Mozilla/5.0 (Windows NT 10.0; Win64; x64) AppleWebKit/537.36 (KHTML, like Gecko) Chrome/80.0.3987.149 Safari/537.36"
162.158.107.4 - - [06/Dec/2025:19:42:38 +0100] "GET /customize.php HTTP/1.1" 301 162 "-" "Mozilla/5.0 (Windows NT 10.0; Win64; x64; rv:72.0) Gecko/20100101 Firefox/72.0"
172.68.242.108 - - [06/Dec/2025:19:42:38 +0100] "GET /wp-admin/css/colors/light/about.php HTTP/1.1" 301 162 "-" "Mozilla/5.0 (Windows NT 10.0; Win64; x64; rv:71.0) Gecko/20100101 Firefox/71.0"
162.158.107.4 - - [06/Dec/2025:19:42:39 +0100] "GET /license.php HTTP/1.1" 301 162 "-" "Mozilla/5.0 (Windows NT 6.3; Win64; x64; rv:73.0) Gecko/20100101 Firefox/73.0"
172.68.242.108 - - [06/Dec/2025:19:42:39 +0100] "GET /customize.php HTTP/1.1" 301 162 "-" "Mozilla/5.0 (Windows NT 6.1; Win64; x64) AppleWebKit/537.36 (KHTML, like Gecko) Chrome/79.0.3945.130 Safari/537.36"
172.68.242.108 - - [06/Dec/2025:19:42:39 +0100] "GET /license.php HTTP/1.1" 301 162 "-" "Mozilla/5.0 (Windows NT 6.3; Win64; x64; rv:73.0) Gecko/20100101 Firefox/73.0"
162.158.107.4 - - [06/Dec/2025:19:42:39 +0100] "GET /wp-content/languages/autoload_classmap.php HTTP/1.1" 301 162 "-" "Mozilla/5.0 (Windows NT 6.3; Win64; x64; rv:73.0) Gecko/20100101 Firefox/73.0"
172.68.242.108 - - [06/Dec/2025:19:42:39 +0100] "GET /wp-content/languages/autoload_classmap.php HTTP/1.1" 301 162 "-" "Mozilla/5.0 (Windows NT 10.0; Win64; x64) AppleWebKit/537.36 (KHTML, like Gecko) Chrome/58.0.3029.110 Safari/537.3"
162.158.107.4 - - [06/Dec/2025:19:42:39 +0100] "GET /lock.php HTTP/1.1" 301 162 "-" "Mozilla/5.0 (Windows NT 10.0; Win64; x64) AppleWebKit/537.36 (KHTML, like Gecko) Chrome/83.0.4103.61 Safari/537.36"
172.68.242.108 - - [06/Dec/2025:19:42:40 +0100] "GET /lock.php HTTP/1.1" 301 162 "-" "Mozilla/5.0 (Windows NT 10.0; Win64; x64) AppleWebKit/537.36 (KHTML, like Gecko) Chrome/74.0.3729.169 Safari/537.36"
162.158.107.4 - - [06/Dec/2025:19:42:40 +0100] "GET /wp-admin/css/colors/blue/gold.php HTTP/1.1" 301 162 "-" "Mozilla/5.0 (Windows NT 10.0; Win64; x64) AppleWebKit/537.36 (KHTML, like Gecko) Chrome/74.0.3729.169 Safari/537.36"
172.68.242.108 - - [06/Dec/2025:19:42:40 +0100] "GET /wp-admin/css/colors/blue/gold.php HTTP/1.1" 301 162 "-" "Mozilla/5.0 (Windows NT 10.0; Win64; x64; rv:74.0) Gecko/20100101 Firefox/74.0"
162.158.107.4 - - [06/Dec/2025:19:42:40 +0100] "GET /wp-includes/atomlib.php HTTP/1.1" 301 162 "-" "Mozilla/5.0 (Windows NT 10.0; Win64; x64) AppleWebKit/537.36 (KHTML, like Gecko) Chrome/69.0.3497.100 Safari/537.36"
172.68.242.108 - - [06/Dec/2025:19:42:40 +0100] "GET /wp-includes/atomlib.php HTTP/1.1" 301 162 "-" "Mozilla/5.0 (Windows NT 10.0; Win64; x64) AppleWebKit/537.36 (KHTML, like Gecko) Chrome/81.0.4044.129 Safari/537.36"
162.158.107.4 - - [06/Dec/2025:19:42:40 +0100] "GET /wp-includes/rest-api/index.php HTTP/1.1" 301 162 "-" "Mozilla/5.0 (Windows NT 10.0; Win64; x64) AppleWebKit/537.36 (KHTML, like Gecko) Chrome/80.0.3987.149 Safari/537.36"
172.68.242.108 - - [06/Dec/2025:19:42:40 +0100] "GET /wp-includes/rest-api/index.php HTTP/1.1" 301 162 "-" "Mozilla/5.0 (Windows NT 10.0; Win64; x64) AppleWebKit/537.36 (KHTML, like Gecko) Chrome/69.0.3497.100 Safari/537.36"
162.158.107.4 - - [06/Dec/2025:19:42:40 +0100] "GET /.well-known/about.php HTTP/1.1" 301 162 "-" "Mozilla/5.0 (Windows NT 6.1; Win64; x64) AppleWebKit/537.36 (KHTML, like Gecko) Chrome/80.0.3987.149 Safari/537.36"
172.68.242.108 - - [06/Dec/2025:19:42:41 +0100] "GET /.well-known/about.php HTTP/1.1" 301 162 "-" "Mozilla/5.0 (Windows NT 6.1; Win64; x64) AppleWebKit/537.36 (KHTML, like Gecko) Chrome/58.0.3029.110 Safari/537.3"
162.158.107.4 - - [06/Dec/2025:19:42:41 +0100] "GET /.well-known/wincust.php HTTP/1.1" 301 162 "-" "Mozilla/5.0 (Windows NT 10.0; Win64; x64; rv:79.0) Gecko/20100101 Firefox/79.0"
172.68.242.108 - - [06/Dec/2025:19:42:41 +0100] "GET /.well-known/wincust.php HTTP/1.1" 301 162 "-" "Mozilla/5.0 (Windows NT 10.0; Win64; x64) AppleWebKit/537.36 (KHTML, like Gecko) Chrome/74.0.3729.169 Safari/537.36"
162.158.107.4 - - [06/Dec/2025:19:42:41 +0100] "GET /wp-admin/css/colors/light/alfa-rex.php HTTP/1.1" 301 162 "-" "Mozilla/5.0 (Windows NT 10.0; Win64; x64; rv:71.0) Gecko/20100101 Firefox/71.0"
172.68.242.108 - - [06/Dec/2025:19:42:41 +0100] "GET /wp-admin/css/colors/light/alfa-rex.php HTTP/1.1" 301 162 "-" "Mozilla/5.0 (Windows NT 10.0; Win64; x64) AppleWebKit/537.36 (KHTML, like Gecko) Chrome/79.0.3945.130 Safari/537.36"
162.158.107.4 - - [06/Dec/2025:19:42:41 +0100] "GET /wp-good.php HTTP/1.1" 301 162 "-" "Mozilla/5.0 (Windows NT 10.0; WOW64) AppleWebKit/537.36 (KHTML, like Gecko) Chrome/72.0.3626.121 Safari/537.36"
172.68.242.108 - - [06/Dec/2025:19:42:42 +0100] "GET /wp-good.php HTTP/1.1" 301 162 "-" "Mozilla/5.0 (X11; Linux i686; rv:79.0) Gecko/20100101 Firefox/79.0"
162.158.107.4 - - [06/Dec/2025:19:42:42 +0100] "GET /wp-includes/index.php HTTP/1.1" 301 162 "-" "Mozilla/5.0 (Macintosh; Intel Mac OS X 10.15; rv:79.0) Gecko/20100101 Firefox/79.0"
172.68.242.108 - - [06/Dec/2025:19:42:42 +0100] "GET /wp-includes/index.php HTTP/1.1" 301 162 "-" "Mozilla/5.0 (Windows NT 10.0; Win64; x64; rv:73.0) Gecko/20100101 Firefox/73.0"
162.158.107.4 - - [06/Dec/2025:19:42:42 +0100] "GET /wp-includes/style-engine/wp-conflg.php HTTP/1.1" 301 162 "-" "Mozilla/5.0 (Windows NT 10.0; Win64; x64; rv:66.0) Gecko/20100101 Firefox/66.0"
172.68.242.108 - - [06/Dec/2025:19:42:42 +0100] "GET /wp-includes/style-engine/wp-conflg.php HTTP/1.1" 301 162 "-" "Mozilla/5.0 (Windows NT 10.0; Win64; x64; rv:75.0) Gecko/20100101 Firefox/75.0"
162.158.107.4 - - [06/Dec/2025:19:42:42 +0100] "GET /wp-includes/assets/autoload_classmap.php HTTP/1.1" 301 162 "-" "Mozilla/5.0 (X11; Fedora; Linux x86_64; rv:79.0) Gecko/20100101 Firefox/79.0"
172.68.242.108 - - [06/Dec/2025:19:42:42 +0100] "GET /wp-includes/assets/autoload_classmap.php HTTP/1.1" 301 162 "-" "Mozilla/5.0 (Macintosh; Intel Mac OS X 10_15_6) AppleWebKit/537.36 (KHTML, like Gecko) Chrome/84.0.4147.105 Safari/537.36"
162.158.107.4 - - [06/Dec/2025:19:42:43 +0100] "GET /wp-content/themes/twentytwentyfour/about.php HTTP/1.1" 301 162 "-" "Mozilla/5.0 (Macintosh; Intel Mac OS X 10_15_6) AppleWebKit/537.36 (KHTML, like Gecko) Chrome/84.0.4147.105 Safari/537.36 OPR/70.0.3728.95"
172.68.242.108 - - [06/Dec/2025:19:42:43 +0100] "GET /wp-content/themes/twentytwentyfour/about.php HTTP/1.1" 301 162 "-" "Mozilla/5.0 (Windows NT 6.1; Win64; x64) AppleWebKit/537.36 (KHTML, like Gecko) Chrome/74.0.3729.169 Safari/537.36"
162.158.107.4 - - [06/Dec/2025:19:42:43 +0100] "GET /randkeyword.PhP7 HTTP/1.1" 301 162 "-" "Mozilla/5.0 (Windows NT 10.0; Win64; x64; rv:79.0) Gecko/20100101 Firefox/79.0"
172.68.242.108 - - [06/Dec/2025:19:42:43 +0100] "GET /randkeyword.PhP7 HTTP/1.1" 301 162 "-" "Mozilla/5.0 (Macintosh; Intel Mac OS X 10_12_6) AppleWebKit/537.36 (KHTML, like Gecko) Chrome/58.0.3029.110 Safari/537.3"
162.158.107.4 - - [06/Dec/2025:19:42:43 +0100] "GET /wp-admin/js/widgets/about.php HTTP/1.1" 301 162 "-" "Mozilla/5.0 (Windows NT 10.0; WOW64) AppleWebKit/537.36 (KHTML, like Gecko) Chrome/84.0.4147.105 Safari/537.36"
172.68.242.108 - - [06/Dec/2025:19:42:43 +0100] "GET /wp-admin/js/widgets/about.php HTTP/1.1" 301 162 "-" "Mozilla/5.0 (X11; Linux x86_64) AppleWebKit/537.36 (KHTML, like Gecko) Chrome/84.0.4147.105 Safari/537.36"
162.158.107.4 - - [06/Dec/2025:19:42:43 +0100] "GET /fonts/database.php HTTP/1.1" 301 162 "-" "Mozilla/5.0 (Windows NT 10.0; WOW64) AppleWebKit/537.36 (KHTML, like Gecko) Chrome/72.0.3626.121 Safari/537.36"
172.68.242.108 - - [06/Dec/2025:19:42:44 +0100] "GET /fonts/database.php HTTP/1.1" 301 162 "-" "Mozilla/5.0 (Windows NT 10.0; Win64; x64; rv:77.0) Gecko/20100101 Firefox/77.0"
162.158.107.4 - - [06/Dec/2025:19:42:44 +0100] "GET /ff2.php HTTP/1.1" 301 162 "-" "Mozilla/5.0 (Windows NT 10.0; Win64; x64; rv:76.0) Gecko/20100101 Firefox/76.0"
172.68.242.108 - - [06/Dec/2025:19:42:44 +0100] "GET /ff2.php HTTP/1.1" 301 162 "-" "Mozilla/5.0 (Windows NT 10.0; Win64; x64) AppleWebKit/537.36 (KHTML, like Gecko) Chrome/83.0.4103.61 Safari/537.36"
162.158.107.4 - - [06/Dec/2025:19:42:44 +0100] "GET /wp-includes/SimplePie/Exception-wp.php HTTP/1.1" 301 162 "-" "Mozilla/5.0 (Windows NT 10.0; Win64; x64) AppleWebKit/537.36 (KHTML, like Gecko) Chrome/77.0.3865.90 Safari/537.36"
172.68.242.108 - - [06/Dec/2025:19:42:44 +0100] "GET /wp-includes/SimplePie/Exception-wp.php HTTP/1.1" 301 162 "-" "Mozilla/5.0 (Windows NT 10.0; Win64; x64; rv:77.0) Gecko/20100101 Firefox/77.0"
162.158.107.4 - - [06/Dec/2025:19:42:44 +0100] "GET /wp-admin/plugin.php HTTP/1.1" 301 162 "-" "Mozilla/5.0 (Windows NT 10.0; Win64; x64) AppleWebKit/537.36 (KHTML, like Gecko) Chrome/83.0.4103.97 Safari/537.36"
172.68.242.108 - - [06/Dec/2025:19:42:44 +0100] "GET /wp-admin/plugin.php HTTP/1.1" 301 162 "-" "Mozilla/5.0 (Windows NT 10.0; Win64; x64; rv:72.0) Gecko/20100101 Firefox/72.0"
162.158.107.4 - - [06/Dec/2025:19:42:45 +0100] "GET /wp-includes/rest-api/autoload_classmap.php HTTP/1.1" 301 162 "-" "Mozilla/5.0 (Windows NT 10.0; Win64; x64) AppleWebKit/537.36 (KHTML, like Gecko) Chrome/74.0.3729.157 Safari/537.36"
172.68.242.108 - - [06/Dec/2025:19:42:45 +0100] "GET /wp-includes/rest-api/autoload_classmap.php HTTP/1.1" 301 162 "-" "Mozilla/5.0 (Windows NT 10.0; Win64; x64) AppleWebKit/537.36 (KHTML, like Gecko) Chrome/70.0.3538.110 Safari/537.36"
162.158.107.4 - - [06/Dec/2025:19:42:45 +0100] "GET /jp.php HTTP/1.1" 301 162 "-" "Mozilla/5.0 (Windows NT 10.0; WOW64) AppleWebKit/537.36 (KHTML, like Gecko) Chrome/72.0.3626.121 Safari/537.36"
172.68.242.108 - - [06/Dec/2025:19:42:45 +0100] "GET /jp.php HTTP/1.1" 301 162 "-" "Mozilla/5.0 (X11; Linux i686; rv:79.0) Gecko/20100101 Firefox/79.0"
162.158.107.4 - - [06/Dec/2025:19:42:46 +0100] "GET /wp-atom.php HTTP/1.1" 301 162 "-" "Mozilla/5.0 (Windows NT 6.1; Win64; x64) AppleWebKit/537.36 (KHTML, like Gecko) Chrome/80.0.3987.149 Safari/537.36"
172.68.242.108 - - [06/Dec/2025:19:42:46 +0100] "GET /wp-atom.php HTTP/1.1" 301 162 "-" "Mozilla/5.0 (Windows NT 10.0; Win64; x64) AppleWebKit/537.36 (KHTML, like Gecko) Chrome/83.0.4103.97 Safari/537.36"
162.158.107.4 - - [06/Dec/2025:19:42:46 +0100] "GET /wp-admin/css/index.php HTTP/1.1" 301 162 "-" "Mozilla/5.0 (Windows NT 10.0; Win64; x64; rv:74.0) Gecko/20100101 Firefox/74.0"
172.68.242.108 - - [06/Dec/2025:19:42:46 +0100] "GET /wp-admin/css/index.php HTTP/1.1" 301 162 "-" "Mozilla/5.0 (Windows NT 10.0; WOW64) AppleWebKit/537.36 (KHTML, like Gecko) Chrome/84.0.4147.105 Safari/537.36"
162.158.107.4 - - [06/Dec/2025:19:42:46 +0100] "GET /up.php HTTP/1.1" 301 162 "-" "Mozilla/5.0 (Windows NT 10.0) AppleWebKit/537.36 (KHTML, like Gecko) Chrome/72.0.3626.121 Safari/537.36"
172.68.242.108 - - [06/Dec/2025:19:42:46 +0100] "GET /up.php HTTP/1.1" 301 162 "-" "Mozilla/5.0 (Windows NT 10.0; Win64; x64) AppleWebKit/537.36 (KHTML, like Gecko) Chrome/84.0.4147.105 Safari/537.36"
162.158.107.4 - - [06/Dec/2025:19:42:47 +0100] "GET /wp-content/uploads/bypass.php HTTP/1.1" 301 162 "-" "Mozilla/5.0 (Windows NT 10.0; WOW64) AppleWebKit/537.36 (KHTML, like Gecko) Chrome/84.0.4147.105 Safari/537.36"
172.68.242.108 - - [06/Dec/2025:19:42:47 +0100] "GET /wp-content/uploads/bypass.php HTTP/1.1" 301 162 "-" "Mozilla/5.0 (Windows NT 10.0; Win64; x64; rv:79.0) Gecko/20100101 Firefox/79.0"
162.158.107.4 - - [06/Dec/2025:19:42:47 +0100] "GET /assets/images/admin.php HTTP/1.1" 301 162 "-" "Mozilla/5.0 (Windows NT 10.0; Win64; x64) AppleWebKit/537.36 (KHTML, like Gecko) Chrome/77.0.3865.90 Safari/537.36"
172.68.242.108 - - [06/Dec/2025:19:42:47 +0100] "GET /assets/images/admin.php HTTP/1.1" 301 162 "-" "Mozilla/5.0 (Windows NT 10.0; Win64; x64; rv:71.0) Gecko/20100101 Firefox/71.0"
162.158.107.4 - - [06/Dec/2025:19:42:47 +0100] "GET /wp-content/plugins/index.php HTTP/1.1" 301 162 "-" "Mozilla/5.0 (Windows NT 6.3; Win64; x64; rv:73.0) Gecko/20100101 Firefox/73.0"
172.68.242.108 - - [06/Dec/2025:19:42:47 +0100] "GET /wp-content/plugins/index.php HTTP/1.1" 301 162 "-" "Mozilla/5.0 (Windows NT 10.0; WOW64) AppleWebKit/537.36 (KHTML, like Gecko) Chrome/72.0.3626.121 Safari/537.36"
172.68.242.108 - - [06/Dec/2025:19:42:47 +0100] "GET /js/wp-login.php HTTP/1.1" 301 162 "-" "Mozilla/5.0 (Windows NT 10.0; Win64; x64; rv:66.0) Gecko/20100101 Firefox/66.0"
162.158.107.4 - - [06/Dec/2025:19:42:47 +0100] "GET /js/wp-login.php HTTP/1.1" 301 162 "-" "Mozilla/5.0 (Windows NT 10.0; Win64; x64) AppleWebKit/537.36 (KHTML, like Gecko) Chrome/79.0.3945.79 Safari/537.36"
172.68.242.108 - - [06/Dec/2025:19:42:48 +0100] "GET /simple/function.php HTTP/1.1" 301 162 "-" "Mozilla/5.0 (Windows NT 10.0; Win64; x64; rv:79.0) Gecko/20100101 Firefox/79.0"
162.158.107.4 - - [06/Dec/2025:19:42:48 +0100] "GET /simple/function.php HTTP/1.1" 301 162 "-" "Mozilla/5.0 (Windows NT 10.0; Win64; x64) AppleWebKit/537.36 (KHTML, like Gecko) Chrome/58.0.3029.110 Safari/537.3"
172.68.242.108 - - [06/Dec/2025:19:42:48 +0100] "GET /worm.PhP HTTP/1.1" 301 162 "-" "Mozilla/5.0 (Windows NT 10.0; Win64; x64) AppleWebKit/537.36 (KHTML, like Gecko) Chrome/74.0.3729.169 Safari/537.36"
162.158.107.4 - - [06/Dec/2025:19:42:48 +0100] "GET /worm.PhP HTTP/1.1" 301 162 "-" "Mozilla/5.0 (Macintosh; Intel Mac OS X 10_15_6) AppleWebKit/537.36 (KHTML, like Gecko) Chrome/84.0.4147.105 Safari/537.36"
172.68.242.108 - - [06/Dec/2025:19:42:48 +0100] "GET /ext.php HTTP/1.1" 301 162 "-" "Mozilla/5.0 (Windows NT 10.0; Win64; x64; rv:71.0) Gecko/20100101 Firefox/71.0"
162.158.107.4 - - [06/Dec/2025:19:42:48 +0100] "GET /ext.php HTTP/1.1" 301 162 "-" "Mozilla/5.0 (Windows NT 6.3; Win64; x64; rv:73.0) Gecko/20100101 Firefox/73.0"
172.68.242.108 - - [06/Dec/2025:19:42:49 +0100] "GET /delpaths.php HTTP/1.1" 301 162 "-" "Mozilla/5.0 (Linux x86_64; rv:79.0) Gecko/20100101 Firefox/79.0"
162.158.107.4 - - [06/Dec/2025:19:42:49 +0100] "GET /delpaths.php HTTP/1.1" 301 162 "-" "Mozilla/5.0 (Windows NT 10.0; Win64; x64) AppleWebKit/537.36 (KHTML, like Gecko) Chrome/81.0.4044.129 Safari/537.36"
172.68.242.108 - - [06/Dec/2025:19:42:49 +0100] "GET /.well-known/pki-validation/1.php HTTP/1.1" 301 162 "-" "Mozilla/5.0 (Windows NT 10.0; WOW64; x64) AppleWebKit/537.36 (KHTML, like Gecko) Chrome/84.0.4147.105 Safari/537.36 OPR/70.0.3728.95"
162.158.107.4 - - [06/Dec/2025:19:42:49 +0100] "GET /.well-known/pki-validation/1.php HTTP/1.1" 301 162 "-" "Mozilla/5.0 (Macintosh; Intel Mac OS X 10_15_6) AppleWebKit/537.36 (KHTML, like Gecko) Chrome/84.0.4147.105 Safari/537.36"
172.68.242.108 - - [06/Dec/2025:19:42:49 +0100] "GET /wp-includes/bk/index.php HTTP/1.1" 301 162 "-" "Mozilla/5.0 (Windows NT 10.0; Win64; x64) AppleWebKit/537.36 (KHTML, like Gecko) Chrome/74.0.3729.157 Safari/537.36"
162.158.107.4 - - [06/Dec/2025:19:42:49 +0100] "GET /wp-includes/bk/index.php HTTP/1.1" 301 162 "-" "Mozilla/5.0 (Macintosh; Intel Mac OS X 10_10_1) AppleWebKit/537.36 (KHTML, like Gecko) Chrome/39.0.2171.95 Safari/537.36"
172.68.242.108 - - [06/Dec/2025:19:42:49 +0100] "GET /wp-content/plugins/wp-login.php HTTP/1.1" 301 162 "-" "Mozilla/5.0 (Linux x86_64; rv:79.0) Gecko/20100101 Firefox/79.0"
162.158.107.4 - - [06/Dec/2025:19:42:50 +0100] "GET /wp-content/plugins/wp-login.php HTTP/1.1" 301 162 "-" "Mozilla/5.0 (Windows NT 10.0; Win64; x64) AppleWebKit/537.36 (KHTML, like Gecko) Chrome/58.0.3029.110 Safari/537.3"
172.68.242.108 - - [06/Dec/2025:19:42:50 +0100] "GET /.well-known/pki-validation/install.php HTTP/1.1" 301 162 "-" "Mozilla/5.0 (Windows NT 6.1; Win64; x64) AppleWebKit/537.36 (KHTML, like Gecko) Chrome/58.0.3029.110 Safari/537.3"
162.158.107.4 - - [06/Dec/2025:19:42:50 +0100] "GET /.well-known/pki-validation/install.php HTTP/1.1" 301 162 "-" "Mozilla/5.0 (Windows NT 10.0; Win64; x64) AppleWebKit/537.36 (KHTML, like Gecko) Chrome/80.0.3987.149 Safari/537.36"
172.68.242.108 - - [06/Dec/2025:19:42:50 +0100] "GET /wp-admin/css/colors/sunrise/admin.php HTTP/1.1" 301 162 "-" "Mozilla/5.0 (Windows NT 10.0; WOW64; x64) AppleWebKit/537.36 (KHTML, like Gecko) Chrome/84.0.4147.105 Safari/537.36 OPR/70.0.3728.95"
162.158.107.4 - - [06/Dec/2025:19:42:50 +0100] "GET /wp-admin/css/colors/sunrise/admin.php HTTP/1.1" 301 162 "-" "Mozilla/5.0 (X11; Ubuntu; Linux i686; rv:79.0) Gecko/20100101 Firefox/79.0"
172.68.242.108 - - [06/Dec/2025:19:42:50 +0100] "GET /gifclass.php HTTP/1.1" 301 162 "-" "Mozilla/5.0 (Windows NT 10.0; Win64; x64) AppleWebKit/537.36 (KHTML, like Gecko) Chrome/74.0.3729.157 Safari/537.36"
162.158.107.4 - - [06/Dec/2025:19:42:50 +0100] "GET /gifclass.php HTTP/1.1" 301 162 "-" "Mozilla/5.0 (Windows NT 10.0; Win64; x64) AppleWebKit/537.36 (KHTML, like Gecko) Chrome/70.0.3538.77 Safari/537.36"
172.68.242.108 - - [06/Dec/2025:19:42:51 +0100] "GET /plugin.php HTTP/1.1" 301 162 "-" "Mozilla/5.0 (Windows NT 6.3; Win64; x64; rv:73.0) Gecko/20100101 Firefox/73.0"
162.158.107.4 - - [06/Dec/2025:19:42:51 +0100] "GET /plugin.php HTTP/1.1" 301 162 "-" "Mozilla/5.0 (Windows NT 10.0; Win64; x64; rv:74.0) Gecko/20100101 Firefox/74.0"
172.68.242.108 - - [06/Dec/2025:19:42:51 +0100] "GET /wp-content/themes/twentytwentyfour/bypass.php HTTP/1.1" 301 162 "-" "Mozilla/5.0 (Macintosh; Intel Mac OS X 10_15_6) AppleWebKit/537.36 (KHTML, like Gecko) Chrome/84.0.4147.105 Safari/537.36"
162.158.107.4 - - [06/Dec/2025:19:42:51 +0100] "GET /wp-content/themes/twentytwentyfour/bypass.php HTTP/1.1" 301 162 "-" "Mozilla/5.0 (Windows NT 10.0; Win64; x64) AppleWebKit/537.36 (KHTML, like Gecko) Chrome/70.0.3538.77 Safari/537.36"
172.68.242.108 - - [06/Dec/2025:19:42:51 +0100] "GET /update-core.php HTTP/1.1" 301 162 "-" "Mozilla/5.0 (Windows NT 10.0; Win64; x64) AppleWebKit/537.36 (KHTML, like Gecko) Chrome/83.0.4103.97 Safari/537.36"
162.158.107.4 - - [06/Dec/2025:19:42:51 +0100] "GET /update-core.php HTTP/1.1" 301 162 "-" "Mozilla/5.0 (Macintosh; Intel Mac OS X 10_10_1) AppleWebKit/537.36 (KHTML, like Gecko) Chrome/39.0.2171.95 Safari/537.36"
172.68.242.108 - - [06/Dec/2025:19:42:51 +0100] "GET /wp-admin/css/colors/blue/about.php HTTP/1.1" 301 162 "-" "Mozilla/5.0 (Windows NT 10.0) AppleWebKit/537.36 (KHTML, like Gecko) Chrome/84.0.4147.105 Safari/537.36"
162.158.107.4 - - [06/Dec/2025:19:42:52 +0100] "GET /wp-admin/css/colors/blue/about.php HTTP/1.1" 301 162 "-" "Mozilla/5.0 (Windows NT 10.0; Win64; x64) AppleWebKit/537.36 (KHTML, like Gecko) Chrome/58.0.3029.110 Safari/537.3"
172.68.242.108 - - [06/Dec/2025:19:42:52 +0100] "GET /wp-mail.php HTTP/1.1" 301 162 "-" "Mozilla/5.0 (Macintosh; Intel Mac OS X 10_15_6) AppleWebKit/537.36 (KHTML, like Gecko) Chrome/84.0.4147.105 Safari/537.36 OPR/70.0.3728.95"
162.158.107.4 - - [06/Dec/2025:19:42:52 +0100] "GET /wp-mail.php HTTP/1.1" 301 162 "-" "Mozilla/5.0 (Windows NT 6.1; Win64; x64) AppleWebKit/537.36 (KHTML, like Gecko) Chrome/74.0.3729.169 Safari/537.36"
172.68.242.108 - - [06/Dec/2025:19:42:52 +0100] "GET /wp-content/admin.php HTTP/1.1" 301 162 "-" "Mozilla/5.0 (Windows NT 10.0; Win64; x64) AppleWebKit/537.36 (KHTML, like Gecko) Chrome/79.0.3945.79 Safari/537.36"
162.158.107.4 - - [06/Dec/2025:19:42:52 +0100] "GET /wp-content/admin.php HTTP/1.1" 301 162 "-" "Mozilla/5.0 (Windows NT 10.0; Win64; x64; rv:75.0) Gecko/20100101 Firefox/75.0"
172.68.242.108 - - [06/Dec/2025:19:42:52 +0100] "GET /wp-admin/defaults.php HTTP/1.1" 301 162 "-" "Mozilla/5.0 (Windows NT 10.0; Win64; x64; rv:67.0) Gecko/20100101 Firefox/67.0"
162.158.107.4 - - [06/Dec/2025:19:42:53 +0100] "GET /wp-admin/defaults.php HTTP/1.1" 301 162 "-" "Mozilla/5.0 (Macintosh; Intel Mac OS X 10_10_1) AppleWebKit/537.36 (KHTML, like Gecko) Chrome/39.0.2171.95 Safari/537.36"
172.68.242.108 - - [06/Dec/2025:19:42:53 +0100] "GET /.well-known/acme-challenge/content.php HTTP/1.1" 301 162 "-" "Mozilla/5.0 (Windows NT 10.0; Win64; x64; rv:77.0) Gecko/20100101 Firefox/77.0"
162.158.107.4 - - [06/Dec/2025:19:42:53 +0100] "GET /.well-known/acme-challenge/content.php HTTP/1.1" 301 162 "-" "Mozilla/5.0 (Windows NT 10.0; WOW64; Trident/7.0; .NET4.0C; .NET4.0E; .NET CLR 2.0.50727; .NET CLR 3.0.30729; .NET CLR 3.5.30729; rv:11.0) like Gecko"
172.68.242.108 - - [06/Dec/2025:19:42:53 +0100] "GET /wp-content/ALFA_DATA/alfacgiapi/bypass.php HTTP/1.1" 301 162 "-" "Mozilla/5.0 (Windows NT 10.0; Win64; x64) AppleWebKit/537.36 (KHTML, like Gecko) Chrome/79.0.3945.88 Safari/537.36"
162.158.107.4 - - [06/Dec/2025:19:42:53 +0100] "GET /wp-content/ALFA_DATA/alfacgiapi/bypass.php HTTP/1.1" 301 162 "-" "Mozilla/5.0 (Windows NT 10.0; Win64; x64; rv:75.0) Gecko/20100101 Firefox/75.0"
172.68.242.108 - - [06/Dec/2025:19:42:53 +0100] "GET /wp-admin/maint/about.php HTTP/1.1" 301 162 "-" "Mozilla/5.0 (Windows NT 10.0; Win64; x64) AppleWebKit/537.36 (KHTML, like Gecko) Chrome/74.0.3729.169 Safari/537.36"
162.158.107.4 - - [06/Dec/2025:19:42:53 +0100] "GET /wp-admin/maint/about.php HTTP/1.1" 301 162 "-" "Mozilla/5.0 (Windows NT 10.0; Win64; x64) AppleWebKit/537.36 (KHTML, like Gecko) Chrome/74.0.3729.157 Safari/537.36"
172.68.242.108 - - [06/Dec/2025:19:42:54 +0100] "GET /wp-admin/js/about.php HTTP/1.1" 301 162 "-" "Mozilla/5.0 (Windows NT 10.0; Win64; x64) AppleWebKit/537.36 (KHTML, like Gecko) Chrome/79.0.3945.130 Safari/537.36"
162.158.107.4 - - [06/Dec/2025:19:42:54 +0100] "GET /wp-admin/js/about.php HTTP/1.1" 301 162 "-" "Mozilla/5.0 (Windows NT 10.0; Win64; x64; rv:67.0) Gecko/20100101 Firefox/67.0"
172.68.242.108 - - [06/Dec/2025:19:42:54 +0100] "GET /wp-content/uploads/2023/05/404.php HTTP/1.1" 301 162 "-" "Mozilla/5.0 (Windows NT 6.1; Win64; x64) AppleWebKit/537.36 (KHTML, like Gecko) Chrome/78.0.3904.108 Safari/537.36"
162.158.107.4 - - [06/Dec/2025:19:42:54 +0100] "GET /wp-content/uploads/2023/05/404.php HTTP/1.1" 301 162 "-" "Mozilla/5.0 (Windows NT 10.0; Win64; x64) AppleWebKit/537.36 (KHTML, like Gecko) Chrome/80.0.3987.149 Safari/537.36"
172.68.242.108 - - [06/Dec/2025:19:42:54 +0100] "GET /wp-admin/maint/maint.php HTTP/1.1" 301 162 "-" "Mozilla/5.0 (Windows NT 10.0; Win64; x64) AppleWebKit/537.36 (KHTML, like Gecko) Chrome/84.0.4147.105 Safari/537.36"
162.158.107.4 - - [06/Dec/2025:19:42:54 +0100] "GET /wp-admin/maint/maint.php HTTP/1.1" 301 162 "-" "Mozilla/5.0 (Macintosh; Intel Mac OS X 10_15_6) AppleWebKit/537.36 (KHTML, like Gecko) Chrome/84.0.4147.105 Safari/537.36 OPR/70.0.3728.95"
172.68.242.108 - - [06/Dec/2025:19:42:54 +0100] "GET /assets/bypass.php HTTP/1.1" 301 162 "-" "Mozilla/5.0 (Windows NT 10.0; Win64; x64) AppleWebKit/537.36 (KHTML, like Gecko) Chrome/75.0.3770.100 Safari/537.36"
162.158.107.4 - - [06/Dec/2025:19:42:55 +0100] "GET /assets/bypass.php HTTP/1.1" 301 162 "-" "Mozilla/5.0 (Macintosh; Intel Mac OS X 10_10_1) AppleWebKit/537.36 (KHTML, like Gecko) Chrome/39.0.2171.95 Safari/537.36"
172.68.242.108 - - [06/Dec/2025:19:42:55 +0100] "GET /aa.php HTTP/1.1" 301 162 "-" "Mozilla/5.0 (Windows NT 10.0; Win64; x64) AppleWebKit/537.36 (KHTML, like Gecko) Chrome/69.0.3497.100 Safari/537.36"
162.158.107.4 - - [06/Dec/2025:19:42:55 +0100] "GET /aa.php HTTP/1.1" 301 162 "-" "Mozilla/5.0 (Windows NT 10.0; Win64; x64; rv:74.0) Gecko/20100101 Firefox/74.0"
172.68.242.108 - - [06/Dec/2025:19:42:55 +0100] "GET /index2.php HTTP/1.1" 301 162 "-" "Mozilla/5.0 (Windows NT 10.0; Win64; x64; rv:72.0) Gecko/20100101 Firefox/72.0"
162.158.107.4 - - [06/Dec/2025:19:42:55 +0100] "GET /index2.php HTTP/1.1" 301 162 "-" "Mozilla/5.0 (Windows NT 10.0; WOW64) AppleWebKit/537.36 (KHTML, like Gecko) Chrome/84.0.4147.105 Safari/537.36"
172.68.242.108 - - [06/Dec/2025:19:42:56 +0100] "GET /wp-content/themes/hello-element/footer.php HTTP/1.1" 301 162 "-" "Mozilla/5.0 (Macintosh; Intel Mac OS X 10_12_6) AppleWebKit/537.36 (KHTML, like Gecko) Chrome/58.0.3029.110 Safari/537.3"
162.158.107.4 - - [06/Dec/2025:19:42:56 +0100] "GET /wp-content/themes/hello-element/footer.php HTTP/1.1" 301 162 "-" "Mozilla/5.0 (Windows NT 10.0; Win64; x64) AppleWebKit/537.36 (KHTML, like Gecko) Chrome/79.0.3945.130 Safari/537.36"
172.68.242.108 - - [06/Dec/2025:19:42:56 +0100] "GET /wp-admin/network/admin.php HTTP/1.1" 301 162 "-" "Mozilla/5.0 (Windows NT 10.0; Win64; x64; rv:72.0) Gecko/20100101 Firefox/72.0"
162.158.107.4 - - [06/Dec/2025:19:42:56 +0100] "GET /wp-admin/network/admin.php HTTP/1.1" 301 162 "-" "Mozilla/5.0 (Windows NT 10.0; Win64; x64) AppleWebKit/537.36 (KHTML, like Gecko) Chrome/74.0.3729.169 Safari/537.36"
162.158.107.4 - - [06/Dec/2025:19:42:56 +0100] "GET /.well-known/pki-validation/2index.php HTTP/1.1" 301 162 "-" "Mozilla/5.0 (Windows NT 10.0; Win64; x64; rv:72.0) Gecko/20100101 Firefox/72.0"
172.68.242.108 - - [06/Dec/2025:19:42:56 +0100] "GET /.well-known/pki-validation/2index.php HTTP/1.1" 301 162 "-" "Mozilla/5.0 (Windows NT 10.0; Win64; x64) AppleWebKit/537.36 (KHTML, like Gecko) Chrome/77.0.3865.90 Safari/537.36"
162.158.107.4 - - [06/Dec/2025:19:42:56 +0100] "GET /wp-content/languages/plugins.php HTTP/1.1" 301 162 "-" "Mozilla/5.0 (Windows NT 10.0; WOW64) AppleWebKit/537.36 (KHTML, like Gecko) Chrome/72.0.3626.121 Safari/537.36"
172.68.242.108 - - [06/Dec/2025:19:42:57 +0100] "GET /wp-content/languages/plugins.php HTTP/1.1" 301 162 "-" "Mozilla/5.0 (Windows NT 10.0; Win64; x64) AppleWebKit/537.36 (KHTML, like Gecko) Chrome/81.0.4044.129 Safari/537.36"
162.158.107.4 - - [06/Dec/2025:19:42:57 +0100] "GET /shell.php HTTP/1.1" 301 162 "-" "Mozilla/5.0 (X11; Fedora; Linux x86_64; rv:79.0) Gecko/20100101 Firefox/79.0"
172.68.242.108 - - [06/Dec/2025:19:42:57 +0100] "GET /shell.php HTTP/1.1" 301 162 "-" "Mozilla/5.0 (Windows NT 10.0; WOW64; x64) AppleWebKit/537.36 (KHTML, like Gecko) Chrome/84.0.4147.105 Safari/537.36 OPR/70.0.3728.95"
162.158.107.4 - - [06/Dec/2025:19:42:57 +0100] "GET /.well-known/content.php HTTP/1.1" 301 162 "-" "Mozilla/5.0 (Macintosh; Intel Mac OS X 10_10_1) AppleWebKit/537.36 (KHTML, like Gecko) Chrome/39.0.2171.95 Safari/537.36"
172.68.242.108 - - [06/Dec/2025:19:42:57 +0100] "GET /.well-known/content.php HTTP/1.1" 301 162 "-" "Mozilla/5.0 (Windows NT 10.0; Win64; x64) AppleWebKit/537.36 (KHTML, like Gecko) Chrome/75.0.3770.100 Safari/537.36"
162.158.107.4 - - [06/Dec/2025:19:42:57 +0100] "GET /wp-includes/Text/about.php HTTP/1.1" 301 162 "-" "Mozilla/5.0 (Windows NT 6.3; Win64; x64; rv:73.0) Gecko/20100101 Firefox/73.0"
172.68.242.108 - - [06/Dec/2025:19:42:58 +0100] "GET /wp-includes/Text/about.php HTTP/1.1" 301 162 "-" "Mozilla/5.0 (Windows NT 6.1; Win64; x64) AppleWebKit/537.36 (KHTML, like Gecko) Chrome/58.0.3029.110 Safari/537.3"
162.158.107.4 - - [06/Dec/2025:19:42:58 +0100] "GET /wp-admin/network/atomlib.php HTTP/1.1" 301 162 "-" "Mozilla/5.0 (Windows NT 6.1; Win64; x64) AppleWebKit/537.36 (KHTML, like Gecko) Chrome/80.0.3987.149 Safari/537.36"
172.68.242.108 - - [06/Dec/2025:19:42:58 +0100] "GET /wp-admin/network/atomlib.php HTTP/1.1" 301 162 "-" "Mozilla/5.0 (Macintosh; Intel Mac OS X 10_10_1) AppleWebKit/537.36 (KHTML, like Gecko) Chrome/39.0.2171.95 Safari/537.36"
162.158.107.4 - - [06/Dec/2025:19:42:58 +0100] "GET /.well-known/install.php HTTP/1.1" 301 162 "-" "Mozilla/5.0 (Linux x86_64; rv:79.0) Gecko/20100101 Firefox/79.0"
162.158.107.4 - - [06/Dec/2025:19:42:58 +0100] "GET /hehe.php HTTP/1.1" 301 162 "-" "Mozilla/5.0 (Windows NT 10.0; Win64; x64) AppleWebKit/537.36 (KHTML, like Gecko) Chrome/80.0.3987.149 Safari/537.36"
172.68.242.108 - - [06/Dec/2025:19:42:58 +0100] "GET /.well-known/install.php HTTP/1.1" 301 162 "-" "Mozilla/5.0 (Windows NT 10.0) AppleWebKit/537.36 (KHTML, like Gecko) Chrome/72.0.3626.121 Safari/537.36"
162.158.107.4 - - [06/Dec/2025:19:42:59 +0100] "GET /wp-includes/fonts/autoload_classmap.php HTTP/1.1" 301 162 "-" "Mozilla/5.0 (X11; Ubuntu; Linux i686; rv:79.0) Gecko/20100101 Firefox/79.0"
172.68.242.108 - - [06/Dec/2025:19:42:59 +0100] "GET /hehe.php HTTP/1.1" 301 162 "-" "Mozilla/5.0 (Windows NT 10.0; Win64; x64) AppleWebKit/537.36 (KHTML, like Gecko) Chrome/74.0.3729.157 Safari/537.36"
162.158.107.4 - - [06/Dec/2025:19:42:59 +0100] "GET /css/slider.php HTTP/1.1" 301 162 "-" "Mozilla/5.0 (Windows NT 6.1; Win64; x64) AppleWebKit/537.36 (KHTML, like Gecko) Chrome/78.0.3904.108 Safari/537.36"
162.158.107.4 - - [06/Dec/2025:19:42:59 +0100] "GET /dir.php HTTP/1.1" 301 162 "-" "Mozilla/5.0 (Windows NT 10.0; Win64; x64) AppleWebKit/537.36 (KHTML, like Gecko) Chrome/74.0.3729.157 Safari/537.36"
172.68.242.108 - - [06/Dec/2025:19:42:59 +0100] "GET /wp-includes/fonts/autoload_classmap.php HTTP/1.1" 301 162 "-" "Mozilla/5.0 (Windows NT 10.0; Win64; x64; rv:76.0) Gecko/20100101 Firefox/76.0"
162.158.107.4 - - [06/Dec/2025:19:42:59 +0100] "GET /wp-includes/css/atomlib.php HTTP/1.1" 301 162 "-" "Mozilla/5.0 (Windows NT 10.0; Win64; x64; rv:67.0) Gecko/20100101 Firefox/67.0"
172.68.242.108 - - [06/Dec/2025:19:43:00 +0100] "GET /css/slider.php HTTP/1.1" 301 162 "-" "Mozilla/5.0 (Macintosh; Intel Mac OS X 10_15_6) AppleWebKit/537.36 (KHTML, like Gecko) Chrome/84.0.4147.105 Safari/537.36"
162.158.107.4 - - [06/Dec/2025:19:43:00 +0100] "GET /wp-content/style.php HTTP/1.1" 301 162 "-" "Mozilla/5.0 (Windows NT 10.0; Win64; x64; rv:77.0) Gecko/20100101 Firefox/77.0"
172.68.242.108 - - [06/Dec/2025:19:43:00 +0100] "GET /dir.php HTTP/1.1" 301 162 "-" "Mozilla/5.0 (Windows NT 10.0; Win64; x64) AppleWebKit/537.36 (KHTML, like Gecko) Chrome/81.0.4044.129 Safari/537.36"
162.158.107.4 - - [06/Dec/2025:19:43:00 +0100] "GET /libraries/phpmailer/updates.php HTTP/1.1" 301 162 "-" "Mozilla/5.0 (Windows NT 10.0; Win64; x64) AppleWebKit/537.36 (KHTML, like Gecko) Chrome/75.0.3770.100 Safari/537.36"
172.68.242.108 - - [06/Dec/2025:19:43:00 +0100] "GET /wp-includes/css/atomlib.php HTTP/1.1" 301 162 "-" "Mozilla/5.0 (Windows NT 6.1; Win64; x64) AppleWebKit/537.36 (KHTML, like Gecko) Chrome/74.0.3729.169 Safari/537.36"
172.68.242.108 - - [06/Dec/2025:19:43:00 +0100] "GET /wp-content/style.php HTTP/1.1" 301 162 "-" "Mozilla/5.0 (Windows NT 6.1; Win64; x64) AppleWebKit/537.36 (KHTML, like Gecko) Chrome/79.0.3945.130 Safari/537.36"
162.158.107.4 - - [06/Dec/2025:19:43:01 +0100] "GET /nf_tracking.php HTTP/1.1" 301 162 "-" "Mozilla/5.0 (Macintosh; Intel Mac OS X 10.15; rv:79.0) Gecko/20100101 Firefox/79.0"
172.68.242.108 - - [06/Dec/2025:19:43:01 +0100] "GET /libraries/phpmailer/updates.php HTTP/1.1" 301 162 "-" "Mozilla/5.0 (Macintosh; Intel Mac OS X 10.15; rv:79.0) Gecko/20100101 Firefox/79.0"
162.158.107.4 - - [06/Dec/2025:19:43:01 +0100] "GET /wp-admin/css/about.php7 HTTP/1.1" 301 162 "-" "Mozilla/5.0 (Windows NT 10.0; Win64; x64) AppleWebKit/537.36 (KHTML, like Gecko) Chrome/69.0.3497.100 Safari/537.36"
172.68.242.108 - - [06/Dec/2025:19:43:01 +0100] "GET /nf_tracking.php HTTP/1.1" 301 162 "-" "Mozilla/5.0 (Windows NT 10.0; Win64; x64) AppleWebKit/537.36 (KHTML, like Gecko) Chrome/79.0.3945.130 Safari/537.36"
162.158.107.4 - - [06/Dec/2025:19:43:01 +0100] "GET /filefuns.php HTTP/1.1" 301 162 "-" "Mozilla/5.0 (X11; Ubuntu; Linux i686; rv:79.0) Gecko/20100101 Firefox/79.0"
172.68.242.108 - - [06/Dec/2025:19:43:01 +0100] "GET /wp-admin/css/about.php7 HTTP/1.1" 301 162 "-" "Mozilla/5.0 (Windows NT 6.1; Win64; x64) AppleWebKit/537.36 (KHTML, like Gecko) Chrome/79.0.3945.130 Safari/537.36"
162.158.107.4 - - [06/Dec/2025:19:43:01 +0100] "GET /.well-known/pki-validation/class_api.php HTTP/1.1" 301 162 "-" "Mozilla/5.0 (Windows NT 10.0; Win64; x64) AppleWebKit/537.36 (KHTML, like Gecko) Chrome/83.0.4103.97 Safari/537.36"
172.68.242.108 - - [06/Dec/2025:19:43:01 +0100] "GET /filefuns.php HTTP/1.1" 301 162 "-" "Mozilla/5.0 (compatible; MSIE 10.0; Windows NT 6.1; Trident/6.0)"
162.158.107.4 - - [06/Dec/2025:19:43:02 +0100] "GET /l.php HTTP/1.1" 301 162 "-" "Mozilla/5.0 (Windows NT 10.0; Win64; x64) AppleWebKit/537.36 (KHTML, like Gecko) Chrome/74.0.3729.157 Safari/537.36"
172.68.242.108 - - [06/Dec/2025:19:43:02 +0100] "GET /.well-known/pki-validation/class_api.php HTTP/1.1" 301 162 "-" "Mozilla/5.0 (Windows NT 6.1; Win64; x64) AppleWebKit/537.36 (KHTML, like Gecko) Chrome/58.0.3029.110 Safari/537.3"
162.158.107.4 - - [06/Dec/2025:19:43:02 +0100] "GET /repeater.php HTTP/1.1" 301 162 "-" "Mozilla/5.0 (Windows NT 6.1; Win64; x64) AppleWebKit/537.36 (KHTML, like Gecko) Chrome/78.0.3904.108 Safari/537.36"
172.68.242.108 - - [06/Dec/2025:19:43:02 +0100] "GET /l.php HTTP/1.1" 301 162 "-" "Mozilla/5.0 (Windows NT 10.0; WOW64; Trident/7.0; .NET4.0C; .NET4.0E; .NET CLR 2.0.50727; .NET CLR 3.0.30729; .NET CLR 3.5.30729; rv:11.0) like Gecko"
162.158.107.4 - - [06/Dec/2025:19:43:02 +0100] "GET /wp-admin/wso.php HTTP/1.1" 301 162 "-" "Mozilla/5.0 (Windows NT 10.0; Win64; x64; rv:77.0) Gecko/20100101 Firefox/77.0"
172.68.242.108 - - [06/Dec/2025:19:43:02 +0100] "GET /repeater.php HTTP/1.1" 301 162 "-" "Mozilla/5.0 (Windows NT 10.0; Win64; x64; rv:75.0) Gecko/20100101 Firefox/75.0"
172.68.242.108 - - [06/Dec/2025:19:43:03 +0100] "GET /wp-admin/wso.php HTTP/1.1" 301 162 "-" "Mozilla/5.0 (Macintosh; Intel Mac OS X 10_15_6) AppleWebKit/537.36 (KHTML, like Gecko) Chrome/84.0.4147.105 Safari/537.36 OPR/70.0.3728.95"
162.158.107.4 - - [06/Dec/2025:19:43:03 +0100] "GET /wp-includes/sitemaps/autoload_classmap.php HTTP/1.1" 301 162 "-" "Mozilla/5.0 (Windows NT 10.0; WOW64) AppleWebKit/537.36 (KHTML, like Gecko) Chrome/72.0.3626.121 Safari/537.36"
