172.68.242.108 - - [06/Dec/2025:19:43:03 +0100] "GET /wp-includes/sitemaps/autoload_classmap.php HTTP/1.1" 301 162 "-" "Mozilla/5.0 (Windows NT 6.1; Win64; x64) AppleWebKit/537.36 (KHTML, like Gecko) Chrome/79.0.3945.130 Safari/537.36"
162.158.107.4 - - [06/Dec/2025:19:43:03 +0100] "GET /contacts.php HTTP/1.1" 301 162 "-" "Mozilla/5.0 (Windows NT 10.0; Win64; x64) AppleWebKit/537.36 (KHTML, like Gecko) Chrome/69.0.3497.100 Safari/537.36"
172.68.242.108 - - [06/Dec/2025:19:43:03 +0100] "GET /contacts.php HTTP/1.1" 301 162 "-" "Mozilla/5.0 (X11; Ubuntu; Linux x86_64; rv:79.0) Gecko/20100101 Firefox/79.0"
162.158.107.4 - - [06/Dec/2025:19:43:03 +0100] "GET /wsa.php HTTP/1.1" 301 162 "-" "Mozilla/5.0 (Windows NT 10.0; Win64; x64; rv:73.0) Gecko/20100101 Firefox/73.0"
172.68.242.108 - - [06/Dec/2025:19:43:04 +0100] "GET /wsa.php HTTP/1.1" 301 162 "-" "Mozilla/5.0 (Windows NT 10.0; Win64; x64) AppleWebKit/537.36 (KHTML, like Gecko) Chrome/79.0.3945.79 Safari/537.36"
162.158.107.4 - - [06/Dec/2025:19:43:04 +0100] "GET /wp-includes/SimplePie/about.php HTTP/1.1" 301 162 "-" "Mozilla/5.0 (X11; Linux x86_64) AppleWebKit/537.36 (KHTML, like Gecko) Chrome/84.0.4147.105 Safari/537.36 OPR/70.0.3728.95"
172.68.242.108 - - [06/Dec/2025:19:43:04 +0100] "GET /wp-includes/SimplePie/about.php HTTP/1.1" 301 162 "-" "Mozilla/5.0 (Windows NT 10.0; Win64; x64) AppleWebKit/537.36 (KHTML, like Gecko) Chrome/75.0.3770.100 Safari/537.36"
162.158.107.4 - - [06/Dec/2025:19:43:04 +0100] "GET /firewall.php7 HTTP/1.1" 301 162 "-" "Mozilla/5.0 (Windows NT 10.0; WOW64) AppleWebKit/537.36 (KHTML, like Gecko) Chrome/84.0.4147.105 Safari/537.36"
172.68.242.108 - - [06/Dec/2025:19:43:04 +0100] "GET /firewall.php7 HTTP/1.1" 301 162 "-" "Mozilla/5.0 (X11; Ubuntu; Linux i686; rv:79.0) Gecko/20100101 Firefox/79.0"
162.158.107.4 - - [06/Dec/2025:19:43:04 +0100] "GET /wp-includes/sodium_compat/index.php HTTP/1.1" 301 162 "-" "Mozilla/5.0 (Windows NT 10.0; Win64; x64; rv:76.0) Gecko/20100101 Firefox/76.0"
172.68.242.108 - - [06/Dec/2025:19:43:05 +0100] "GET /wp-includes/sodium_compat/index.php HTTP/1.1" 301 162 "-" "Mozilla/5.0 (Windows NT 6.1; Win64; x64) AppleWebKit/537.36 (KHTML, like Gecko) Chrome/78.0.3904.108 Safari/537.36"
162.158.107.4 - - [06/Dec/2025:19:43:05 +0100] "GET /wp-content/uploads/content.php HTTP/1.1" 301 162 "-" "Mozilla/5.0 (Windows NT 10.0; Win64; x64) AppleWebKit/537.36 (KHTML, like Gecko) Chrome/70.0.3538.77 Safari/537.36"
172.68.242.108 - - [06/Dec/2025:19:43:05 +0100] "GET /wp-content/uploads/content.php HTTP/1.1" 301 162 "-" "Mozilla/5.0 (Windows NT 10.0; Win64; x64) AppleWebKit/537.36 (KHTML, like Gecko) Chrome/83.0.4103.97 Safari/537.36"
162.158.107.4 - - [06/Dec/2025:19:43:05 +0100] "GET /lv.php HTTP/1.1" 301 162 "-" "Mozilla/5.0 (Windows NT 10.0; Win64; x64) AppleWebKit/537.36 (KHTML, like Gecko) Chrome/80.0.3987.149 Safari/537.36"
172.68.242.108 - - [06/Dec/2025:19:43:05 +0100] "GET /lv.php HTTP/1.1" 301 162 "-" "Mozilla/5.0 (Windows NT 10.0; Win64; x64) AppleWebKit/537.36 (KHTML, like Gecko) Chrome/58.0.3029.110 Safari/537.3"
162.158.107.4 - - [06/Dec/2025:19:43:05 +0100] "GET /images/js1.php HTTP/1.1" 301 162 "-" "Mozilla/5.0 (Windows NT 10.0; Win64; x64) AppleWebKit/537.36 (KHTML, like Gecko) Chrome/70.0.3538.110 Safari/537.36"
172.68.242.108 - - [06/Dec/2025:19:43:06 +0100] "GET /images/js1.php HTTP/1.1" 301 162 "-" "Mozilla/5.0 (Windows NT 10.0; Win64; x64; rv:79.0) Gecko/20100101 Firefox/79.0"
162.158.107.4 - - [06/Dec/2025:19:43:06 +0100] "GET /wp-admin/maint/file.php HTTP/1.1" 301 162 "-" "Mozilla/5.0 (Windows NT 10.0; Win64; x64) AppleWebKit/537.36 (KHTML, like Gecko) Chrome/69.0.3497.100 Safari/537.36"
172.68.242.108 - - [06/Dec/2025:19:43:06 +0100] "GET /wp-admin/maint/file.php HTTP/1.1" 301 162 "-" "Mozilla/5.0 (Macintosh; Intel Mac OS X 10_12_6) AppleWebKit/537.36 (KHTML, like Gecko) Chrome/58.0.3029.110 Safari/537.3"
162.158.107.4 - - [06/Dec/2025:19:43:06 +0100] "GET /.well-known/acme-challenge/file.php HTTP/1.1" 301 162 "-" "Mozilla/5.0 (Windows NT 10.0; Win64; x64; rv:75.0) Gecko/20100101 Firefox/75.0"
172.68.242.108 - - [06/Dec/2025:19:43:06 +0100] "GET /.well-known/acme-challenge/file.php HTTP/1.1" 301 162 "-" "Mozilla/5.0 (Windows NT 10.0; Win64; x64; rv:66.0) Gecko/20100101 Firefox/66.0"
162.158.107.4 - - [06/Dec/2025:19:43:06 +0100] "GET /.well-known/acme-challenge/admin.php HTTP/1.1" 301 162 "-" "Mozilla/5.0 (Windows NT 10.0) AppleWebKit/537.36 (KHTML, like Gecko) Chrome/72.0.3626.121 Safari/537.36"
172.68.242.108 - - [06/Dec/2025:19:43:06 +0100] "GET /.well-known/acme-challenge/admin.php HTTP/1.1" 301 162 "-" "Mozilla/5.0 (X11; Ubuntu; Linux x86_64; rv:79.0) Gecko/20100101 Firefox/79.0"
162.158.107.4 - - [06/Dec/2025:19:43:07 +0100] "GET /wp-includes/images/autoload_classmap.php HTTP/1.1" 301 162 "-" "Mozilla/5.0 (Windows NT 10.0; Win64; x64) AppleWebKit/537.36 (KHTML, like Gecko) Chrome/58.0.3029.110 Safari/537.3"
172.68.242.108 - - [06/Dec/2025:19:43:07 +0100] "GET /wp-includes/images/autoload_classmap.php HTTP/1.1" 301 162 "-" "Mozilla/5.0 (Windows NT 10.0) AppleWebKit/537.36 (KHTML, like Gecko) Chrome/84.0.4147.105 Safari/537.36"
162.158.107.4 - - [06/Dec/2025:19:43:07 +0100] "GET /wp-includes/ID3/wp-conflg.php HTTP/1.1" 301 162 "-" "Mozilla/5.0 (Macintosh; Intel Mac OS X 10_15_6) AppleWebKit/537.36 (KHTML, like Gecko) Chrome/84.0.4147.105 Safari/537.36 OPR/70.0.3728.95"
172.68.242.108 - - [06/Dec/2025:19:43:07 +0100] "GET /wp-includes/ID3/wp-conflg.php HTTP/1.1" 301 162 "-" "Mozilla/5.0 (Windows NT 10.0; Win64; x64; rv:72.0) Gecko/20100101 Firefox/72.0"
162.158.107.4 - - [06/Dec/2025:19:43:07 +0100] "GET /wp-admin/theme-editor.php HTTP/1.1" 301 162 "-" "Mozilla/5.0 (X11; Linux i686; rv:79.0) Gecko/20100101 Firefox/79.0"
172.68.242.108 - - [06/Dec/2025:19:43:07 +0100] "GET /wp-admin/theme-editor.php HTTP/1.1" 301 162 "-" "Mozilla/5.0 (Windows NT 10.0; Win64; x64; rv:73.0) Gecko/20100101 Firefox/73.0"
162.158.107.4 - - [06/Dec/2025:19:43:08 +0100] "GET /wp-admin/css/colors/blue/abc.php HTTP/1.1" 301 162 "-" "Mozilla/5.0 (Windows NT 10.0; Win64; x64) AppleWebKit/537.36 (KHTML, like Gecko) Chrome/77.0.3865.90 Safari/537.36"
172.68.242.108 - - [06/Dec/2025:19:43:08 +0100] "GET /wp-admin/css/colors/blue/abc.php HTTP/1.1" 301 162 "-" "Mozilla/5.0 (Windows NT 10.0; Win64; x64; rv:77.0) Gecko/20100101 Firefox/77.0"
162.158.107.4 - - [06/Dec/2025:19:43:08 +0100] "GET /wp-admin/maint/wonder.php HTTP/1.1" 301 162 "-" "Mozilla/5.0 (Windows NT 10.0; Win64; x64; rv:71.0) Gecko/20100101 Firefox/71.0"
172.68.242.108 - - [06/Dec/2025:19:43:08 +0100] "GET /wp-admin/maint/wonder.php HTTP/1.1" 301 162 "-" "Mozilla/5.0 (Windows NT 10.0) AppleWebKit/537.36 (KHTML, like Gecko) Chrome/72.0.3626.121 Safari/537.36"
162.158.107.4 - - [06/Dec/2025:19:43:08 +0100] "GET /wp-content/themes/twentytwentyfour/wonder.php HTTP/1.1" 301 162 "-" "Mozilla/5.0 (Windows NT 10.0) AppleWebKit/537.36 (KHTML, like Gecko) Chrome/84.0.4147.105 Safari/537.36"
172.68.242.108 - - [06/Dec/2025:19:43:08 +0100] "GET /wp-content/themes/twentytwentyfour/wonder.php HTTP/1.1" 301 162 "-" "Mozilla/5.0 (Windows NT 10.0; Win64; x64) AppleWebKit/537.36 (KHTML, like Gecko) Chrome/84.0.4147.105 Safari/537.36"
162.158.107.4 - - [06/Dec/2025:19:43:08 +0100] "GET /wp-content/plugins/fix/as.php HTTP/1.1" 301 162 "-" "Mozilla/5.0 (Windows NT 10.0; Win64; x64) AppleWebKit/537.36 (KHTML, like Gecko) Chrome/79.0.3945.88 Safari/537.36"
172.68.242.108 - - [06/Dec/2025:19:43:09 +0100] "GET /wp-content/plugins/fix/as.php HTTP/1.1" 301 162 "-" "Mozilla/5.0 (Windows NT 10.0; Win64; x64; rv:77.0) Gecko/20100101 Firefox/77.0"
162.158.107.4 - - [06/Dec/2025:19:43:09 +0100] "GET /tox.php HTTP/1.1" 301 162 "-" "Mozilla/5.0 (Windows NT 10.0; Win64; x64) AppleWebKit/537.36 (KHTML, like Gecko) Chrome/84.0.4147.105 Safari/537.36"
172.68.242.108 - - [06/Dec/2025:19:43:09 +0100] "GET /tox.php HTTP/1.1" 301 162 "-" "Mozilla/5.0 (Macintosh; Intel Mac OS X 10_12_6) AppleWebKit/537.36 (KHTML, like Gecko) Chrome/58.0.3029.110 Safari/537.3"
162.158.107.4 - - [06/Dec/2025:19:43:09 +0100] "GET /wp-content/languages/index.php HTTP/1.1" 301 162 "-" "Mozilla/5.0 (Macintosh; Intel Mac OS X 10_15_6) AppleWebKit/537.36 (KHTML, like Gecko) Chrome/84.0.4147.125 Safari/537.36"
172.68.242.108 - - [06/Dec/2025:19:43:09 +0100] "GET /wp-content/languages/index.php HTTP/1.1" 301 162 "-" "Mozilla/5.0 (Windows NT 10.0; Win64; x64) AppleWebKit/537.36 (KHTML, like Gecko) Chrome/75.0.3770.100 Safari/537.36"
162.158.107.4 - - [06/Dec/2025:19:43:09 +0100] "GET /wp-includes/js/dist/default.php HTTP/1.1" 301 162 "-" "Mozilla/5.0 (Windows NT 10.0; Win64; x64; rv:66.0) Gecko/20100101 Firefox/66.0"
172.68.242.108 - - [06/Dec/2025:19:43:09 +0100] "GET /wp-includes/js/dist/default.php HTTP/1.1" 301 162 "-" "Mozilla/5.0 (X11; Linux i686; rv:79.0) Gecko/20100101 Firefox/79.0"
172.68.242.108 - - [06/Dec/2025:19:43:10 +0100] "GET /wp-admin/css/colors/tfileman.php HTTP/1.1" 301 162 "-" "Mozilla/5.0 (Windows NT 6.3; Win64; x64; rv:73.0) Gecko/20100101 Firefox/73.0"
162.158.107.4 - - [06/Dec/2025:19:43:10 +0100] "GET /wp-admin/css/colors/tfileman.php HTTP/1.1" 301 162 "-" "Mozilla/5.0 (Windows NT 10.0; Win64; x64) AppleWebKit/537.36 (KHTML, like Gecko) Chrome/69.0.3497.100 Safari/537.36"
172.68.242.108 - - [06/Dec/2025:19:43:10 +0100] "GET /tiny.php HTTP/1.1" 301 162 "-" "Mozilla/5.0 (Windows NT 10.0; Win64; x64) AppleWebKit/537.36 (KHTML, like Gecko) Chrome/79.0.3945.79 Safari/537.36"
162.158.107.4 - - [06/Dec/2025:19:43:10 +0100] "GET /tiny.php HTTP/1.1" 301 162 "-" "Mozilla/5.0 (Windows NT 10.0; Win64; x64; rv:75.0) Gecko/20100101 Firefox/75.0"
172.68.242.108 - - [06/Dec/2025:19:43:10 +0100] "GET /wp-admin/js/widgets/autoload_classmap.php HTTP/1.1" 301 162 "-" "Mozilla/5.0 (Windows NT 10.0; Win64; x64; rv:71.0) Gecko/20100101 Firefox/71.0"
162.158.107.4 - - [06/Dec/2025:19:43:10 +0100] "GET /wp-admin/js/widgets/autoload_classmap.php HTTP/1.1" 301 162 "-" "Mozilla/5.0 (Windows NT 10.0; Win64; x64) AppleWebKit/537.36 (KHTML, like Gecko) Chrome/70.0.3538.77 Safari/537.36"
172.68.242.108 - - [06/Dec/2025:19:43:11 +0100] "GET /themes.php HTTP/1.1" 301 162 "-" "Mozilla/5.0 (Windows NT 10.0; Win64; x64) AppleWebKit/537.36 (KHTML, like Gecko) Chrome/84.0.4147.105 Safari/537.36 OPR/70.0.3728.95"
162.158.107.4 - - [06/Dec/2025:19:43:11 +0100] "GET /themes.php HTTP/1.1" 301 162 "-" "Mozilla/5.0 (Windows NT 6.1; Win64; x64) AppleWebKit/537.36 (KHTML, like Gecko) Chrome/78.0.3904.108 Safari/537.36"
172.68.242.108 - - [06/Dec/2025:19:43:11 +0100] "GET /wp-themes.php HTTP/1.1" 301 162 "-" "Mozilla/5.0 (Windows NT 10.0; Win64; x64) AppleWebKit/537.36 (KHTML, like Gecko) Chrome/70.0.3538.110 Safari/537.36"
162.158.107.4 - - [06/Dec/2025:19:43:11 +0100] "GET /wp-themes.php HTTP/1.1" 301 162 "-" "Mozilla/5.0 (Macintosh; Intel Mac OS X 10_12_6) AppleWebKit/537.36 (KHTML, like Gecko) Chrome/58.0.3029.110 Safari/537.3"
172.68.242.108 - - [06/Dec/2025:19:43:11 +0100] "GET /wp-includes/sodium_compat/src/index.php HTTP/1.1" 301 162 "-" "Mozilla/5.0 (Windows NT 10.0; Win64; x64) AppleWebKit/537.36 (KHTML, like Gecko) Chrome/79.0.3945.130 Safari/537.36"
172.68.242.108 - - [06/Dec/2025:19:43:11 +0100] "GET /wp-content/plugins/erinyani/asasx.php HTTP/1.1" 301 162 "-" "Mozilla/5.0 (Windows NT 6.1; Win64; x64) AppleWebKit/537.36 (KHTML, like Gecko) Chrome/74.0.3729.169 Safari/537.36"
162.158.107.4 - - [06/Dec/2025:19:43:11 +0100] "GET /wp-includes/sodium_compat/src/index.php HTTP/1.1" 301 162 "-" "Mozilla/5.0 (Windows NT 10.0; Win64; x64; rv:67.0) Gecko/20100101 Firefox/67.0"
172.68.242.108 - - [06/Dec/2025:19:43:12 +0100] "GET /mariju.php HTTP/1.1" 301 162 "-" "Mozilla/5.0 (Windows NT 10.0; Win64; x64; rv:74.0) Gecko/20100101 Firefox/74.0"
162.158.107.4 - - [06/Dec/2025:19:43:12 +0100] "GET /wp-content/plugins/erinyani/asasx.php HTTP/1.1" 301 162 "-" "Mozilla/5.0 (Windows NT 6.1; Win64; x64) AppleWebKit/537.36 (KHTML, like Gecko) Chrome/78.0.3904.108 Safari/537.36"
172.68.242.108 - - [06/Dec/2025:19:43:12 +0100] "GET /waf_defender.php HTTP/1.1" 301 162 "-" "Mozilla/5.0 (Windows NT 10.0; Win64; x64) AppleWebKit/537.36 (KHTML, like Gecko) Chrome/84.0.4147.105 Safari/537.36"
162.158.107.4 - - [06/Dec/2025:19:43:12 +0100] "GET /mariju.php HTTP/1.1" 301 162 "-" "Mozilla/5.0 (Macintosh; Intel Mac OS X 10_12_6) AppleWebKit/537.36 (KHTML, like Gecko) Chrome/58.0.3029.110 Safari/537.3"
172.68.242.108 - - [06/Dec/2025:19:43:12 +0100] "GET /wp-admin/maint/cong.php HTTP/1.1" 301 162 "-" "Mozilla/5.0 (Windows NT 10.0; Win64; x64; rv:67.0) Gecko/20100101 Firefox/67.0"
172.68.242.108 - - [06/Dec/2025:19:43:13 +0100] "GET /av.php HTTP/1.1" 301 162 "-" "Mozilla/5.0 (Windows NT 6.3; Win64; x64; rv:73.0) Gecko/20100101 Firefox/73.0"
162.158.107.4 - - [06/Dec/2025:19:43:13 +0100] "GET /waf_defender.php HTTP/1.1" 301 162 "-" "Mozilla/5.0 (Windows NT 10.0) AppleWebKit/537.36 (KHTML, like Gecko) Chrome/84.0.4147.105 Safari/537.36"
172.68.242.108 - - [06/Dec/2025:19:43:13 +0100] "GET /wp-admin/css/glex.php HTTP/1.1" 301 162 "-" "Mozilla/5.0 (Windows NT 10.0; Win64; x64; rv:79.0) Gecko/20100101 Firefox/79.0"
162.158.107.4 - - [06/Dec/2025:19:43:13 +0100] "GET /wp-admin/maint/cong.php HTTP/1.1" 301 162 "-" "Mozilla/5.0 (Windows NT 10.0; Win64; x64) AppleWebKit/537.36 (KHTML, like Gecko) Chrome/79.0.3945.79 Safari/537.36"
172.68.242.108 - - [06/Dec/2025:19:43:13 +0100] "GET /wp-admin/autoload_classmap.php HTTP/1.1" 301 162 "-" "Mozilla/5.0 (Windows NT 10.0; Win64; x64) AppleWebKit/537.36 (KHTML, like Gecko) Chrome/84.0.4147.105 Safari/537.36"
162.158.107.4 - - [06/Dec/2025:19:43:13 +0100] "GET /av.php HTTP/1.1" 301 162 "-" "Mozilla/5.0 (Windows NT 10.0; Win64; x64) AppleWebKit/537.36 (KHTML, like Gecko) Chrome/83.0.4103.61 Safari/537.36"
172.68.242.108 - - [06/Dec/2025:19:43:13 +0100] "GET /wp-includes/SimplePie/Parse/about.php HTTP/1.1" 301 162 "-" "Mozilla/5.0 (X11; Linux x86_64) AppleWebKit/537.36 (KHTML, like Gecko) Chrome/84.0.4147.105 Safari/537.36"
162.158.107.4 - - [06/Dec/2025:19:43:14 +0100] "GET /wp-admin/css/glex.php HTTP/1.1" 301 162 "-" "Mozilla/5.0 (Windows NT 10.0; Win64; x64; rv:74.0) Gecko/20100101 Firefox/74.0"
172.68.242.108 - - [06/Dec/2025:19:43:14 +0100] "GET /.well-known/acme-challenge/about.php HTTP/1.1" 301 162 "-" "Mozilla/5.0 (X11; Fedora; Linux x86_64; rv:79.0) Gecko/20100101 Firefox/79.0"
162.158.107.4 - - [06/Dec/2025:19:43:14 +0100] "GET /wp-admin/autoload_classmap.php HTTP/1.1" 301 162 "-" "Mozilla/5.0 (Windows NT 10.0; Win64; x64; rv:66.0) Gecko/20100101 Firefox/66.0"
172.68.242.108 - - [06/Dec/2025:19:43:14 +0100] "GET /wp-content/themes/twentytwentyfour/system_cache.php HTTP/1.1" 301 162 "-" "Mozilla/5.0 (Windows NT 6.1; Win64; x64) AppleWebKit/537.36 (KHTML, like Gecko) Chrome/74.0.3729.169 Safari/537.36"
162.158.107.4 - - [06/Dec/2025:19:43:14 +0100] "GET /wp-includes/SimplePie/Parse/about.php HTTP/1.1" 301 162 "-" "Mozilla/5.0 (X11; Linux i686; rv:79.0) Gecko/20100101 Firefox/79.0"
172.68.242.108 - - [06/Dec/2025:19:43:14 +0100] "GET /wp-content/themes/sky-pro/js.php HTTP/1.1" 301 162 "-" "Mozilla/5.0 (Macintosh; Intel Mac OS X 10_12_6) AppleWebKit/537.36 (KHTML, like Gecko) Chrome/58.0.3029.110 Safari/537.3"
162.158.107.4 - - [06/Dec/2025:19:43:15 +0100] "GET /.well-known/acme-challenge/about.php HTTP/1.1" 301 162 "-" "Mozilla/5.0 (Windows NT 10.0; Win64; x64) AppleWebKit/537.36 (KHTML, like Gecko) Chrome/83.0.4103.61 Safari/537.36"
172.68.242.108 - - [06/Dec/2025:19:43:15 +0100] "GET /wp-includes/Text/wp-conflg.php HTTP/1.1" 301 162 "-" "Mozilla/5.0 (X11; Linux x86_64) AppleWebKit/537.36 (KHTML, like Gecko) Chrome/84.0.4147.105 Safari/537.36"
162.158.107.4 - - [06/Dec/2025:19:43:15 +0100] "GET /wp-content/themes/twentytwentyfour/system_cache.php HTTP/1.1" 301 162 "-" "Mozilla/5.0 (Macintosh; Intel Mac OS X 10_12_6) AppleWebKit/537.36 (KHTML, like Gecko) Chrome/58.0.3029.110 Safari/537.3"
172.68.242.108 - - [06/Dec/2025:19:43:15 +0100] "GET /wp-content/themes/pridmag/waf_defender.php HTTP/1.1" 301 162 "-" "Mozilla/5.0 (Windows NT 10.0; Win64; x64) AppleWebKit/537.36 (KHTML, like Gecko) Chrome/79.0.3945.88 Safari/537.36"
162.158.107.4 - - [06/Dec/2025:19:43:15 +0100] "GET /wp-content/themes/sky-pro/js.php HTTP/1.1" 301 162 "-" "Mozilla/5.0 (Macintosh; Intel Mac OS X 10_15_6) AppleWebKit/537.36 (KHTML, like Gecko) Chrome/84.0.4147.125 Safari/537.36"
172.68.242.108 - - [06/Dec/2025:19:43:15 +0100] "GET /theme.php HTTP/1.1" 301 162 "-" "Mozilla/5.0 (Windows NT 10.0; Win64; x64) AppleWebKit/537.36 (KHTML, like Gecko) Chrome/70.0.3538.110 Safari/537.36"
162.158.107.4 - - [06/Dec/2025:19:43:15 +0100] "GET /wp-includes/Text/wp-conflg.php HTTP/1.1" 301 162 "-" "Mozilla/5.0 (Windows NT 10.0; Win64; x64; rv:76.0) Gecko/20100101 Firefox/76.0"
172.68.242.108 - - [06/Dec/2025:19:43:16 +0100] "GET /wp-content/themes/twentytwentytwo/waf_defender.php HTTP/1.1" 301 162 "-" "Mozilla/5.0 (Windows NT 10.0; Win64; x64) AppleWebKit/537.36 (KHTML, like Gecko) Chrome/80.0.3987.149 Safari/537.36"
162.158.107.4 - - [06/Dec/2025:19:43:16 +0100] "GET /wp-content/themes/pridmag/waf_defender.php HTTP/1.1" 301 162 "-" "Mozilla/5.0 (Windows NT 6.1; Win64; x64) AppleWebKit/537.36 (KHTML, like Gecko) Chrome/80.0.3987.149 Safari/537.36"
172.68.242.108 - - [06/Dec/2025:19:43:16 +0100] "GET /wp-admin/css/colors/coffee/index.php HTTP/1.1" 301 162 "-" "Mozilla/5.0 (Windows NT 10.0; Win64; x64) AppleWebKit/537.36 (KHTML, like Gecko) Chrome/77.0.3865.90 Safari/537.36"
172.68.242.108 - - [06/Dec/2025:19:43:16 +0100] "GET /Simple.php HTTP/1.1" 301 162 "-" "Mozilla/5.0 (Windows NT 10.0; Win64; x64) AppleWebKit/537.36 (KHTML, like Gecko) Chrome/77.0.3865.90 Safari/537.36"
162.158.107.4 - - [06/Dec/2025:19:43:16 +0100] "GET /theme.php HTTP/1.1" 301 162 "-" "Mozilla/5.0 (Windows NT 10.0; Win64; x64; rv:79.0) Gecko/20100101 Firefox/79.0"
172.68.242.108 - - [06/Dec/2025:19:43:16 +0100] "GET /.well-known/acme-challenge/index.php HTTP/1.1" 301 162 "-" "Mozilla/5.0 (Windows NT 10.0; Win64; x64; rv:72.0) Gecko/20100101 Firefox/72.0"
162.158.107.4 - - [06/Dec/2025:19:43:17 +0100] "GET /wp-content/themes/twentytwentytwo/waf_defender.php HTTP/1.1" 301 162 "-" "Mozilla/5.0 (Windows NT 10.0; Win64; x64; rv:67.0) Gecko/20100101 Firefox/67.0"
172.68.242.108 - - [06/Dec/2025:19:43:17 +0100] "GET /wp-admin/1.php HTTP/1.1" 301 162 "-" "Mozilla/5.0 (Windows NT 10.0; WOW64) AppleWebKit/537.36 (KHTML, like Gecko) Chrome/84.0.4147.105 Safari/537.36"
172.68.242.108 - - [06/Dec/2025:19:43:17 +0100] "GET /wp-admin/css/colors/ocean/wp-login.php HTTP/1.1" 301 162 "-" "Mozilla/5.0 (Windows NT 10.0; Win64; x64; rv:76.0) Gecko/20100101 Firefox/76.0"
162.158.107.4 - - [06/Dec/2025:19:43:17 +0100] "GET /wp-admin/css/colors/coffee/index.php HTTP/1.1" 301 162 "-" "Mozilla/5.0 (Windows NT 10.0; Win64; x64) AppleWebKit/537.36 (KHTML, like Gecko) Chrome/79.0.3945.79 Safari/537.36"
172.68.242.108 - - [06/Dec/2025:19:43:18 +0100] "GET /wp-content/plugins/wp-conflg.php HTTP/1.1" 301 162 "-" "Mozilla/5.0 (Windows NT 6.1; Win64; x64) AppleWebKit/537.36 (KHTML, like Gecko) Chrome/74.0.3729.169 Safari/537.36"
162.158.107.4 - - [06/Dec/2025:19:43:18 +0100] "GET /Simple.php HTTP/1.1" 301 162 "-" "Mozilla/5.0 (Windows NT 10.0; Win64; x64; rv:72.0) Gecko/20100101 Firefox/72.0"
172.68.242.108 - - [06/Dec/2025:19:43:18 +0100] "GET /.well-known/classwithtostring.php HTTP/1.1" 301 162 "-" "Mozilla/5.0 (Windows NT 10.0; Win64; x64) AppleWebKit/537.36 (KHTML, like Gecko) Chrome/79.0.3945.88 Safari/537.36"
162.158.107.4 - - [06/Dec/2025:19:43:18 +0100] "GET /.well-known/acme-challenge/index.php HTTP/1.1" 301 162 "-" "Mozilla/5.0 (Windows NT 10.0; Win64; x64) AppleWebKit/537.36 (KHTML, like Gecko) Chrome/80.0.3987.149 Safari/537.36"
172.68.242.108 - - [06/Dec/2025:19:43:18 +0100] "GET /css/av.php HTTP/1.1" 301 162 "-" "Mozilla/5.0 (Windows NT 10.0; Win64; x64; rv:71.0) Gecko/20100101 Firefox/71.0"
162.158.107.4 - - [06/Dec/2025:19:43:18 +0100] "GET /wp-admin/1.php HTTP/1.1" 301 162 "-" "Mozilla/5.0 (Windows NT 10.0; Win64; x64) AppleWebKit/537.36 (KHTML, like Gecko) Chrome/70.0.3538.110 Safari/537.36"
172.68.242.108 - - [06/Dec/2025:19:43:18 +0100] "GET /images/waf_defender.php HTTP/1.1" 301 162 "-" "Mozilla/5.0 (Windows NT 10.0; Win64; x64) AppleWebKit/537.36 (KHTML, like Gecko) Chrome/79.0.3945.79 Safari/537.36"
162.158.107.4 - - [06/Dec/2025:19:43:18 +0100] "GET /wp-admin/css/colors/ocean/wp-login.php HTTP/1.1" 301 162 "-" "Mozilla/5.0 (Macintosh; Intel Mac OS X 10_15_6) AppleWebKit/537.36 (KHTML, like Gecko) Chrome/84.0.4147.105 Safari/537.36 OPR/70.0.3728.95"
172.68.242.108 - - [06/Dec/2025:19:43:19 +0100] "GET /wp-includes/SimplePie/Cache/upfile.php HTTP/1.1" 301 162 "-" "Mozilla/5.0 (Windows NT 10.0; Win64; x64; rv:66.0) Gecko/20100101 Firefox/66.0"
162.158.107.4 - - [06/Dec/2025:19:43:19 +0100] "GET /wp-content/plugins/wp-conflg.php HTTP/1.1" 301 162 "-" "Mozilla/5.0 (Windows NT 10.0; Win64; x64) AppleWebKit/537.36 (KHTML, like Gecko) Chrome/77.0.3865.90 Safari/537.36"
172.68.242.108 - - [06/Dec/2025:19:43:19 +0100] "GET /small.php HTTP/1.1" 301 162 "-" "Mozilla/5.0 (Windows NT 10.0; Win64; x64) AppleWebKit/537.36 (KHTML, like Gecko) Chrome/79.0.3945.79 Safari/537.36"
162.158.107.4 - - [06/Dec/2025:19:43:19 +0100] "GET /.well-known/classwithtostring.php HTTP/1.1" 301 162 "-" "Mozilla/5.0 (Macintosh; Intel Mac OS X 10_10_1) AppleWebKit/537.36 (KHTML, like Gecko) Chrome/39.0.2171.95 Safari/537.36"
172.68.242.108 - - [06/Dec/2025:19:43:19 +0100] "GET /wp-includes/js/tinymce/plugins/fullscreen/about.php HTTP/1.1" 301 162 "-" "Mozilla/5.0 (Windows NT 10.0; Win64; x64) AppleWebKit/537.36 (KHTML, like Gecko) Chrome/69.0.3497.100 Safari/537.36"
162.158.107.4 - - [06/Dec/2025:19:43:19 +0100] "GET /css/av.php HTTP/1.1" 301 162 "-" "Mozilla/5.0 (Macintosh; Intel Mac OS X 10_12_6) AppleWebKit/537.36 (KHTML, like Gecko) Chrome/58.0.3029.110 Safari/537.3"
172.68.242.108 - - [06/Dec/2025:19:43:20 +0100] "GET /NewFile.php HTTP/1.1" 301 162 "-" "Mozilla/5.0 (Windows NT 10.0; Win64; x64; rv:74.0) Gecko/20100101 Firefox/74.0"
162.158.107.4 - - [06/Dec/2025:19:43:20 +0100] "GET /images/waf_defender.php HTTP/1.1" 301 162 "-" "Mozilla/5.0 (X11; Linux x86_64) AppleWebKit/537.36 (KHTML, like Gecko) Chrome/84.0.4147.105 Safari/537.36 OPR/70.0.3728.95"
172.68.242.108 - - [06/Dec/2025:19:43:20 +0100] "GET /wp-content/uploads/index.php HTTP/1.1" 301 162 "-" "Mozilla/5.0 (Macintosh; Intel Mac OS X 10_12_6) AppleWebKit/537.36 (KHTML, like Gecko) Chrome/58.0.3029.110 Safari/537.3"
172.68.242.108 - - [06/Dec/2025:19:43:20 +0100] "GET /error.php HTTP/1.1" 301 162 "-" "Mozilla/5.0 (Windows NT 10.0) AppleWebKit/537.36 (KHTML, like Gecko) Chrome/72.0.3626.121 Safari/537.36"
162.158.107.4 - - [06/Dec/2025:19:43:20 +0100] "GET /wp-includes/SimplePie/Cache/upfile.php HTTP/1.1" 301 162 "-" "Mozilla/5.0 (Windows NT 10.0; Win64; x64) AppleWebKit/537.36 (KHTML, like Gecko) Chrome/70.0.3538.77 Safari/537.36"
172.68.242.108 - - [06/Dec/2025:19:43:21 +0100] "GET /wp-content/plugins/pwnd/admin-footer.php HTTP/1.1" 301 162 "-" "Mozilla/5.0 (Windows NT 10.0; Win64; x64; rv:75.0) Gecko/20100101 Firefox/75.0"
172.68.242.108 - - [06/Dec/2025:19:43:21 +0100] "GET /wp-includes/widgets/class-wp-widget-search-function.php HTTP/1.1" 301 162 "-" "Mozilla/5.0 (Windows NT 10.0; Win64; x64) AppleWebKit/537.36 (KHTML, like Gecko) Chrome/74.0.3729.157 Safari/537.36"
162.158.107.4 - - [06/Dec/2025:19:43:21 +0100] "GET /small.php HTTP/1.1" 301 162 "-" "Mozilla/5.0 (Windows NT 10.0; Win64; x64) AppleWebKit/537.36 (KHTML, like Gecko) Chrome/58.0.3029.110 Safari/537.3"
172.68.242.108 - - [06/Dec/2025:19:43:21 +0100] "GET /wp-content/languages/themes/index.php HTTP/1.1" 301 162 "-" "Mozilla/5.0 (Macintosh; Intel Mac OS X 10.15; rv:79.0) Gecko/20100101 Firefox/79.0"
162.158.107.4 - - [06/Dec/2025:19:43:21 +0100] "GET /wp-includes/js/tinymce/plugins/fullscreen/about.php HTTP/1.1" 301 162 "-" "Mozilla/5.0 (Windows NT 10.0; Win64; x64) AppleWebKit/537.36 (KHTML, like Gecko) Chrome/84.0.4147.105 Safari/537.36 OPR/70.0.3728.95"
172.68.242.108 - - [06/Dec/2025:19:43:21 +0100] "GET /wp-files.php HTTP/1.1" 301 162 "-" "Mozilla/5.0 (X11; Linux i686; rv:79.0) Gecko/20100101 Firefox/79.0"
162.158.107.4 - - [06/Dec/2025:19:43:21 +0100] "GET /NewFile.php HTTP/1.1" 301 162 "-" "Mozilla/5.0 (X11; Linux i686; rv:79.0) Gecko/20100101 Firefox/79.0"
172.68.242.108 - - [06/Dec/2025:19:43:22 +0100] "GET /functions.php HTTP/1.1" 301 162 "-" "Mozilla/5.0 (Windows NT 10.0; Win64; x64; rv:79.0) Gecko/20100101 Firefox/79.0"
162.158.107.4 - - [06/Dec/2025:19:43:22 +0100] "GET /wp-content/uploads/index.php HTTP/1.1" 301 162 "-" "Mozilla/5.0 (Macintosh; Intel Mac OS X 10_10_1) AppleWebKit/537.36 (KHTML, like Gecko) Chrome/39.0.2171.95 Safari/537.36"
172.68.242.108 - - [06/Dec/2025:19:43:22 +0100] "GET /admin/controller/extension/extension/cloud.php HTTP/1.1" 301 162 "-" "Mozilla/5.0 (Linux x86_64; rv:79.0) Gecko/20100101 Firefox/79.0"
162.158.107.4 - - [06/Dec/2025:19:43:22 +0100] "GET /error.php HTTP/1.1" 301 162 "-" "Mozilla/5.0 (Windows NT 6.1; Win64; x64) AppleWebKit/537.36 (KHTML, like Gecko) Chrome/79.0.3945.130 Safari/537.36"
172.68.242.108 - - [06/Dec/2025:19:43:22 +0100] "GET /wp-includes/SimplePie/Canonical.php HTTP/1.1" 301 162 "-" "Mozilla/5.0 (Windows NT 10.0; Win64; x64; rv:76.0) Gecko/20100101 Firefox/76.0"
162.158.107.4 - - [06/Dec/2025:19:43:22 +0100] "GET /wp-content/plugins/pwnd/admin-footer.php HTTP/1.1" 301 162 "-" "Mozilla/5.0 (Windows NT 10.0; Win64; x64) AppleWebKit/537.36 (KHTML, like Gecko) Chrome/84.0.4147.105 Safari/537.36"
172.68.242.108 - - [06/Dec/2025:19:43:23 +0100] "GET /vendor/phpunit/phpunit/src/Util/PHP/uss.php HTTP/1.1" 301 162 "-" "Mozilla/5.0 (Macintosh; Intel Mac OS X 10_15_6) AppleWebKit/537.36 (KHTML, like Gecko) Chrome/84.0.4147.125 Safari/537.36"
162.158.107.4 - - [06/Dec/2025:19:43:23 +0100] "GET /wp-includes/widgets/class-wp-widget-search-function.php HTTP/1.1" 301 162 "-" "Mozilla/5.0 (Windows NT 10.0; Win64; x64) AppleWebKit/537.36 (KHTML, like Gecko) Chrome/58.0.3029.110 Safari/537.3"
162.158.107.4 - - [06/Dec/2025:19:43:23 +0100] "GET /wp-content/languages/themes/index.php HTTP/1.1" 301 162 "-" "Mozilla/5.0 (Windows NT 10.0; Win64; x64) AppleWebKit/537.36 (KHTML, like Gecko) Chrome/74.0.3729.157 Safari/537.36"
172.68.242.108 - - [06/Dec/2025:19:43:23 +0100] "GET /wp-includes/certificates/autoload_classmap.php HTTP/1.1" 301 162 "-" "Mozilla/5.0 (Windows NT 10.0; Win64; x64; rv:66.0) Gecko/20100101 Firefox/66.0"
162.158.107.4 - - [06/Dec/2025:19:43:23 +0100] "GET /wp-files.php HTTP/1.1" 301 162 "-" "Mozilla/5.0 (Windows NT 10.0; Win64; x64) AppleWebKit/537.36 (KHTML, like Gecko) Chrome/80.0.3987.149 Safari/537.36"
172.68.242.108 - - [06/Dec/2025:19:43:23 +0100] "GET /aks.php HTTP/1.1" 301 162 "-" "Mozilla/5.0 (Windows NT 10.0; Win64; x64) AppleWebKit/537.36 (KHTML, like Gecko) Chrome/77.0.3865.90 Safari/537.36"
162.158.107.4 - - [06/Dec/2025:19:43:24 +0100] "GET /functions.php HTTP/1.1" 301 162 "-" "Mozilla/5.0 (Linux x86_64; rv:79.0) Gecko/20100101 Firefox/79.0"
162.158.107.4 - - [06/Dec/2025:19:43:24 +0100] "GET /admin/controller/extension/extension/cloud.php HTTP/1.1" 301 162 "-" "Mozilla/5.0 (Macintosh; Intel Mac OS X 10_12_6) AppleWebKit/537.36 (KHTML, like Gecko) Chrome/58.0.3029.110 Safari/537.3"
172.68.242.108 - - [06/Dec/2025:19:43:24 +0100] "GET /litespeed.php HTTP/1.1" 301 162 "-" "Mozilla/5.0 (Windows NT 10.0; Win64; x64) AppleWebKit/537.36 (KHTML, like Gecko) Chrome/74.0.3729.157 Safari/537.36"
162.158.107.4 - - [06/Dec/2025:19:43:24 +0100] "GET /wp-includes/SimplePie/Canonical.php HTTP/1.1" 301 162 "-" "Mozilla/5.0 (Windows NT 6.1; Win64; x64) AppleWebKit/537.36 (KHTML, like Gecko) Chrome/74.0.3729.169 Safari/537.36"
172.68.242.108 - - [06/Dec/2025:19:43:24 +0100] "GET /img/about.php HTTP/1.1" 301 162 "-" "Mozilla/5.0 (Windows NT 10.0; Win64; x64; rv:66.0) Gecko/20100101 Firefox/66.0"
162.158.107.4 - - [06/Dec/2025:19:43:24 +0100] "GET /vendor/phpunit/phpunit/src/Util/PHP/uss.php HTTP/1.1" 301 162 "-" "Mozilla/5.0 (Windows NT 10.0; Win64; x64; rv:74.0) Gecko/20100101 Firefox/74.0"
172.68.242.108 - - [06/Dec/2025:19:43:25 +0100] "GET /wp-includes/class-feed-index.php HTTP/1.1" 301 162 "-" "Mozilla/5.0 (compatible; MSIE 10.0; Windows NT 6.1; Trident/6.0)"
162.158.107.4 - - [06/Dec/2025:19:43:25 +0100] "GET /wp-includes/certificates/autoload_classmap.php HTTP/1.1" 301 162 "-" "Mozilla/5.0 (Windows NT 6.1; Win64; x64) AppleWebKit/537.36 (KHTML, like Gecko) Chrome/74.0.3729.169 Safari/537.36"
172.68.242.108 - - [06/Dec/2025:19:43:25 +0100] "GET /wpn.php HTTP/1.1" 301 162 "-" "Mozilla/5.0 (Windows NT 10.0; Win64; x64) AppleWebKit/537.36 (KHTML, like Gecko) Chrome/75.0.3770.100 Safari/537.36"
162.158.107.4 - - [06/Dec/2025:19:43:25 +0100] "GET /aks.php HTTP/1.1" 301 162 "-" "Mozilla/5.0 (Windows NT 6.1; Win64; x64) AppleWebKit/537.36 (KHTML, like Gecko) Chrome/78.0.3904.108 Safari/537.36"
172.68.242.108 - - [06/Dec/2025:19:43:25 +0100] "GET /wp-content/classwithtostring.php HTTP/1.1" 301 162 "-" "Mozilla/5.0 (Linux x86_64; rv:79.0) Gecko/20100101 Firefox/79.0"
162.158.107.4 - - [06/Dec/2025:19:43:25 +0100] "GET /litespeed.php HTTP/1.1" 301 162 "-" "Mozilla/5.0 (Windows NT 6.1; Win64; x64) AppleWebKit/537.36 (KHTML, like Gecko) Chrome/80.0.3987.149 Safari/537.36"
172.68.242.108 - - [06/Dec/2025:19:43:25 +0100] "GET /.well-known/acme-challenge/iR7SzrsOUEP.php HTTP/1.1" 301 162 "-" "Mozilla/5.0 (compatible; MSIE 10.0; Windows NT 6.1; Trident/6.0)"
162.158.107.4 - - [06/Dec/2025:19:43:26 +0100] "GET /img/about.php HTTP/1.1" 301 162 "-" "Mozilla/5.0 (Windows NT 6.1; Win64; x64) AppleWebKit/537.36 (KHTML, like Gecko) Chrome/78.0.3904.108 Safari/537.36"
172.68.242.108 - - [06/Dec/2025:19:43:26 +0100] "GET /wp-includes/customize/class-wp-customize-nav-menu-section-boolean.php HTTP/1.1" 301 162 "-" "Mozilla/5.0 (Macintosh; Intel Mac OS X 10.15; rv:79.0) Gecko/20100101 Firefox/79.0"
162.158.107.4 - - [06/Dec/2025:19:43:26 +0100] "GET /wp-includes/class-feed-index.php HTTP/1.1" 301 162 "-" "Mozilla/5.0 (Macintosh; Intel Mac OS X 10_10_1) AppleWebKit/537.36 (KHTML, like Gecko) Chrome/39.0.2171.95 Safari/537.36"
172.68.242.108 - - [06/Dec/2025:19:43:26 +0100] "GET /wp-content/themes/twentytwentyfour/functions.php HTTP/1.1" 301 162 "-" "Mozilla/5.0 (Windows NT 10.0; Win64; x64) AppleWebKit/537.36 (KHTML, like Gecko) Chrome/77.0.3865.90 Safari/537.36"
162.158.107.4 - - [06/Dec/2025:19:43:26 +0100] "GET /wpn.php HTTP/1.1" 301 162 "-" "Mozilla/5.0 (Windows NT 6.1; Win64; x64) AppleWebKit/537.36 (KHTML, like Gecko) Chrome/78.0.3904.108 Safari/537.36"
172.68.242.108 - - [06/Dec/2025:19:43:26 +0100] "GET /wp-includes/db.php HTTP/1.1" 301 162 "-" "Mozilla/5.0 (Windows NT 10.0; Win64; x64) AppleWebKit/537.36 (KHTML, like Gecko) Chrome/70.0.3538.110 Safari/537.36"
162.158.107.4 - - [06/Dec/2025:19:43:27 +0100] "GET /wp-content/classwithtostring.php HTTP/1.1" 301 162 "-" "Mozilla/5.0 (X11; Linux i686; rv:79.0) Gecko/20100101 Firefox/79.0"
172.68.242.108 - - [06/Dec/2025:19:43:27 +0100] "GET /wp-includes/class-wp-dependency-float.php HTTP/1.1" 301 162 "-" "Mozilla/5.0 (Windows NT 10.0; Win64; x64) AppleWebKit/537.36 (KHTML, like Gecko) Chrome/69.0.3497.100 Safari/537.36"
172.68.242.108 - - [06/Dec/2025:19:43:27 +0100] "GET /wp-includes/PHPMailer/index.php HTTP/1.1" 301 162 "-" "Mozilla/5.0 (Windows NT 10.0; Win64; x64) AppleWebKit/537.36 (KHTML, like Gecko) Chrome/74.0.3729.169 Safari/537.36"
162.158.107.4 - - [06/Dec/2025:19:43:27 +0100] "GET /.well-known/acme-challenge/iR7SzrsOUEP.php HTTP/1.1" 301 162 "-" "Mozilla/5.0 (Windows NT 10.0; Win64; x64) AppleWebKit/537.36 (KHTML, like Gecko) Chrome/74.0.3729.169 Safari/537.36"
172.68.242.108 - - [06/Dec/2025:19:43:27 +0100] "GET /wp-includes/PHPMailer/purna.php HTTP/1.1" 301 162 "-" "Mozilla/5.0 (Windows NT 10.0) AppleWebKit/537.36 (KHTML, like Gecko) Chrome/84.0.4147.105 Safari/537.36"
162.158.107.4 - - [06/Dec/2025:19:43:27 +0100] "GET /wp-includes/customize/class-wp-customize-nav-menu-section-boolean.php HTTP/1.1" 301 162 "-" "Mozilla/5.0 (Windows NT 10.0; Win64; x64; rv:77.0) Gecko/20100101 Firefox/77.0"
172.68.242.108 - - [06/Dec/2025:19:43:28 +0100] "GET /wp-includes/interactivity-api/interactivity-api-class.php HTTP/1.1" 301 162 "-" "Mozilla/5.0 (Windows NT 10.0; Win64; x64) AppleWebKit/537.36 (KHTML, like Gecko) Chrome/83.0.4103.61 Safari/537.36"
162.158.107.4 - - [06/Dec/2025:19:43:28 +0100] "GET /wp-content/themes/twentytwentyfour/functions.php HTTP/1.1" 301 162 "-" "Mozilla/5.0 (Windows NT 10.0; Win64; x64) AppleWebKit/537.36 (KHTML, like Gecko) Chrome/84.0.4147.105 Safari/537.36 OPR/70.0.3728.95"
172.68.242.108 - - [06/Dec/2025:19:43:28 +0100] "GET /wp-includes/l10n/class-wp-widddget-pages.php HTTP/1.1" 301 162 "-" "Mozilla/5.0 (Macintosh; Intel Mac OS X 10_10_1) AppleWebKit/537.36 (KHTML, like Gecko) Chrome/39.0.2171.95 Safari/537.36"
162.158.107.4 - - [06/Dec/2025:19:43:28 +0100] "GET /wp-includes/db.php HTTP/1.1" 301 162 "-" "Mozilla/5.0 (Windows NT 6.1; Win64; x64) AppleWebKit/537.36 (KHTML, like Gecko) Chrome/78.0.3904.108 Safari/537.36"
172.68.242.108 - - [06/Dec/2025:19:43:28 +0100] "GET /tinyfilemanager/tinyfilemanager.php HTTP/1.1" 301 162 "-" "Mozilla/5.0 (Windows NT 10.0; Win64; x64) AppleWebKit/537.36 (KHTML, like Gecko) Chrome/80.0.3987.149 Safari/537.36"
162.158.107.4 - - [06/Dec/2025:19:43:28 +0100] "GET /wp-includes/class-wp-dependency-float.php HTTP/1.1" 301 162 "-" "Mozilla/5.0 (Windows NT 10.0; Win64; x64) AppleWebKit/537.36 (KHTML, like Gecko) Chrome/79.0.3945.130 Safari/537.36"
172.68.242.108 - - [06/Dec/2025:19:43:29 +0100] "GET /wp-admin/css/colors/light/colors.min.php HTTP/1.1" 301 162 "-" "Mozilla/5.0 (Windows NT 10.0; Win64; x64) AppleWebKit/537.36 (KHTML, like Gecko) Chrome/58.0.3029.110 Safari/537.3"
162.158.107.4 - - [06/Dec/2025:19:43:29 +0100] "GET /wp-includes/PHPMailer/index.php HTTP/1.1" 301 162 "-" "Mozilla/5.0 (Windows NT 10.0; Win64; x64; rv:74.0) Gecko/20100101 Firefox/74.0"
172.68.242.108 - - [06/Dec/2025:19:43:29 +0100] "GET /wp-includes/customize/class-wp-customize-nav-menu-auto-add-control-repository.php HTTP/1.1" 301 162 "-" "Mozilla/5.0 (Windows NT 10.0; Win64; x64; rv:66.0) Gecko/20100101 Firefox/66.0"
162.158.107.4 - - [06/Dec/2025:19:43:29 +0100] "GET /wp-includes/PHPMailer/purna.php HTTP/1.1" 301 162 "-" "Mozilla/5.0 (Windows NT 10.0; Win64; x64) AppleWebKit/537.36 (KHTML, like Gecko) Chrome/79.0.3945.88 Safari/537.36"
172.68.242.108 - - [06/Dec/2025:19:43:29 +0100] "GET /wp-includes/assets/script-loader-react-refresh-runtime.min-soap.php HTTP/1.1" 301 162 "-" "Mozilla/5.0 (Windows NT 10.0; Win64; x64) AppleWebKit/537.36 (KHTML, like Gecko) Chrome/75.0.3770.100 Safari/537.36"
162.158.107.4 - - [06/Dec/2025:19:43:29 +0100] "GET /wp-includes/interactivity-api/interactivity-api-class.php HTTP/1.1" 301 162 "-" "Mozilla/5.0 (Windows NT 10.0; Win64; x64) AppleWebKit/537.36 (KHTML, like Gecko) Chrome/83.0.4103.61 Safari/537.36"
172.68.242.108 - - [06/Dec/2025:19:43:29 +0100] "GET /wp-includes/ID3/module.audio-video.riff-set.php HTTP/1.1" 301 162 "-" "Mozilla/5.0 (Windows NT 10.0; Win64; x64) AppleWebKit/537.36 (KHTML, like Gecko) Chrome/84.0.4147.105 Safari/537.36 OPR/70.0.3728.95"
162.158.107.4 - - [06/Dec/2025:19:43:29 +0100] "GET /wp-includes/l10n/class-wp-widddget-pages.php HTTP/1.1" 301 162 "-" "Mozilla/5.0 (Windows NT 10.0; Win64; x64; rv:74.0) Gecko/20100101 Firefox/74.0"
172.68.242.108 - - [06/Dec/2025:19:43:30 +0100] "GET /fog/management/index.php HTTP/1.1" 301 162 "-" "Mozilla/5.0 (Windows NT 10.0; Win64; x64; rv:77.0) Gecko/20100101 Firefox/77.0"
162.158.107.4 - - [06/Dec/2025:19:43:30 +0100] "GET /tinyfilemanager/tinyfilemanager.php HTTP/1.1" 301 162 "-" "Mozilla/5.0 (Windows NT 6.1; Win64; x64) AppleWebKit/537.36 (KHTML, like Gecko) Chrome/78.0.3904.108 Safari/537.36"
172.68.242.108 - - [06/Dec/2025:19:43:30 +0100] "GET /wp-includes/js/tinymce/utils/license.php HTTP/1.1" 301 162 "-" "Mozilla/5.0 (Windows NT 10.0; Win64; x64; rv:76.0) Gecko/20100101 Firefox/76.0"
162.158.107.4 - - [06/Dec/2025:19:43:30 +0100] "GET /wp-admin/css/colors/light/colors.min.php HTTP/1.1" 301 162 "-" "Mozilla/5.0 (Windows NT 10.0; Win64; x64; rv:67.0) Gecko/20100101 Firefox/67.0"
172.68.242.108 - - [06/Dec/2025:19:43:30 +0100] "GET /components/com_newsfeeds/models/indexx.php HTTP/1.1" 301 162 "-" "Mozilla/5.0 (Macintosh; Intel Mac OS X 10_15_6) AppleWebKit/537.36 (KHTML, like Gecko) Chrome/84.0.4147.105 Safari/537.36"
162.158.107.4 - - [06/Dec/2025:19:43:30 +0100] "GET /wp-includes/customize/class-wp-customize-nav-menu-auto-add-control-repository.php HTTP/1.1" 301 162 "-" "Mozilla/5.0 (Macintosh; Intel Mac OS X 10_15_6) AppleWebKit/537.36 (KHTML, like Gecko) Chrome/84.0.4147.125 Safari/537.36"
172.68.242.108 - - [06/Dec/2025:19:43:31 +0100] "GET /images/wp-aespa.php HTTP/1.1" 301 162 "-" "Mozilla/5.0 (X11; Linux x86_64) AppleWebKit/537.36 (KHTML, like Gecko) Chrome/84.0.4147.105 Safari/537.36"
162.158.107.4 - - [06/Dec/2025:19:43:31 +0100] "GET /wp-includes/assets/script-loader-react-refresh-runtime.min-soap.php HTTP/1.1" 301 162 "-" "Mozilla/5.0 (Windows NT 6.1; Win64; x64) AppleWebKit/537.36 (KHTML, like Gecko) Chrome/79.0.3945.130 Safari/537.36"
172.68.242.108 - - [06/Dec/2025:19:43:31 +0100] "GET /wp-includes/Text/options.php HTTP/1.1" 301 162 "-" "Mozilla/5.0 (Windows NT 10.0; Win64; x64) AppleWebKit/537.36 (KHTML, like Gecko) Chrome/74.0.3729.169 Safari/537.36"
172.68.242.108 - - [06/Dec/2025:19:43:31 +0100] "GET /.well-known/acme-challenge/wp-load.php HTTP/1.1" 301 162 "-" "Mozilla/5.0 (Macintosh; Intel Mac OS X 10_10_1) AppleWebKit/537.36 (KHTML, like Gecko) Chrome/39.0.2171.95 Safari/537.36"
162.158.107.4 - - [06/Dec/2025:19:43:31 +0100] "GET /wp-includes/ID3/module.audio-video.riff-set.php HTTP/1.1" 301 162 "-" "Mozilla/5.0 (Windows NT 10.0; Win64; x64) AppleWebKit/537.36 (KHTML, like Gecko) Chrome/69.0.3497.100 Safari/537.36"
172.68.242.108 - - [06/Dec/2025:19:43:31 +0100] "GET /wp-content/upgrade/cc.php HTTP/1.1" 301 162 "-" "Mozilla/5.0 (Windows NT 10.0; Win64; x64) AppleWebKit/537.36 (KHTML, like Gecko) Chrome/69.0.3497.100 Safari/537.36"
162.158.107.4 - - [06/Dec/2025:19:43:32 +0100] "GET /fog/management/index.php HTTP/1.1" 301 162 "-" "Mozilla/5.0 (Windows NT 10.0; Win64; x64) AppleWebKit/537.36 (KHTML, like Gecko) Chrome/79.0.3945.130 Safari/537.36"
172.68.242.108 - - [06/Dec/2025:19:43:32 +0100] "GET /wp-content/themes/aahana/worksec.php HTTP/1.1" 301 162 "-" "Mozilla/5.0 (X11; Linux i686; rv:79.0) Gecko/20100101 Firefox/79.0"
162.158.107.4 - - [06/Dec/2025:19:43:32 +0100] "GET /wp-includes/js/tinymce/utils/license.php HTTP/1.1" 301 162 "-" "Mozilla/5.0 (Windows NT 10.0; Win64; x64) AppleWebKit/537.36 (KHTML, like Gecko) Chrome/77.0.3865.90 Safari/537.36"
172.68.242.108 - - [06/Dec/2025:19:43:32 +0100] "GET /anonse/lock360.php HTTP/1.1" 301 162 "-" "Mozilla/5.0 (Windows NT 10.0; Win64; x64; rv:79.0) Gecko/20100101 Firefox/79.0"
162.158.107.4 - - [06/Dec/2025:19:43:32 +0100] "GET /components/com_newsfeeds/models/indexx.php HTTP/1.1" 301 162 "-" "Mozilla/5.0 (Windows NT 10.0) AppleWebKit/537.36 (KHTML, like Gecko) Chrome/72.0.3626.121 Safari/537.36"
172.68.242.108 - - [06/Dec/2025:19:43:32 +0100] "GET /wp-content/themes/bltm/wp-login.php HTTP/1.1" 301 162 "-" "Mozilla/5.0 (Macintosh; Intel Mac OS X 10_15_6) AppleWebKit/537.36 (KHTML, like Gecko) Chrome/84.0.4147.125 Safari/537.36"
162.158.107.4 - - [06/Dec/2025:19:43:32 +0100] "GET /images/wp-aespa.php HTTP/1.1" 301 162 "-" "Mozilla/5.0 (Macintosh; Intel Mac OS X 10_15_6) AppleWebKit/537.36 (KHTML, like Gecko) Chrome/84.0.4147.105 Safari/537.36 OPR/70.0.3728.95"
172.68.242.108 - - [06/Dec/2025:19:43:33 +0100] "GET /wp-admin/includes/class_api.php HTTP/1.1" 301 162 "-" "Mozilla/5.0 (Windows NT 6.1; Win64; x64) AppleWebKit/537.36 (KHTML, like Gecko) Chrome/74.0.3729.169 Safari/537.36"
172.70.188.16 - - [06/Dec/2025:19:43:34 +0100] "GET /wp-includes/Text/options.php HTTP/1.1" 301 162 "-" "Mozilla/5.0 (Windows NT 10.0; Win64; x64; rv:74.0) Gecko/20100101 Firefox/74.0"
162.158.163.202 - - [06/Dec/2025:19:43:34 +0100] "GET /plugins/content/apismtp/apismtp.php HTTP/1.1" 301 162 "-" "Mozilla/5.0 (Windows NT 6.1; Win64; x64) AppleWebKit/537.36 (KHTML, like Gecko) Chrome/78.0.3904.108 Safari/537.36"
172.70.188.16 - - [06/Dec/2025:19:43:34 +0100] "GET /.well-known/acme-challenge/wp-load.php HTTP/1.1" 301 162 "-" "Mozilla/5.0 (compatible; MSIE 10.0; Windows NT 6.1; Trident/6.0)"
162.158.163.202 - - [06/Dec/2025:19:43:34 +0100] "GET /wp-admin/includes/class-core-upgrader-first.php HTTP/1.1" 301 162 "-" "Mozilla/5.0 (Windows NT 6.1; Win64; x64) AppleWebKit/537.36 (KHTML, like Gecko) Chrome/80.0.3987.149 Safari/537.36"
172.70.188.16 - - [06/Dec/2025:19:43:34 +0100] "GET /wp-content/upgrade/cc.php HTTP/1.1" 301 162 "-" "Mozilla/5.0 (Windows NT 10.0; Win64; x64) AppleWebKit/537.36 (KHTML, like Gecko) Chrome/74.0.3729.169 Safari/537.36"
162.158.163.202 - - [06/Dec/2025:19:43:34 +0100] "GET /wp-admin/css/wp-css.php HTTP/1.1" 301 162 "-" "Mozilla/5.0 (Windows NT 10.0; Win64; x64) AppleWebKit/537.36 (KHTML, like Gecko) Chrome/75.0.3770.100 Safari/537.36"
172.70.188.16 - - [06/Dec/2025:19:43:34 +0100] "GET /wp-content/themes/aahana/worksec.php HTTP/1.1" 301 162 "-" "Mozilla/5.0 (Linux x86_64; rv:79.0) Gecko/20100101 Firefox/79.0"
162.158.163.202 - - [06/Dec/2025:19:43:35 +0100] "GET /.well-known/save.php HTTP/1.1" 301 162 "-" "Mozilla/5.0 (Windows NT 6.3; Win64; x64; rv:73.0) Gecko/20100101 Firefox/73.0"
172.70.188.16 - - [06/Dec/2025:19:43:35 +0100] "GET /anonse/lock360.php HTTP/1.1" 301 162 "-" "Mozilla/5.0 (Windows NT 6.1; Win64; x64) AppleWebKit/537.36 (KHTML, like Gecko) Chrome/74.0.3729.169 Safari/537.36"
162.158.163.202 - - [06/Dec/2025:19:43:35 +0100] "GET /wp-includes/feed-rsss.php HTTP/1.1" 301 162 "-" "Mozilla/5.0 (Windows NT 10.0; Win64; x64) AppleWebKit/537.36 (KHTML, like Gecko) Chrome/74.0.3729.169 Safari/537.36"
172.70.188.16 - - [06/Dec/2025:19:43:35 +0100] "GET /wp-content/themes/bltm/wp-login.php HTTP/1.1" 301 162 "-" "Mozilla/5.0 (compatible; MSIE 10.0; Windows NT 6.1; Trident/6.0)"
172.70.188.16 - - [06/Dec/2025:19:43:35 +0100] "GET /wp-admin/includes/class_api.php HTTP/1.1" 301 162 "-" "Mozilla/5.0 (Windows NT 10.0; Win64; x64) AppleWebKit/537.36 (KHTML, like Gecko) Chrome/74.0.3729.169 Safari/537.36"
162.158.163.202 - - [06/Dec/2025:19:43:35 +0100] "GET /wp-includes/IXR/goto.php HTTP/1.1" 301 162 "-" "Mozilla/5.0 (Windows NT 10.0; Win64; x64) AppleWebKit/537.36 (KHTML, like Gecko) Chrome/74.0.3729.169 Safari/537.36"
172.70.188.16 - - [06/Dec/2025:19:43:35 +0100] "GET /plugins/content/apismtp/apismtp.php HTTP/1.1" 301 162 "-" "Mozilla/5.0 (Windows NT 10.0; Win64; x64; rv:77.0) Gecko/20100101 Firefox/77.0"
162.158.163.202 - - [06/Dec/2025:19:43:35 +0100] "GET /wp-admin/css/colors/blue/xboom.php HTTP/1.1" 301 162 "-" "Mozilla/5.0 (Windows NT 10.0; WOW64; Trident/7.0; .NET4.0C; .NET4.0E; .NET CLR 2.0.50727; .NET CLR 3.0.30729; .NET CLR 3.5.30729; rv:11.0) like Gecko"
172.70.188.16 - - [06/Dec/2025:19:43:36 +0100] "GET /wp-admin/includes/class-core-upgrader-first.php HTTP/1.1" 301 162 "-" "Mozilla/5.0 (Windows NT 10.0; WOW64) AppleWebKit/537.36 (KHTML, like Gecko) Chrome/72.0.3626.121 Safari/537.36"
162.158.163.202 - - [06/Dec/2025:19:43:36 +0100] "GET /uploads/af32.php HTTP/1.1" 301 162 "-" "Mozilla/5.0 (Windows NT 10.0; Win64; x64; rv:72.0) Gecko/20100101 Firefox/72.0"
172.70.188.16 - - [06/Dec/2025:19:43:36 +0100] "GET /wp-admin/css/wp-css.php HTTP/1.1" 301 162 "-" "Mozilla/5.0 (Windows NT 10.0; Win64; x64) AppleWebKit/537.36 (KHTML, like Gecko) Chrome/81.0.4044.129 Safari/537.36"
162.158.163.202 - - [06/Dec/2025:19:43:36 +0100] "GET /wp-content/themes/kadence/functions.php HTTP/1.1" 301 162 "-" "Mozilla/5.0 (X11; Ubuntu; Linux i686; rv:79.0) Gecko/20100101 Firefox/79.0"
172.70.188.16 - - [06/Dec/2025:19:43:36 +0100] "GET /.well-known/save.php HTTP/1.1" 301 162 "-" "Mozilla/5.0 (Windows NT 6.1; Win64; x64) AppleWebKit/537.36 (KHTML, like Gecko) Chrome/74.0.3729.169 Safari/537.36"
162.158.163.202 - - [06/Dec/2025:19:43:36 +0100] "GET /Sanskrit.php HTTP/1.1" 301 162 "-" "Mozilla/5.0 (Windows NT 10.0) AppleWebKit/537.36 (KHTML, like Gecko) Chrome/84.0.4147.105 Safari/537.36"
172.70.188.16 - - [06/Dec/2025:19:43:36 +0100] "GET /wp-includes/feed-rsss.php HTTP/1.1" 301 162 "-" "Mozilla/5.0 (Linux x86_64; rv:79.0) Gecko/20100101 Firefox/79.0"
162.158.163.202 - - [06/Dec/2025:19:43:36 +0100] "GET /wp-fmfile.php HTTP/1.1" 301 162 "-" "Mozilla/5.0 (Macintosh; Intel Mac OS X 10_12_6) AppleWebKit/537.36 (KHTML, like Gecko) Chrome/58.0.3029.110 Safari/537.3"
172.70.188.16 - - [06/Dec/2025:19:43:36 +0100] "GET /wp-includes/IXR/goto.php HTTP/1.1" 301 162 "-" "Mozilla/5.0 (Windows NT 6.1; Win64; x64) AppleWebKit/537.36 (KHTML, like Gecko) Chrome/74.0.3729.169 Safari/537.36"
162.158.163.202 - - [06/Dec/2025:19:43:37 +0100] "GET /.trash7309/index.php HTTP/1.1" 301 162 "-" "Mozilla/5.0 (Macintosh; Intel Mac OS X 10_15_6) AppleWebKit/537.36 (KHTML, like Gecko) Chrome/84.0.4147.125 Safari/537.36"
172.70.188.16 - - [06/Dec/2025:19:43:37 +0100] "GET /wp-admin/css/colors/blue/xboom.php HTTP/1.1" 301 162 "-" "Mozilla/5.0 (Macintosh; Intel Mac OS X 10_12_6) AppleWebKit/537.36 (KHTML, like Gecko) Chrome/58.0.3029.110 Safari/537.3"
162.158.163.202 - - [06/Dec/2025:19:43:37 +0100] "GET /wp-content/plugins/revslider/includes/external/page/index.php HTTP/1.1" 301 162 "-" "Mozilla/5.0 (Windows NT 10.0; Win64; x64) AppleWebKit/537.36 (KHTML, like Gecko) Chrome/70.0.3538.110 Safari/537.36"
172.70.188.16 - - [06/Dec/2025:19:43:37 +0100] "GET /uploads/af32.php HTTP/1.1" 301 162 "-" "Mozilla/5.0 (Macintosh; Intel Mac OS X 10.15; rv:79.0) Gecko/20100101 Firefox/79.0"
162.158.163.202 - - [06/Dec/2025:19:43:37 +0100] "GET /wp-content/plugins/ioxi/ioxi/dropdown.php HTTP/1.1" 301 162 "-" "Mozilla/5.0 (Windows NT 10.0; Win64; x64) AppleWebKit/537.36 (KHTML, like Gecko) Chrome/79.0.3945.88 Safari/537.36"
172.70.188.16 - - [06/Dec/2025:19:43:37 +0100] "GET /wp-content/themes/kadence/functions.php HTTP/1.1" 301 162 "-" "Mozilla/5.0 (Windows NT 6.1; Win64; x64) AppleWebKit/537.36 (KHTML, like Gecko) Chrome/74.0.3729.169 Safari/537.36"
162.158.163.202 - - [06/Dec/2025:19:43:37 +0100] "GET /memberfuns.php HTTP/1.1" 301 162 "-" "Mozilla/5.0 (Macintosh; Intel Mac OS X 10_15_6) AppleWebKit/537.36 (KHTML, like Gecko) Chrome/84.0.4147.105 Safari/537.36 OPR/70.0.3728.95"
172.70.188.16 - - [06/Dec/2025:19:43:38 +0100] "GET /Sanskrit.php HTTP/1.1" 301 162 "-" "Mozilla/5.0 (Windows NT 10.0; WOW64; Trident/7.0; .NET4.0C; .NET4.0E; .NET CLR 2.0.50727; .NET CLR 3.0.30729; .NET CLR 3.5.30729; rv:11.0) like Gecko"
162.158.163.202 - - [06/Dec/2025:19:43:38 +0100] "GET /infos.php HTTP/1.1" 301 162 "-" "Mozilla/5.0 (Windows NT 10.0; Win64; x64; rv:74.0) Gecko/20100101 Firefox/74.0"
172.70.188.16 - - [06/Dec/2025:19:43:38 +0100] "GET /wp-fmfile.php HTTP/1.1" 301 162 "-" "Mozilla/5.0 (Windows NT 10.0; Win64; x64) AppleWebKit/537.36 (KHTML, like Gecko) Chrome/84.0.4147.105 Safari/537.36 OPR/70.0.3728.95"
162.158.163.202 - - [06/Dec/2025:19:43:38 +0100] "GET /modules/file.php HTTP/1.1" 301 162 "-" "Mozilla/5.0 (Macintosh; Intel Mac OS X 10.15; rv:79.0) Gecko/20100101 Firefox/79.0"
172.70.188.16 - - [06/Dec/2025:19:43:38 +0100] "GET /.trash7309/index.php HTTP/1.1" 301 162 "-" "Mozilla/5.0 (Windows NT 10.0; Win64; x64) AppleWebKit/537.36 (KHTML, like Gecko) Chrome/58.0.3029.110 Safari/537.3"
162.158.163.202 - - [06/Dec/2025:19:43:38 +0100] "GET /wp-content/x.php HTTP/1.1" 301 162 "-" "Mozilla/5.0 (compatible; MSIE 10.0; Windows NT 6.1; Trident/6.0)"
172.70.188.16 - - [06/Dec/2025:19:43:38 +0100] "GET /wp-content/plugins/revslider/includes/external/page/index.php HTTP/1.1" 301 162 "-" "Mozilla/5.0 (Macintosh; Intel Mac OS X 10_15_6) AppleWebKit/537.36 (KHTML, like Gecko) Chrome/84.0.4147.105 Safari/537.36"
172.70.188.16 - - [06/Dec/2025:19:43:39 +0100] "GET /wp-content/plugins/ioxi/ioxi/dropdown.php HTTP/1.1" 301 162 "-" "Mozilla/5.0 (Windows NT 6.1; Win64; x64) AppleWebKit/537.36 (KHTML, like Gecko) Chrome/78.0.3904.108 Safari/537.36"
162.158.163.202 - - [06/Dec/2025:19:43:39 +0100] "GET /wp-content/wp.php HTTP/1.1" 301 162 "-" "Mozilla/5.0 (Windows NT 6.3; Win64; x64; rv:73.0) Gecko/20100101 Firefox/73.0"
172.70.188.16 - - [06/Dec/2025:19:43:39 +0100] "GET /memberfuns.php HTTP/1.1" 301 162 "-" "Mozilla/5.0 (Windows NT 10.0; Win64; x64) AppleWebKit/537.36 (KHTML, like Gecko) Chrome/83.0.4103.61 Safari/537.36"
162.158.163.202 - - [06/Dec/2025:19:43:39 +0100] "GET /options-writing.php HTTP/1.1" 301 162 "-" "Mozilla/5.0 (Windows NT 10.0; Win64; x64; rv:71.0) Gecko/20100101 Firefox/71.0"
172.70.188.16 - - [06/Dec/2025:19:43:39 +0100] "GET /infos.php HTTP/1.1" 301 162 "-" "Mozilla/5.0 (X11; Linux x86_64) AppleWebKit/537.36 (KHTML, like Gecko) Chrome/84.0.4147.105 Safari/537.36"
162.158.163.202 - - [06/Dec/2025:19:43:39 +0100] "GET /options-reading.php HTTP/1.1" 301 162 "-" "Mozilla/5.0 (Windows NT 6.1; Win64; x64) AppleWebKit/537.36 (KHTML, like Gecko) Chrome/80.0.3987.149 Safari/537.36"
172.70.188.16 - - [06/Dec/2025:19:43:40 +0100] "GET /modules/file.php HTTP/1.1" 301 162 "-" "Mozilla/5.0 (X11; Fedora; Linux x86_64; rv:79.0) Gecko/20100101 Firefox/79.0"
162.158.163.202 - - [06/Dec/2025:19:43:40 +0100] "GET /wsad.php HTTP/1.1" 301 162 "-" "Mozilla/5.0 (Windows NT 10.0; WOW64; x64) AppleWebKit/537.36 (KHTML, like Gecko) Chrome/84.0.4147.105 Safari/537.36 OPR/70.0.3728.95"
172.70.188.16 - - [06/Dec/2025:19:43:40 +0100] "GET /wp-content/x.php HTTP/1.1" 301 162 "-" "Mozilla/5.0 (Windows NT 10.0; WOW64) AppleWebKit/537.36 (KHTML, like Gecko) Chrome/84.0.4147.105 Safari/537.36"
162.158.163.202 - - [06/Dec/2025:19:43:40 +0100] "GET /nation.php HTTP/1.1" 301 162 "-" "Mozilla/5.0 (Windows NT 10.0; WOW64) AppleWebKit/537.36 (KHTML, like Gecko) Chrome/72.0.3626.121 Safari/537.36"
