162.158.163.202 - - [06/Dec/2025:19:44:20 +0100] "GET /function/goods.php HTTP/1.1" 301 162 "-" "Mozilla/5.0 (Windows NT 6.1; Win64; x64) AppleWebKit/537.36 (KHTML, like Gecko) Chrome/80.0.3987.149 Safari/537.36"
172.70.188.16 - - [06/Dec/2025:19:44:20 +0100] "GET /images/mah.php HTTP/1.1" 301 162 "-" "Mozilla/5.0 (Windows NT 10.0; WOW64) AppleWebKit/537.36 (KHTML, like Gecko) Chrome/72.0.3626.121 Safari/537.36"
162.158.163.202 - - [06/Dec/2025:19:44:21 +0100] "GET /vendor/phpunit/phpunit/src/Util/PHP/bypass.php HTTP/1.1" 301 162 "-" "Mozilla/5.0 (Macintosh; Intel Mac OS X 10_15_6) AppleWebKit/537.36 (KHTML, like Gecko) Chrome/84.0.4147.105 Safari/537.36"
172.70.188.16 - - [06/Dec/2025:19:44:21 +0100] "GET /wp-content/waf_defender.php HTTP/1.1" 301 162 "-" "Mozilla/5.0 (Windows NT 10.0; Win64; x64) AppleWebKit/537.36 (KHTML, like Gecko) Chrome/84.0.4147.105 Safari/537.36 OPR/70.0.3728.95"
162.158.163.202 - - [06/Dec/2025:19:44:21 +0100] "GET /wp-content/upgrade/index.php HTTP/1.1" 301 162 "-" "Mozilla/5.0 (Windows NT 10.0) AppleWebKit/537.36 (KHTML, like Gecko) Chrome/72.0.3626.121 Safari/537.36"
172.70.188.16 - - [06/Dec/2025:19:44:21 +0100] "GET /wp-admin/css/colors/ectoplasm/content.php HTTP/1.1" 301 162 "-" "Mozilla/5.0 (Windows NT 10.0; Win64; x64; rv:72.0) Gecko/20100101 Firefox/72.0"
162.158.163.202 - - [06/Dec/2025:19:44:21 +0100] "GET /wp-includes/class-wp-network-query-stat.php HTTP/1.1" 301 162 "-" "Mozilla/5.0 (X11; Linux i686; rv:79.0) Gecko/20100101 Firefox/79.0"
172.70.188.16 - - [06/Dec/2025:19:44:21 +0100] "GET /wp-content/install.php HTTP/1.1" 301 162 "-" "Mozilla/5.0 (Windows NT 10.0; Win64; x64; rv:71.0) Gecko/20100101 Firefox/71.0"
162.158.163.202 - - [06/Dec/2025:19:44:21 +0100] "GET /wp-content/themes/pridmag/db.php HTTP/1.1" 301 162 "-" "Mozilla/5.0 (Windows NT 6.1; Win64; x64) AppleWebKit/537.36 (KHTML, like Gecko) Chrome/58.0.3029.110 Safari/537.3"
172.70.188.16 - - [06/Dec/2025:19:44:22 +0100] "GET /wp-includes/js/thickbox/about.php HTTP/1.1" 301 162 "-" "Mozilla/5.0 (Linux x86_64; rv:79.0) Gecko/20100101 Firefox/79.0"
162.158.163.202 - - [06/Dec/2025:19:44:22 +0100] "GET /plugin-install.php HTTP/1.1" 301 162 "-" "Mozilla/5.0 (Windows NT 10.0; WOW64) AppleWebKit/537.36 (KHTML, like Gecko) Chrome/84.0.4147.105 Safari/537.36"
172.70.188.16 - - [06/Dec/2025:19:44:22 +0100] "GET /wp-content/content.php HTTP/1.1" 301 162 "-" "Mozilla/5.0 (Windows NT 10.0; Win64; x64) AppleWebKit/537.36 (KHTML, like Gecko) Chrome/74.0.3729.169 Safari/537.36"
172.70.188.16 - - [06/Dec/2025:19:44:22 +0100] "GET /wp-content/themes/twentytwentyfour/icascreenshots.php HTTP/1.1" 301 162 "-" "Mozilla/5.0 (Windows NT 10.0; Win64; x64) AppleWebKit/537.36 (KHTML, like Gecko) Chrome/84.0.4147.105 Safari/537.36 OPR/70.0.3728.95"
162.158.163.202 - - [06/Dec/2025:19:44:22 +0100] "GET /wp-includes/class-wp-session-tokens-https.php HTTP/1.1" 301 162 "-" "Mozilla/5.0 (Macintosh; Intel Mac OS X 10_15_6) AppleWebKit/537.36 (KHTML, like Gecko) Chrome/84.0.4147.105 Safari/537.36 OPR/70.0.3728.95"
172.70.188.16 - - [06/Dec/2025:19:44:23 +0100] "GET /wp-content/upgrade/bypass.php HTTP/1.1" 301 162 "-" "Mozilla/5.0 (Windows NT 10.0; Win64; x64) AppleWebKit/537.36 (KHTML, like Gecko) Chrome/75.0.3770.100 Safari/537.36"
162.158.163.202 - - [06/Dec/2025:19:44:23 +0100] "GET /wp-admin/js/load.php HTTP/1.1" 301 162 "-" "Mozilla/5.0 (Windows NT 10.0; Win64; x64) AppleWebKit/537.36 (KHTML, like Gecko) Chrome/74.0.3729.169 Safari/537.36"
172.70.188.16 - - [06/Dec/2025:19:44:23 +0100] "GET /wp-includes/rk2.php HTTP/1.1" 301 162 "-" "Mozilla/5.0 (Windows NT 6.1; Win64; x64) AppleWebKit/537.36 (KHTML, like Gecko) Chrome/58.0.3029.110 Safari/537.3"
162.158.163.202 - - [06/Dec/2025:19:44:23 +0100] "GET /images/firewall.php7 HTTP/1.1" 301 162 "-" "Mozilla/5.0 (Windows NT 6.1; Win64; x64) AppleWebKit/537.36 (KHTML, like Gecko) Chrome/58.0.3029.110 Safari/537.3"
172.70.188.16 - - [06/Dec/2025:19:44:23 +0100] "GET /wp-admin/css/colors/ocean/alam.php HTTP/1.1" 301 162 "-" "Mozilla/5.0 (Windows NT 10.0; Win64; x64) AppleWebKit/537.36 (KHTML, like Gecko) Chrome/75.0.3770.100 Safari/537.36"
162.158.163.202 - - [06/Dec/2025:19:44:23 +0100] "GET /wp-includes/images/crystal/lrs_dage.php HTTP/1.1" 301 162 "-" "Mozilla/5.0 (Windows NT 10.0; WOW64; Trident/7.0; .NET4.0C; .NET4.0E; .NET CLR 2.0.50727; .NET CLR 3.0.30729; .NET CLR 3.5.30729; rv:11.0) like Gecko"
172.70.188.16 - - [06/Dec/2025:19:44:23 +0100] "GET /.well-known/index.php HTTP/1.1" 301 162 "-" "Mozilla/5.0 (Windows NT 10.0; Win64; x64; rv:76.0) Gecko/20100101 Firefox/76.0"
172.70.188.16 - - [06/Dec/2025:19:44:24 +0100] "GET /b.php HTTP/1.1" 301 162 "-" "Mozilla/5.0 (Windows NT 10.0) AppleWebKit/537.36 (KHTML, like Gecko) Chrome/72.0.3626.121 Safari/537.36"
162.158.163.202 - - [06/Dec/2025:19:44:24 +0100] "GET /wp-content/upgrade/pdf.php HTTP/1.1" 301 162 "-" "Mozilla/5.0 (Windows NT 10.0; WOW64) AppleWebKit/537.36 (KHTML, like Gecko) Chrome/72.0.3626.121 Safari/537.36"
172.70.188.16 - - [06/Dec/2025:19:44:24 +0100] "GET /wp-includes/certificates/past.php HTTP/1.1" 301 162 "-" "Mozilla/5.0 (Windows NT 10.0; WOW64; Trident/7.0; .NET4.0C; .NET4.0E; .NET CLR 2.0.50727; .NET CLR 3.0.30729; .NET CLR 3.5.30729; rv:11.0) like Gecko"
162.158.163.202 - - [06/Dec/2025:19:44:24 +0100] "GET /wp-includes/as.php HTTP/1.1" 301 162 "-" "Mozilla/5.0 (Macintosh; Intel Mac OS X 10_12_6) AppleWebKit/537.36 (KHTML, like Gecko) Chrome/58.0.3029.110 Safari/537.3"
172.70.188.16 - - [06/Dec/2025:19:44:24 +0100] "GET /wp-content/uploads/2021/faiyy.php HTTP/1.1" 301 162 "-" "Mozilla/5.0 (Macintosh; Intel Mac OS X 10_10_1) AppleWebKit/537.36 (KHTML, like Gecko) Chrome/39.0.2171.95 Safari/537.36"
162.158.163.202 - - [06/Dec/2025:19:44:24 +0100] "GET /wp-content/item.php HTTP/1.1" 301 162 "-" "Mozilla/5.0 (Windows NT 10.0; Win64; x64; rv:79.0) Gecko/20100101 Firefox/79.0"
172.70.188.16 - - [06/Dec/2025:19:44:25 +0100] "GET /css/as.php HTTP/1.1" 301 162 "-" "Mozilla/5.0 (Windows NT 6.3; Win64; x64; rv:73.0) Gecko/20100101 Firefox/73.0"
162.158.163.202 - - [06/Dec/2025:19:44:25 +0100] "GET /wp-includes/certificates/wp-conflg.php HTTP/1.1" 301 162 "-" "Mozilla/5.0 (Windows NT 10.0; Win64; x64; rv:79.0) Gecko/20100101 Firefox/79.0"
172.70.188.16 - - [06/Dec/2025:19:44:25 +0100] "GET /wp-content/plugins/pwnd/sst.php HTTP/1.1" 301 162 "-" "Mozilla/5.0 (Macintosh; Intel Mac OS X 10_15_6) AppleWebKit/537.36 (KHTML, like Gecko) Chrome/84.0.4147.125 Safari/537.36"
162.158.163.202 - - [06/Dec/2025:19:44:25 +0100] "GET /wp-includes/install.php HTTP/1.1" 301 162 "-" "Mozilla/5.0 (Windows NT 10.0; Win64; x64) AppleWebKit/537.36 (KHTML, like Gecko) Chrome/75.0.3770.100 Safari/537.36"
172.70.188.16 - - [06/Dec/2025:19:44:25 +0100] "GET /wp-includes/edit-tags.php HTTP/1.1" 301 162 "-" "Mozilla/5.0 (Windows NT 10.0; Win64; x64; rv:67.0) Gecko/20100101 Firefox/67.0"
172.70.188.16 - - [06/Dec/2025:19:44:26 +0100] "GET /wsax.php HTTP/1.1" 301 162 "-" "Mozilla/5.0 (Windows NT 10.0; Win64; x64) AppleWebKit/537.36 (KHTML, like Gecko) Chrome/81.0.4044.129 Safari/537.36"
162.158.163.202 - - [06/Dec/2025:19:44:26 +0100] "GET /wp-includes/customize/db.php HTTP/1.1" 301 162 "-" "Mozilla/5.0 (Windows NT 10.0; Win64; x64) AppleWebKit/537.36 (KHTML, like Gecko) Chrome/74.0.3729.169 Safari/537.36"
172.70.188.16 - - [06/Dec/2025:19:44:26 +0100] "GET /bless.php%20 HTTP/1.1" 301 162 "-" "Mozilla/5.0 (Windows NT 10.0; Win64; x64) AppleWebKit/537.36 (KHTML, like Gecko) Chrome/84.0.4147.105 Safari/537.36 OPR/70.0.3728.95"
162.158.163.202 - - [06/Dec/2025:19:44:26 +0100] "GET /css/fan.php HTTP/1.1" 301 162 "-" "Mozilla/5.0 (Windows NT 10.0; WOW64; x64) AppleWebKit/537.36 (KHTML, like Gecko) Chrome/84.0.4147.105 Safari/537.36 OPR/70.0.3728.95"
172.70.188.16 - - [06/Dec/2025:19:44:26 +0100] "GET /wp-content/uploads/system_cache.php HTTP/1.1" 301 162 "-" "Mozilla/5.0 (Windows NT 6.1; Win64; x64) AppleWebKit/537.36 (KHTML, like Gecko) Chrome/78.0.3904.108 Safari/537.36"
162.158.163.202 - - [06/Dec/2025:19:44:26 +0100] "GET /wp-admin/css/colors/blue/colors.php HTTP/1.1" 301 162 "-" "Mozilla/5.0 (Windows NT 10.0; Win64; x64) AppleWebKit/537.36 (KHTML, like Gecko) Chrome/79.0.3945.88 Safari/537.36"
172.70.188.16 - - [06/Dec/2025:19:44:26 +0100] "GET /templates/beez3/dbcthbohhr.php HTTP/1.1" 301 162 "-" "Mozilla/5.0 (Windows NT 10.0; Win64; x64) AppleWebKit/537.36 (KHTML, like Gecko) Chrome/69.0.3497.100 Safari/537.36"
172.70.188.16 - - [06/Dec/2025:19:44:27 +0100] "GET /vendor/phpunit/phpunit/src/Util/PHP/files.php HTTP/1.1" 301 162 "-" "Mozilla/5.0 (Windows NT 10.0; WOW64; x64) AppleWebKit/537.36 (KHTML, like Gecko) Chrome/84.0.4147.105 Safari/537.36 OPR/70.0.3728.95"
162.158.163.202 - - [06/Dec/2025:19:44:27 +0100] "GET /images/mah.php HTTP/1.1" 301 162 "-" "Mozilla/5.0 (Windows NT 10.0; Win64; x64) AppleWebKit/537.36 (KHTML, like Gecko) Chrome/70.0.3538.77 Safari/537.36"
172.70.188.16 - - [06/Dec/2025:19:44:27 +0100] "GET /wp-content/themes/tflow/admin-footer.php HTTP/1.1" 301 162 "-" "Mozilla/5.0 (Windows NT 6.3; Win64; x64; rv:73.0) Gecko/20100101 Firefox/73.0"
162.158.163.202 - - [06/Dec/2025:19:44:27 +0100] "GET /wp-content/waf_defender.php HTTP/1.1" 301 162 "-" "Mozilla/5.0 (Windows NT 10.0; Win64; x64) AppleWebKit/537.36 (KHTML, like Gecko) Chrome/83.0.4103.61 Safari/537.36"
172.70.188.16 - - [06/Dec/2025:19:44:27 +0100] "GET /wp-includes/css/dist/footer-default.php HTTP/1.1" 301 162 "-" "Mozilla/5.0 (Windows NT 10.0; Win64; x64) AppleWebKit/537.36 (KHTML, like Gecko) Chrome/81.0.4044.129 Safari/537.36"
162.158.163.202 - - [06/Dec/2025:19:44:27 +0100] "GET /wp-admin/css/colors/ectoplasm/content.php HTTP/1.1" 301 162 "-" "Mozilla/5.0 (Windows NT 10.0; Win64; x64; rv:79.0) Gecko/20100101 Firefox/79.0"
172.70.188.16 - - [06/Dec/2025:19:44:28 +0100] "GET /wp-content/plugins/about.php HTTP/1.1" 301 162 "-" "Mozilla/5.0 (Windows NT 10.0; Win64; x64) AppleWebKit/537.36 (KHTML, like Gecko) Chrome/80.0.3987.149 Safari/537.36"
172.70.188.16 - - [06/Dec/2025:19:44:28 +0100] "GET /wp-includes/widgets/class-wp-widget-meta-request.php HTTP/1.1" 301 162 "-" "Mozilla/5.0 (Windows NT 10.0; Win64; x64; rv:67.0) Gecko/20100101 Firefox/67.0"
162.158.163.202 - - [06/Dec/2025:19:44:28 +0100] "GET /wp-content/install.php HTTP/1.1" 301 162 "-" "Mozilla/5.0 (Windows NT 10.0; Win64; x64) AppleWebKit/537.36 (KHTML, like Gecko) Chrome/84.0.4147.105 Safari/537.36"
172.70.188.16 - - [06/Dec/2025:19:44:28 +0100] "GET /wp-content/plugins/pwnd/cloud.php HTTP/1.1" 301 162 "-" "Mozilla/5.0 (Windows NT 10.0) AppleWebKit/537.36 (KHTML, like Gecko) Chrome/84.0.4147.105 Safari/537.36"
162.158.163.202 - - [06/Dec/2025:19:44:28 +0100] "GET /wp-includes/js/thickbox/about.php HTTP/1.1" 301 162 "-" "Mozilla/5.0 (Windows NT 10.0; Win64; x64) AppleWebKit/537.36 (KHTML, like Gecko) Chrome/70.0.3538.110 Safari/537.36"
172.70.188.16 - - [06/Dec/2025:19:44:29 +0100] "GET /wp-includes/css/dist/edit-widgets/bypass.php HTTP/1.1" 301 162 "-" "Mozilla/5.0 (Windows NT 10.0; Win64; x64) AppleWebKit/537.36 (KHTML, like Gecko) Chrome/83.0.4103.97 Safari/537.36"
162.158.163.202 - - [06/Dec/2025:19:44:29 +0100] "GET /wp-content/content.php HTTP/1.1" 301 162 "-" "Mozilla/5.0 (Linux x86_64; rv:79.0) Gecko/20100101 Firefox/79.0"
172.70.188.16 - - [06/Dec/2025:19:44:29 +0100] "GET /wp-content/plugins/ubh/adminfus.php HTTP/1.1" 301 162 "-" "Mozilla/5.0 (compatible; MSIE 10.0; Windows NT 6.1; Trident/6.0)"
162.158.163.202 - - [06/Dec/2025:19:44:29 +0100] "GET /wp-content/themes/twentytwentyfour/icascreenshots.php HTTP/1.1" 301 162 "-" "Mozilla/5.0 (Windows NT 6.1; Win64; x64) AppleWebKit/537.36 (KHTML, like Gecko) Chrome/58.0.3029.110 Safari/537.3"
172.70.188.16 - - [06/Dec/2025:19:44:29 +0100] "GET /.well-known/pki-validation/webdb.php HTTP/1.1" 301 162 "-" "Mozilla/5.0 (X11; Fedora; Linux x86_64; rv:79.0) Gecko/20100101 Firefox/79.0"
162.158.163.202 - - [06/Dec/2025:19:44:29 +0100] "GET /wp-content/upgrade/bypass.php HTTP/1.1" 301 162 "-" "Mozilla/5.0 (Windows NT 10.0; Win64; x64) AppleWebKit/537.36 (KHTML, like Gecko) Chrome/84.0.4147.105 Safari/537.36 OPR/70.0.3728.95"
172.70.188.16 - - [06/Dec/2025:19:44:29 +0100] "GET /wp-includes/l10n/wp-login.php HTTP/1.1" 301 162 "-" "Mozilla/5.0 (Macintosh; Intel Mac OS X 10_15_6) AppleWebKit/537.36 (KHTML, like Gecko) Chrome/84.0.4147.125 Safari/537.36"
162.158.163.202 - - [06/Dec/2025:19:44:30 +0100] "GET /wp-includes/rk2.php HTTP/1.1" 301 162 "-" "Mozilla/5.0 (Windows NT 6.1; Win64; x64) AppleWebKit/537.36 (KHTML, like Gecko) Chrome/80.0.3987.149 Safari/537.36"
172.70.188.16 - - [06/Dec/2025:19:44:30 +0100] "GET /wp-admin/js/admin.php HTTP/1.1" 301 162 "-" "Mozilla/5.0 (Macintosh; Intel Mac OS X 10.15; rv:79.0) Gecko/20100101 Firefox/79.0"
162.158.163.202 - - [06/Dec/2025:19:44:30 +0100] "GET /wp-admin/css/colors/ocean/alam.php HTTP/1.1" 301 162 "-" "Mozilla/5.0 (Windows NT 10.0; Win64; x64; rv:73.0) Gecko/20100101 Firefox/73.0"
172.70.188.16 - - [06/Dec/2025:19:44:30 +0100] "GET /wp-admin/js/widgets/item.php HTTP/1.1" 301 162 "-" "Mozilla/5.0 (Windows NT 6.1; Win64; x64) AppleWebKit/537.36 (KHTML, like Gecko) Chrome/80.0.3987.149 Safari/537.36"
172.70.188.16 - - [06/Dec/2025:19:44:30 +0100] "GET /uploads/xsec.php HTTP/1.1" 301 162 "-" "Mozilla/5.0 (Windows NT 6.1; Win64; x64) AppleWebKit/537.36 (KHTML, like Gecko) Chrome/80.0.3987.149 Safari/537.36"
172.70.188.16 - - [06/Dec/2025:19:44:31 +0100] "GET /images/Marvins.php HTTP/1.1" 301 162 "-" "Mozilla/5.0 (Windows NT 10.0; Win64; x64) AppleWebKit/537.36 (KHTML, like Gecko) Chrome/70.0.3538.110 Safari/537.36"
162.158.163.202 - - [06/Dec/2025:19:44:31 +0100] "GET /.well-known/index.php HTTP/1.1" 301 162 "-" "Mozilla/5.0 (Windows NT 6.1; Win64; x64) AppleWebKit/537.36 (KHTML, like Gecko) Chrome/80.0.3987.149 Safari/537.36"
172.70.188.16 - - [06/Dec/2025:19:44:31 +0100] "GET /wp-content/plugins/pwnd-1/kurd.php HTTP/1.1" 301 162 "-" "Mozilla/5.0 (Windows NT 10.0; Win64; x64) AppleWebKit/537.36 (KHTML, like Gecko) Chrome/74.0.3729.169 Safari/537.36"
162.158.163.202 - - [06/Dec/2025:19:44:31 +0100] "GET /b.php HTTP/1.1" 301 162 "-" "Mozilla/5.0 (X11; Linux x86_64) AppleWebKit/537.36 (KHTML, like Gecko) Chrome/84.0.4147.105 Safari/537.36"
172.70.188.16 - - [06/Dec/2025:19:44:31 +0100] "GET /wp-content/themes/tflow/install.php HTTP/1.1" 301 162 "-" "Mozilla/5.0 (Windows NT 6.1; Win64; x64) AppleWebKit/537.36 (KHTML, like Gecko) Chrome/80.0.3987.149 Safari/537.36"
162.158.163.202 - - [06/Dec/2025:19:44:31 +0100] "GET /wp-includes/certificates/past.php HTTP/1.1" 301 162 "-" "Mozilla/5.0 (Windows NT 10.0; Win64; x64) AppleWebKit/537.36 (KHTML, like Gecko) Chrome/74.0.3729.157 Safari/537.36"
172.70.188.16 - - [06/Dec/2025:19:44:32 +0100] "GET /wp-content/languages/radio.php HTTP/1.1" 301 162 "-" "Mozilla/5.0 (Windows NT 6.1; Win64; x64) AppleWebKit/537.36 (KHTML, like Gecko) Chrome/78.0.3904.108 Safari/537.36"
162.158.163.202 - - [06/Dec/2025:19:44:32 +0100] "GET /wp-content/uploads/2021/faiyy.php HTTP/1.1" 301 162 "-" "Mozilla/5.0 (Windows NT 10.0; Win64; x64; rv:76.0) Gecko/20100101 Firefox/76.0"
172.70.188.16 - - [06/Dec/2025:19:44:32 +0100] "GET /wp-content/uploads/fileman.php HTTP/1.1" 301 162 "-" "Mozilla/5.0 (Windows NT 10.0; Win64; x64) AppleWebKit/537.36 (KHTML, like Gecko) Chrome/84.0.4147.105 Safari/537.36"
162.158.163.202 - - [06/Dec/2025:19:44:32 +0100] "GET /css/as.php HTTP/1.1" 301 162 "-" "Mozilla/5.0 (Windows NT 6.3; Win64; x64; rv:73.0) Gecko/20100101 Firefox/73.0"
172.70.188.16 - - [06/Dec/2025:19:44:32 +0100] "GET /wp-includes/widgets/wp-ss.php HTTP/1.1" 301 162 "-" "Mozilla/5.0 (Windows NT 10.0; Win64; x64) AppleWebKit/537.36 (KHTML, like Gecko) Chrome/83.0.4103.97 Safari/537.36"
162.158.163.202 - - [06/Dec/2025:19:44:32 +0100] "GET /wp-content/plugins/pwnd/sst.php HTTP/1.1" 301 162 "-" "Mozilla/5.0 (X11; Fedora; Linux x86_64; rv:79.0) Gecko/20100101 Firefox/79.0"
172.70.188.16 - - [06/Dec/2025:19:44:33 +0100] "GET /wp-includes/IXR/xsec1.php HTTP/1.1" 301 162 "-" "Mozilla/5.0 (Windows NT 10.0; Win64; x64) AppleWebKit/537.36 (KHTML, like Gecko) Chrome/77.0.3865.90 Safari/537.36"
162.158.163.202 - - [06/Dec/2025:19:44:33 +0100] "GET /wp-includes/edit-tags.php HTTP/1.1" 301 162 "-" "Mozilla/5.0 (Windows NT 10.0; Win64; x64; rv:76.0) Gecko/20100101 Firefox/76.0"
172.70.188.16 - - [06/Dec/2025:19:44:33 +0100] "GET /admin.php%20 HTTP/1.1" 301 162 "-" "Mozilla/5.0 (Windows NT 10.0; Win64; x64) AppleWebKit/537.36 (KHTML, like Gecko) Chrome/74.0.3729.157 Safari/537.36"
162.158.163.202 - - [06/Dec/2025:19:44:33 +0100] "GET /wsax.php HTTP/1.1" 301 162 "-" "Mozilla/5.0 (X11; Linux i686; rv:79.0) Gecko/20100101 Firefox/79.0"
172.70.188.16 - - [06/Dec/2025:19:44:33 +0100] "GET /wp-admin/css/colors/hong1.php HTTP/1.1" 301 162 "-" "Mozilla/5.0 (X11; Linux i686; rv:79.0) Gecko/20100101 Firefox/79.0"
162.158.163.202 - - [06/Dec/2025:19:44:33 +0100] "GET /bless.php%20 HTTP/1.1" 301 162 "-" "Mozilla/5.0 (Windows NT 10.0; Win64; x64) AppleWebKit/537.36 (KHTML, like Gecko) Chrome/79.0.3945.79 Safari/537.36"
172.70.188.16 - - [06/Dec/2025:19:44:33 +0100] "GET /wp-admin/maint/byps.php HTTP/1.1" 301 162 "-" "Mozilla/5.0 (Macintosh; Intel Mac OS X 10.15; rv:79.0) Gecko/20100101 Firefox/79.0"
162.158.163.202 - - [06/Dec/2025:19:44:34 +0100] "GET /wp-content/uploads/system_cache.php HTTP/1.1" 301 162 "-" "Mozilla/5.0 (Windows NT 10.0; WOW64) AppleWebKit/537.36 (KHTML, like Gecko) Chrome/72.0.3626.121 Safari/537.36"
172.70.188.16 - - [06/Dec/2025:19:44:34 +0100] "GET /wp-includes/images/crystal/sad.php HTTP/1.1" 301 162 "-" "Mozilla/5.0 (X11; Linux i686; rv:79.0) Gecko/20100101 Firefox/79.0"
162.158.163.202 - - [06/Dec/2025:19:44:34 +0100] "GET /templates/beez3/dbcthbohhr.php HTTP/1.1" 301 162 "-" "Mozilla/5.0 (Windows NT 10.0; WOW64) AppleWebKit/537.36 (KHTML, like Gecko) Chrome/72.0.3626.121 Safari/537.36"
172.70.188.16 - - [06/Dec/2025:19:44:34 +0100] "GET /wp-includes/assets/script-loader-packages.min.php HTTP/1.1" 301 162 "-" "Mozilla/5.0 (Macintosh; Intel Mac OS X 10_15_6) AppleWebKit/537.36 (KHTML, like Gecko) Chrome/84.0.4147.105 Safari/537.36"
162.158.163.202 - - [06/Dec/2025:19:44:34 +0100] "GET /vendor/phpunit/phpunit/src/Util/PHP/files.php HTTP/1.1" 301 162 "-" "Mozilla/5.0 (compatible; MSIE 10.0; Windows NT 6.1; Trident/6.0)"
172.70.188.16 - - [06/Dec/2025:19:44:34 +0100] "GET /wp-content/themes/twentytwentyfour/patterns/content-type.php HTTP/1.1" 301 162 "-" "Mozilla/5.0 (Windows NT 10.0; Win64; x64) AppleWebKit/537.36 (KHTML, like Gecko) Chrome/81.0.4044.129 Safari/537.36"
162.158.163.202 - - [06/Dec/2025:19:44:35 +0100] "GET /wp-content/themes/tflow/admin-footer.php HTTP/1.1" 301 162 "-" "Mozilla/5.0 (Windows NT 10.0; Win64; x64; rv:71.0) Gecko/20100101 Firefox/71.0"
172.70.188.16 - - [06/Dec/2025:19:44:35 +0100] "GET /wp-admin/network/class.php HTTP/1.1" 301 162 "-" "Mozilla/5.0 (Windows NT 10.0) AppleWebKit/537.36 (KHTML, like Gecko) Chrome/84.0.4147.105 Safari/537.36"
162.158.163.202 - - [06/Dec/2025:19:44:35 +0100] "GET /wp-includes/css/dist/footer-default.php HTTP/1.1" 301 162 "-" "Mozilla/5.0 (Windows NT 10.0; Win64; x64; rv:66.0) Gecko/20100101 Firefox/66.0"
172.70.188.16 - - [06/Dec/2025:19:44:35 +0100] "GET /wp-includes/class-phpmailer-beta.php HTTP/1.1" 301 162 "-" "Mozilla/5.0 (Macintosh; Intel Mac OS X 10_10_1) AppleWebKit/537.36 (KHTML, like Gecko) Chrome/39.0.2171.95 Safari/537.36"
162.158.163.202 - - [06/Dec/2025:19:44:35 +0100] "GET /wp-content/plugins/about.php HTTP/1.1" 301 162 "-" "Mozilla/5.0 (X11; Ubuntu; Linux x86_64; rv:79.0) Gecko/20100101 Firefox/79.0"
172.70.188.16 - - [06/Dec/2025:19:44:35 +0100] "GET /wp-includes/ms-file.php HTTP/1.1" 301 162 "-" "Mozilla/5.0 (Windows NT 10.0; WOW64; Trident/7.0; .NET4.0C; .NET4.0E; .NET CLR 2.0.50727; .NET CLR 3.0.30729; .NET CLR 3.5.30729; rv:11.0) like Gecko"
172.70.188.16 - - [06/Dec/2025:19:44:36 +0100] "GET /.well-known/acme-challenge/wp-login.php HTTP/1.1" 301 162 "-" "Mozilla/5.0 (Windows NT 10.0; Win64; x64) AppleWebKit/537.36 (KHTML, like Gecko) Chrome/77.0.3865.90 Safari/537.36"
162.158.163.202 - - [06/Dec/2025:19:44:36 +0100] "GET /wp-includes/widgets/class-wp-widget-meta-request.php HTTP/1.1" 301 162 "-" "Mozilla/5.0 (Windows NT 10.0; Win64; x64) AppleWebKit/537.36 (KHTML, like Gecko) Chrome/84.0.4147.105 Safari/537.36 OPR/70.0.3728.95"
172.70.188.16 - - [06/Dec/2025:19:44:36 +0100] "GET /wp-includes/widgets/av.php HTTP/1.1" 301 162 "-" "Mozilla/5.0 (Windows NT 10.0; Win64; x64; rv:79.0) Gecko/20100101 Firefox/79.0"
162.158.163.202 - - [06/Dec/2025:19:44:36 +0100] "GET /wp-content/plugins/pwnd/cloud.php HTTP/1.1" 301 162 "-" "Mozilla/5.0 (Windows NT 10.0; Win64; x64; rv:67.0) Gecko/20100101 Firefox/67.0"
172.70.188.16 - - [06/Dec/2025:19:44:36 +0100] "GET /images/news_event/1.php7 HTTP/1.1" 301 162 "-" "Mozilla/5.0 (Macintosh; Intel Mac OS X 10_15_6) AppleWebKit/537.36 (KHTML, like Gecko) Chrome/84.0.4147.105 Safari/537.36 OPR/70.0.3728.95"
162.158.163.202 - - [06/Dec/2025:19:44:36 +0100] "GET /wp-includes/css/dist/edit-widgets/bypass.php HTTP/1.1" 301 162 "-" "Mozilla/5.0 (Windows NT 6.1; Win64; x64) AppleWebKit/537.36 (KHTML, like Gecko) Chrome/79.0.3945.130 Safari/537.36"
172.70.188.16 - - [06/Dec/2025:19:44:36 +0100] "GET /chosen.php%20 HTTP/1.1" 301 162 "-" "Mozilla/5.0 (Windows NT 10.0; Win64; x64) AppleWebKit/537.36 (KHTML, like Gecko) Chrome/70.0.3538.110 Safari/537.36"
162.158.163.202 - - [06/Dec/2025:19:44:37 +0100] "GET /wp-content/plugins/ubh/adminfus.php HTTP/1.1" 301 162 "-" "Mozilla/5.0 (Windows NT 10.0; Win64; x64) AppleWebKit/537.36 (KHTML, like Gecko) Chrome/74.0.3729.169 Safari/537.36"
172.70.188.16 - - [06/Dec/2025:19:44:37 +0100] "GET /bs1.php HTTP/1.1" 301 162 "-" "Mozilla/5.0 (Windows NT 6.1; Win64; x64) AppleWebKit/537.36 (KHTML, like Gecko) Chrome/74.0.3729.169 Safari/537.36"
162.158.163.202 - - [06/Dec/2025:19:44:37 +0100] "GET /.well-known/pki-validation/webdb.php HTTP/1.1" 301 162 "-" "Mozilla/5.0 (Windows NT 10.0; Win64; x64) AppleWebKit/537.36 (KHTML, like Gecko) Chrome/69.0.3497.100 Safari/537.36"
172.70.188.16 - - [06/Dec/2025:19:44:37 +0100] "GET /wp-includes/autoload_classmap.php HTTP/1.1" 301 162 "-" "Mozilla/5.0 (Windows NT 10.0; Win64; x64; rv:79.0) Gecko/20100101 Firefox/79.0"
162.158.163.202 - - [06/Dec/2025:19:44:37 +0100] "GET /wp-includes/l10n/wp-login.php HTTP/1.1" 301 162 "-" "Mozilla/5.0 (Macintosh; Intel Mac OS X 10_15_6) AppleWebKit/537.36 (KHTML, like Gecko) Chrome/84.0.4147.105 Safari/537.36 OPR/70.0.3728.95"
172.70.188.16 - - [06/Dec/2025:19:44:37 +0100] "GET /wp-includes/network.php HTTP/1.1" 301 162 "-" "Mozilla/5.0 (X11; Ubuntu; Linux i686; rv:79.0) Gecko/20100101 Firefox/79.0"
162.158.163.202 - - [06/Dec/2025:19:44:38 +0100] "GET /wp-admin/js/admin.php HTTP/1.1" 301 162 "-" "Mozilla/5.0 (Windows NT 10.0; Win64; x64) AppleWebKit/537.36 (KHTML, like Gecko) Chrome/81.0.4044.129 Safari/537.36"
172.70.188.16 - - [06/Dec/2025:19:44:38 +0100] "GET /page.php HTTP/1.1" 301 162 "-" "Mozilla/5.0 (Windows NT 10.0; Win64; x64) AppleWebKit/537.36 (KHTML, like Gecko) Chrome/79.0.3945.79 Safari/537.36"
162.158.163.202 - - [06/Dec/2025:19:44:38 +0100] "GET /wp-admin/js/widgets/item.php HTTP/1.1" 301 162 "-" "Mozilla/5.0 (Windows NT 10.0; WOW64; Trident/7.0; .NET4.0C; .NET4.0E; .NET CLR 2.0.50727; .NET CLR 3.0.30729; .NET CLR 3.5.30729; rv:11.0) like Gecko"
172.70.188.16 - - [06/Dec/2025:19:44:38 +0100] "GET /wp-admin/includes/index.php HTTP/1.1" 301 162 "-" "Mozilla/5.0 (Windows NT 10.0; Win64; x64) AppleWebKit/537.36 (KHTML, like Gecko) Chrome/69.0.3497.100 Safari/537.36"
172.70.188.16 - - [06/Dec/2025:19:44:38 +0100] "GET /wp-content/uploads/chosen.php HTTP/1.1" 301 162 "-" "Mozilla/5.0 (Windows NT 6.1; Win64; x64) AppleWebKit/537.36 (KHTML, like Gecko) Chrome/78.0.3904.108 Safari/537.36"
162.158.163.202 - - [06/Dec/2025:19:44:38 +0100] "GET /uploads/xsec.php HTTP/1.1" 301 162 "-" "Mozilla/5.0 (X11; Ubuntu; Linux x86_64; rv:79.0) Gecko/20100101 Firefox/79.0"
172.70.188.16 - - [06/Dec/2025:19:44:39 +0100] "GET /wp-content/plugins/WordPressCore/include.php HTTP/1.1" 301 162 "-" "Mozilla/5.0 (Windows NT 10.0; Win64; x64; rv:77.0) Gecko/20100101 Firefox/77.0"
172.70.188.16 - - [06/Dec/2025:19:44:39 +0100] "GET /wp-content/admin-footer.php HTTP/1.1" 301 162 "-" "Mozilla/5.0 (Windows NT 10.0; Win64; x64) AppleWebKit/537.36 (KHTML, like Gecko) Chrome/84.0.4147.105 Safari/537.36"
162.158.163.202 - - [06/Dec/2025:19:44:39 +0100] "GET /images/Marvins.php HTTP/1.1" 301 162 "-" "Mozilla/5.0 (X11; Ubuntu; Linux x86_64; rv:79.0) Gecko/20100101 Firefox/79.0"
172.70.188.16 - - [06/Dec/2025:19:44:39 +0100] "GET /modules/mod_simplefileuploadv1.3/elements/admin-footer.php HTTP/1.1" 301 162 "-" "Mozilla/5.0 (compatible; MSIE 10.0; Windows NT 6.1; Trident/6.0)"
162.158.163.202 - - [06/Dec/2025:19:44:39 +0100] "GET /wp-content/plugins/pwnd-1/kurd.php HTTP/1.1" 301 162 "-" "Mozilla/5.0 (Windows NT 10.0; Win64; x64) AppleWebKit/537.36 (KHTML, like Gecko) Chrome/83.0.4103.97 Safari/537.36"
172.70.188.16 - - [06/Dec/2025:19:44:40 +0100] "GET /assets/info.php HTTP/1.1" 301 162 "-" "Mozilla/5.0 (Windows NT 10.0; Win64; x64; rv:75.0) Gecko/20100101 Firefox/75.0"
162.158.163.202 - - [06/Dec/2025:19:44:40 +0100] "GET /wp-content/themes/tflow/install.php HTTP/1.1" 301 162 "-" "Mozilla/5.0 (Windows NT 10.0; Win64; x64; rv:79.0) Gecko/20100101 Firefox/79.0"
172.70.188.16 - - [06/Dec/2025:19:44:40 +0100] "GET /wp-includes/SimplePie/XML/content.php HTTP/1.1" 301 162 "-" "Mozilla/5.0 (Windows NT 10.0; WOW64) AppleWebKit/537.36 (KHTML, like Gecko) Chrome/72.0.3626.121 Safari/537.36"
162.158.163.202 - - [06/Dec/2025:19:44:40 +0100] "GET /wp-content/languages/radio.php HTTP/1.1" 301 162 "-" "Mozilla/5.0 (Windows NT 6.3; Win64; x64; rv:73.0) Gecko/20100101 Firefox/73.0"
172.70.188.16 - - [06/Dec/2025:19:44:40 +0100] "GET /wp-includes/pomo/item.php HTTP/1.1" 301 162 "-" "Mozilla/5.0 (Windows NT 10.0; Win64; x64) AppleWebKit/537.36 (KHTML, like Gecko) Chrome/74.0.3729.169 Safari/537.36"
162.158.163.202 - - [06/Dec/2025:19:44:41 +0100] "GET /wp-content/uploads/fileman.php HTTP/1.1" 301 162 "-" "Mozilla/5.0 (Windows NT 10.0; Win64; x64) AppleWebKit/537.36 (KHTML, like Gecko) Chrome/70.0.3538.110 Safari/537.36"
172.70.188.16 - - [06/Dec/2025:19:44:41 +0100] "GET /wp-content/1.php%20 HTTP/1.1" 301 162 "-" "Mozilla/5.0 (X11; Ubuntu; Linux i686; rv:79.0) Gecko/20100101 Firefox/79.0"
172.70.188.16 - - [06/Dec/2025:19:44:41 +0100] "GET /wp-admin/css/colors/blue/wp-atom.php HTTP/1.1" 301 162 "-" "Mozilla/5.0 (Windows NT 10.0; Win64; x64; rv:66.0) Gecko/20100101 Firefox/66.0"
162.158.163.202 - - [06/Dec/2025:19:44:41 +0100] "GET /wp-includes/widgets/wp-ss.php HTTP/1.1" 301 162 "-" "Mozilla/5.0 (X11; Ubuntu; Linux x86_64; rv:79.0) Gecko/20100101 Firefox/79.0"
172.70.188.16 - - [06/Dec/2025:19:44:41 +0100] "GET /wp-includes/pomo/plugins.php HTTP/1.1" 301 162 "-" "Mozilla/5.0 (Windows NT 10.0; Win64; x64; rv:73.0) Gecko/20100101 Firefox/73.0"
162.158.163.202 - - [06/Dec/2025:19:44:41 +0100] "GET /wp-includes/IXR/xsec1.php HTTP/1.1" 301 162 "-" "Mozilla/5.0 (Windows NT 10.0; Win64; x64; rv:67.0) Gecko/20100101 Firefox/67.0"
172.70.188.16 - - [06/Dec/2025:19:44:42 +0100] "GET /wp-includes/assets/install.php HTTP/1.1" 301 162 "-" "Mozilla/5.0 (X11; Fedora; Linux x86_64; rv:79.0) Gecko/20100101 Firefox/79.0"
162.158.163.202 - - [06/Dec/2025:19:44:42 +0100] "GET /admin.php%20 HTTP/1.1" 301 162 "-" "Mozilla/5.0 (Windows NT 6.1; Win64; x64) AppleWebKit/537.36 (KHTML, like Gecko) Chrome/79.0.3945.130 Safari/537.36"
172.70.188.16 - - [06/Dec/2025:19:44:42 +0100] "GET /.well-known/acme-challenge/gecko-old.php HTTP/1.1" 301 162 "-" "Mozilla/5.0 (Windows NT 10.0; Win64; x64; rv:79.0) Gecko/20100101 Firefox/79.0"
162.158.163.202 - - [06/Dec/2025:19:44:42 +0100] "GET /wp-admin/css/colors/hong1.php HTTP/1.1" 301 162 "-" "Mozilla/5.0 (Windows NT 10.0; Win64; x64) AppleWebKit/537.36 (KHTML, like Gecko) Chrome/69.0.3497.100 Safari/537.36"
172.70.188.16 - - [06/Dec/2025:19:44:42 +0100] "GET /wp-admin/css/wp-login.php HTTP/1.1" 301 162 "-" "Mozilla/5.0 (Windows NT 10.0; Win64; x64; rv:74.0) Gecko/20100101 Firefox/74.0"
172.70.188.16 - - [06/Dec/2025:19:44:43 +0100] "GET /images/autoload_classmap.php HTTP/1.1" 301 162 "-" "Mozilla/5.0 (Macintosh; Intel Mac OS X 10_15_6) AppleWebKit/537.36 (KHTML, like Gecko) Chrome/84.0.4147.105 Safari/537.36 OPR/70.0.3728.95"
162.158.163.202 - - [06/Dec/2025:19:44:43 +0100] "GET /wp-admin/maint/byps.php HTTP/1.1" 301 162 "-" "Mozilla/5.0 (Windows NT 10.0; Win64; x64; rv:67.0) Gecko/20100101 Firefox/67.0"
172.70.188.16 - - [06/Dec/2025:19:44:43 +0100] "GET /wp-includes/widgets/class-wp-nav-widgets.php HTTP/1.1" 301 162 "-" "Mozilla/5.0 (Windows NT 10.0; WOW64; Trident/7.0; .NET4.0C; .NET4.0E; .NET CLR 2.0.50727; .NET CLR 3.0.30729; .NET CLR 3.5.30729; rv:11.0) like Gecko"
162.158.163.202 - - [06/Dec/2025:19:44:43 +0100] "GET /wp-includes/images/crystal/sad.php HTTP/1.1" 301 162 "-" "Mozilla/5.0 (Windows NT 6.1; Win64; x64) AppleWebKit/537.36 (KHTML, like Gecko) Chrome/58.0.3029.110 Safari/537.3"
172.70.188.16 - - [06/Dec/2025:19:44:43 +0100] "GET /x/test.php HTTP/1.1" 301 162 "-" "Mozilla/5.0 (Macintosh; Intel Mac OS X 10_15_6) AppleWebKit/537.36 (KHTML, like Gecko) Chrome/84.0.4147.105 Safari/537.36 OPR/70.0.3728.95"
162.158.163.202 - - [06/Dec/2025:19:44:43 +0100] "GET /wp-includes/assets/script-loader-packages.min.php HTTP/1.1" 301 162 "-" "Mozilla/5.0 (Windows NT 10.0; Win64; x64; rv:71.0) Gecko/20100101 Firefox/71.0"
172.70.188.16 - - [06/Dec/2025:19:44:43 +0100] "GET /wp-content/themes/wp-pridmag/init.php HTTP/1.1" 301 162 "-" "Mozilla/5.0 (Linux x86_64; rv:79.0) Gecko/20100101 Firefox/79.0"
172.70.188.16 - - [06/Dec/2025:19:44:44 +0100] "GET /wp-admin/install.php HTTP/1.1" 301 162 "-" "Mozilla/5.0 (compatible; MSIE 10.0; Windows NT 6.1; Trident/6.0)"
162.158.163.202 - - [06/Dec/2025:19:44:44 +0100] "GET /wp-content/themes/twentytwentyfour/patterns/content-type.php HTTP/1.1" 301 162 "-" "Mozilla/5.0 (Windows NT 10.0; WOW64) AppleWebKit/537.36 (KHTML, like Gecko) Chrome/84.0.4147.105 Safari/537.36"
172.70.188.16 - - [06/Dec/2025:19:44:44 +0100] "GET /wp-admin/css/install.php HTTP/1.1" 301 162 "-" "Mozilla/5.0 (Linux x86_64; rv:79.0) Gecko/20100101 Firefox/79.0"
162.158.163.202 - - [06/Dec/2025:19:44:44 +0100] "GET /wp-admin/network/class.php HTTP/1.1" 301 162 "-" "Mozilla/5.0 (Windows NT 6.1; Win64; x64) AppleWebKit/537.36 (KHTML, like Gecko) Chrome/78.0.3904.108 Safari/537.36"
172.70.188.16 - - [06/Dec/2025:19:44:44 +0100] "GET /wp-includes/sitemaps/providers/doc.php HTTP/1.1" 301 162 "-" "Mozilla/5.0 (Windows NT 10.0) AppleWebKit/537.36 (KHTML, like Gecko) Chrome/84.0.4147.105 Safari/537.36"
162.158.163.202 - - [06/Dec/2025:19:44:44 +0100] "GET /wp-includes/class-phpmailer-beta.php HTTP/1.1" 301 162 "-" "Mozilla/5.0 (Windows NT 10.0; Win64; x64) AppleWebKit/537.36 (KHTML, like Gecko) Chrome/69.0.3497.100 Safari/537.36"
172.70.188.16 - - [06/Dec/2025:19:44:45 +0100] "GET /ws.php HTTP/1.1" 301 162 "-" "Mozilla/5.0 (Windows NT 10.0; WOW64) AppleWebKit/537.36 (KHTML, like Gecko) Chrome/72.0.3626.121 Safari/537.36"
162.158.163.202 - - [06/Dec/2025:19:44:45 +0100] "GET /wp-includes/ms-file.php HTTP/1.1" 301 162 "-" "Mozilla/5.0 (Macintosh; Intel Mac OS X 10_10_1) AppleWebKit/537.36 (KHTML, like Gecko) Chrome/39.0.2171.95 Safari/537.36"
172.70.188.16 - - [06/Dec/2025:19:44:45 +0100] "GET /wp-includes/rest-api/1.php HTTP/1.1" 301 162 "-" "Mozilla/5.0 (Windows NT 10.0; Win64; x64) AppleWebKit/537.36 (KHTML, like Gecko) Chrome/83.0.4103.61 Safari/537.36"
162.158.163.202 - - [06/Dec/2025:19:44:45 +0100] "GET /.well-known/acme-challenge/wp-login.php HTTP/1.1" 301 162 "-" "Mozilla/5.0 (Windows NT 10.0; WOW64) AppleWebKit/537.36 (KHTML, like Gecko) Chrome/84.0.4147.105 Safari/537.36"
172.70.188.16 - - [06/Dec/2025:19:44:45 +0100] "GET /wp-includes/fonts/class_api.php HTTP/1.1" 301 162 "-" "Mozilla/5.0 (Windows NT 6.1; Win64; x64) AppleWebKit/537.36 (KHTML, like Gecko) Chrome/78.0.3904.108 Safari/537.36"
162.158.163.202 - - [06/Dec/2025:19:44:45 +0100] "GET /wp-includes/widgets/av.php HTTP/1.1" 301 162 "-" "Mozilla/5.0 (Windows NT 10.0; Win64; x64) AppleWebKit/537.36 (KHTML, like Gecko) Chrome/84.0.4147.105 Safari/537.36"
172.70.188.16 - - [06/Dec/2025:19:44:46 +0100] "GET /shop.php HTTP/1.1" 301 162 "-" "Mozilla/5.0 (Windows NT 6.1; Win64; x64) AppleWebKit/537.36 (KHTML, like Gecko) Chrome/74.0.3729.169 Safari/537.36"
162.158.163.202 - - [06/Dec/2025:19:44:46 +0100] "GET /images/news_event/1.php7 HTTP/1.1" 301 162 "-" "Mozilla/5.0 (Windows NT 10.0; Win64; x64; rv:75.0) Gecko/20100101 Firefox/75.0"
172.70.188.16 - - [06/Dec/2025:19:44:46 +0100] "GET /wp-content/plugins/pwnd-1/dedi1.php HTTP/1.1" 301 162 "-" "Mozilla/5.0 (Windows NT 10.0; Win64; x64; rv:73.0) Gecko/20100101 Firefox/73.0"
162.158.163.202 - - [06/Dec/2025:19:44:46 +0100] "GET /chosen.php%20 HTTP/1.1" 301 162 "-" "Mozilla/5.0 (Windows NT 10.0; WOW64) AppleWebKit/537.36 (KHTML, like Gecko) Chrome/72.0.3626.121 Safari/537.36"
172.70.188.16 - - [06/Dec/2025:19:44:46 +0100] "GET /wp-admin/js/widgets/setting.php HTTP/1.1" 301 162 "-" "Mozilla/5.0 (Windows NT 10.0; Win64; x64; rv:73.0) Gecko/20100101 Firefox/73.0"
162.158.163.202 - - [06/Dec/2025:19:44:46 +0100] "GET /bs1.php HTTP/1.1" 301 162 "-" "Mozilla/5.0 (Windows NT 10.0; Win64; x64) AppleWebKit/537.36 (KHTML, like Gecko) Chrome/69.0.3497.100 Safari/537.36"
172.70.188.16 - - [06/Dec/2025:19:44:46 +0100] "GET /wp-includes/images/smilies/admin.php HTTP/1.1" 301 162 "-" "Mozilla/5.0 (X11; Linux x86_64) AppleWebKit/537.36 (KHTML, like Gecko) Chrome/84.0.4147.105 Safari/537.36 OPR/70.0.3728.95"
172.70.188.16 - - [06/Dec/2025:19:44:47 +0100] "GET /wp-admin/css/colors/light/as.php HTTP/1.1" 301 162 "-" "Mozilla/5.0 (Macintosh; Intel Mac OS X 10_12_6) AppleWebKit/537.36 (KHTML, like Gecko) Chrome/58.0.3029.110 Safari/537.3"
162.158.163.202 - - [06/Dec/2025:19:44:47 +0100] "GET /wp-includes/autoload_classmap.php HTTP/1.1" 301 162 "-" "Mozilla/5.0 (Windows NT 10.0; Win64; x64) AppleWebKit/537.36 (KHTML, like Gecko) Chrome/70.0.3538.110 Safari/537.36"
172.70.188.16 - - [06/Dec/2025:19:44:47 +0100] "GET /wp-admin/user/header.php HTTP/1.1" 301 162 "-" "Mozilla/5.0 (Windows NT 10.0; Win64; x64) AppleWebKit/537.36 (KHTML, like Gecko) Chrome/79.0.3945.130 Safari/537.36"
162.158.163.202 - - [06/Dec/2025:19:44:47 +0100] "GET /wp-includes/network.php HTTP/1.1" 301 162 "-" "Mozilla/5.0 (Windows NT 10.0; Win64; x64) AppleWebKit/537.36 (KHTML, like Gecko) Chrome/79.0.3945.88 Safari/537.36"
172.70.188.16 - - [06/Dec/2025:19:44:47 +0100] "GET /wp-includes/IXR/about.php HTTP/1.1" 301 162 "-" "Mozilla/5.0 (Windows NT 10.0) AppleWebKit/537.36 (KHTML, like Gecko) Chrome/84.0.4147.105 Safari/537.36"
162.158.163.202 - - [06/Dec/2025:19:44:48 +0100] "GET /page.php HTTP/1.1" 301 162 "-" "Mozilla/5.0 (Windows NT 10.0; Win64; x64) AppleWebKit/537.36 (KHTML, like Gecko) Chrome/69.0.3497.100 Safari/537.36"
162.158.163.202 - - [06/Dec/2025:19:44:48 +0100] "GET /wp-admin/includes/index.php HTTP/1.1" 301 162 "-" "Mozilla/5.0 (Windows NT 10.0; Win64; x64) AppleWebKit/537.36 (KHTML, like Gecko) Chrome/79.0.3945.88 Safari/537.36"
172.70.188.16 - - [06/Dec/2025:19:44:48 +0100] "GET /wp-api.php HTTP/1.1" 301 162 "-" "Mozilla/5.0 (Windows NT 6.1; Win64; x64) AppleWebKit/537.36 (KHTML, like Gecko) Chrome/74.0.3729.169 Safari/537.36"
162.158.163.202 - - [06/Dec/2025:19:44:48 +0100] "GET /wp-content/uploads/chosen.php HTTP/1.1" 301 162 "-" "Mozilla/5.0 (Windows NT 10.0; Win64; x64) AppleWebKit/537.36 (KHTML, like Gecko) Chrome/74.0.3729.169 Safari/537.36"
172.70.188.16 - - [06/Dec/2025:19:44:48 +0100] "GET /vendor/phpunit/phpunit/src/Util/PHP/install.php HTTP/1.1" 301 162 "-" "Mozilla/5.0 (Windows NT 10.0; Win64; x64) AppleWebKit/537.36 (KHTML, like Gecko) Chrome/79.0.3945.88 Safari/537.36"
162.158.163.202 - - [06/Dec/2025:19:44:49 +0100] "GET /wp-content/plugins/WordPressCore/include.php HTTP/1.1" 301 162 "-" "Mozilla/5.0 (Windows NT 10.0; Win64; x64) AppleWebKit/537.36 (KHTML, like Gecko) Chrome/80.0.3987.149 Safari/537.36"
172.70.188.16 - - [06/Dec/2025:19:44:49 +0100] "GET /css.php HTTP/1.1" 301 162 "-" "Mozilla/5.0 (Windows NT 10.0; Win64; x64; rv:73.0) Gecko/20100101 Firefox/73.0"
172.70.188.16 - - [06/Dec/2025:19:44:49 +0100] "GET /vendor/phpunit/phpunit/src/Util/PHP/db.php HTTP/1.1" 301 162 "-" "Mozilla/5.0 (Windows NT 10.0; Win64; x64) AppleWebKit/537.36 (KHTML, like Gecko) Chrome/81.0.4044.129 Safari/537.36"
162.158.163.202 - - [06/Dec/2025:19:44:49 +0100] "GET /wp-content/admin-footer.php HTTP/1.1" 301 162 "-" "Mozilla/5.0 (Windows NT 6.1; Win64; x64) AppleWebKit/537.36 (KHTML, like Gecko) Chrome/78.0.3904.108 Safari/537.36"
172.70.188.16 - - [06/Dec/2025:19:44:49 +0100] "GET /wp-includes/class-wp-customize-manager-interpreter.php HTTP/1.1" 301 162 "-" "Mozilla/5.0 (Windows NT 10.0; Win64; x64) AppleWebKit/537.36 (KHTML, like Gecko) Chrome/84.0.4147.105 Safari/537.36"
162.158.163.202 - - [06/Dec/2025:19:44:49 +0100] "GET /modules/mod_simplefileuploadv1.3/elements/admin-footer.php HTTP/1.1" 301 162 "-" "Mozilla/5.0 (Windows NT 10.0; Win64; x64) AppleWebKit/537.36 (KHTML, like Gecko) Chrome/75.0.3770.100 Safari/537.36"
172.70.188.16 - - [06/Dec/2025:19:44:50 +0100] "GET /wp-includes/bypass.php HTTP/1.1" 301 162 "-" "Mozilla/5.0 (Macintosh; Intel Mac OS X 10_10_1) AppleWebKit/537.36 (KHTML, like Gecko) Chrome/39.0.2171.95 Safari/537.36"
162.158.163.202 - - [06/Dec/2025:19:44:50 +0100] "GET /assets/info.php HTTP/1.1" 301 162 "-" "Mozilla/5.0 (Windows NT 10.0; Win64; x64) AppleWebKit/537.36 (KHTML, like Gecko) Chrome/74.0.3729.157 Safari/537.36"
172.70.188.16 - - [06/Dec/2025:19:44:50 +0100] "GET /images/fm.php7 HTTP/1.1" 301 162 "-" "Mozilla/5.0 (Windows NT 10.0; Win64; x64) AppleWebKit/537.36 (KHTML, like Gecko) Chrome/79.0.3945.88 Safari/537.36"
162.158.163.202 - - [06/Dec/2025:19:44:50 +0100] "GET /wp-includes/SimplePie/XML/content.php HTTP/1.1" 301 162 "-" "Mozilla/5.0 (X11; Linux x86_64) AppleWebKit/537.36 (KHTML, like Gecko) Chrome/84.0.4147.105 Safari/537.36 OPR/70.0.3728.95"
172.70.188.16 - - [06/Dec/2025:19:44:51 +0100] "GET /wp-includes/count.php HTTP/1.1" 301 162 "-" "Mozilla/5.0 (Windows NT 10.0; Win64; x64) AppleWebKit/537.36 (KHTML, like Gecko) Chrome/74.0.3729.169 Safari/537.36"
162.158.163.202 - - [06/Dec/2025:19:44:51 +0100] "GET /wp-includes/pomo/item.php HTTP/1.1" 301 162 "-" "Mozilla/5.0 (Windows NT 10.0; Win64; x64; rv:67.0) Gecko/20100101 Firefox/67.0"
172.70.188.16 - - [06/Dec/2025:19:44:51 +0100] "GET /wp-error_log.php HTTP/1.1" 301 162 "-" "Mozilla/5.0 (Macintosh; Intel Mac OS X 10_10_1) AppleWebKit/537.36 (KHTML, like Gecko) Chrome/39.0.2171.95 Safari/537.36"
162.158.163.202 - - [06/Dec/2025:19:44:51 +0100] "GET /wp-content/1.php%20 HTTP/1.1" 301 162 "-" "Mozilla/5.0 (Windows NT 10.0; Win64; x64; rv:71.0) Gecko/20100101 Firefox/71.0"
172.70.188.16 - - [06/Dec/2025:19:44:51 +0100] "GET /assets/class_update_plugins.php HTTP/1.1" 301 162 "-" "Mozilla/5.0 (Macintosh; Intel Mac OS X 10_15_6) AppleWebKit/537.36 (KHTML, like Gecko) Chrome/84.0.4147.105 Safari/537.36 OPR/70.0.3728.95"
162.158.163.202 - - [06/Dec/2025:19:44:51 +0100] "GET /wp-admin/css/colors/blue/wp-atom.php HTTP/1.1" 301 162 "-" "Mozilla/5.0 (Windows NT 10.0; Win64; x64) AppleWebKit/537.36 (KHTML, like Gecko) Chrome/81.0.4044.129 Safari/537.36"
172.70.188.16 - - [06/Dec/2025:19:44:51 +0100] "GET /wp-admin/network/av.php HTTP/1.1" 301 162 "-" "Mozilla/5.0 (Windows NT 10.0; Win64; x64; rv:76.0) Gecko/20100101 Firefox/76.0"
162.158.163.202 - - [06/Dec/2025:19:44:52 +0100] "GET /wp-includes/pomo/plugins.php HTTP/1.1" 301 162 "-" "Mozilla/5.0 (Windows NT 10.0; Win64; x64) AppleWebKit/537.36 (KHTML, like Gecko) Chrome/69.0.3497.100 Safari/537.36"
162.158.163.202 - - [06/Dec/2025:19:44:52 +0100] "GET /wp-includes/assets/install.php HTTP/1.1" 301 162 "-" "Mozilla/5.0 (Windows NT 10.0; Win64; x64) AppleWebKit/537.36 (KHTML, like Gecko) Chrome/77.0.3865.90 Safari/537.36"
172.70.188.16 - - [06/Dec/2025:19:44:52 +0100] "GET /templates/beez5/error.php HTTP/1.1" 301 162 "-" "Mozilla/5.0 (Windows NT 10.0; Win64; x64) AppleWebKit/537.36 (KHTML, like Gecko) Chrome/79.0.3945.130 Safari/537.36"
162.158.163.202 - - [06/Dec/2025:19:44:52 +0100] "GET /.well-known/acme-challenge/gecko-old.php HTTP/1.1" 301 162 "-" "Mozilla/5.0 (Windows NT 10.0; Win64; x64) AppleWebKit/537.36 (KHTML, like Gecko) Chrome/84.0.4147.105 Safari/537.36 OPR/70.0.3728.95"
172.70.188.16 - - [06/Dec/2025:19:44:52 +0100] "GET /wp-admin/network/admin-footer.php HTTP/1.1" 301 162 "-" "Mozilla/5.0 (Macintosh; Intel Mac OS X 10.15; rv:79.0) Gecko/20100101 Firefox/79.0"
162.158.163.202 - - [06/Dec/2025:19:44:53 +0100] "GET /wp-admin/css/wp-login.php HTTP/1.1" 301 162 "-" "Mozilla/5.0 (Windows NT 10.0; Win64; x64) AppleWebKit/537.36 (KHTML, like Gecko) Chrome/58.0.3029.110 Safari/537.3"
172.70.188.16 - - [06/Dec/2025:19:44:53 +0100] "GET /js/firewall.php7 HTTP/1.1" 301 162 "-" "Mozilla/5.0 (Windows NT 10.0; Win64; x64; rv:76.0) Gecko/20100101 Firefox/76.0"
162.158.163.202 - - [06/Dec/2025:19:44:53 +0100] "GET /images/autoload_classmap.php HTTP/1.1" 301 162 "-" "Mozilla/5.0 (Windows NT 6.1; Win64; x64) AppleWebKit/537.36 (KHTML, like Gecko) Chrome/74.0.3729.169 Safari/537.36"
172.70.188.16 - - [06/Dec/2025:19:44:53 +0100] "GET /wp-includes/certificates/chosen.php HTTP/1.1" 301 162 "-" "Mozilla/5.0 (Windows NT 10.0; Win64; x64) AppleWebKit/537.36 (KHTML, like Gecko) Chrome/70.0.3538.110 Safari/537.36"
162.158.163.202 - - [06/Dec/2025:19:44:53 +0100] "GET /wp-includes/widgets/class-wp-nav-widgets.php HTTP/1.1" 301 162 "-" "Mozilla/5.0 (Windows NT 10.0; WOW64; x64) AppleWebKit/537.36 (KHTML, like Gecko) Chrome/84.0.4147.105 Safari/537.36 OPR/70.0.3728.95"
172.70.188.16 - - [06/Dec/2025:19:44:53 +0100] "GET /assets/about.php HTTP/1.1" 301 162 "-" "Mozilla/5.0 (Windows NT 10.0; Win64; x64; rv:72.0) Gecko/20100101 Firefox/72.0"
162.158.163.202 - - [06/Dec/2025:19:44:53 +0100] "GET /x/test.php HTTP/1.1" 301 162 "-" "Mozilla/5.0 (Windows NT 10.0; Win64; x64) AppleWebKit/537.36 (KHTML, like Gecko) Chrome/84.0.4147.105 Safari/537.36"
172.70.188.16 - - [06/Dec/2025:19:44:54 +0100] "GET /wp-admin/js/file/incpb.php HTTP/1.1" 301 162 "-" "Mozilla/5.0 (Windows NT 6.1; Win64; x64) AppleWebKit/537.36 (KHTML, like Gecko) Chrome/78.0.3904.108 Safari/537.36"
162.158.163.202 - - [06/Dec/2025:19:44:54 +0100] "GET /wp-content/themes/wp-pridmag/init.php HTTP/1.1" 301 162 "-" "Mozilla/5.0 (X11; Ubuntu; Linux i686; rv:79.0) Gecko/20100101 Firefox/79.0"
172.70.188.16 - - [06/Dec/2025:19:44:54 +0100] "GET /images/stories/themes.php HTTP/1.1" 301 162 "-" "Mozilla/5.0 (Windows NT 10.0; Win64; x64) AppleWebKit/537.36 (KHTML, like Gecko) Chrome/84.0.4147.105 Safari/537.36 OPR/70.0.3728.95"
172.70.188.16 - - [06/Dec/2025:19:44:54 +0100] "GET /wp-includes/theme-compat/footer-embed-function.php HTTP/1.1" 301 162 "-" "Mozilla/5.0 (Windows NT 6.1; Win64; x64) AppleWebKit/537.36 (KHTML, like Gecko) Chrome/79.0.3945.130 Safari/537.36"
162.158.163.202 - - [06/Dec/2025:19:44:54 +0100] "GET /wp-admin/install.php HTTP/1.1" 301 162 "-" "Mozilla/5.0 (X11; Linux x86_64) AppleWebKit/537.36 (KHTML, like Gecko) Chrome/84.0.4147.105 Safari/537.36"
172.70.188.16 - - [06/Dec/2025:19:44:54 +0100] "GET /wp-includes/firewall.php7 HTTP/1.1" 301 162 "-" "Mozilla/5.0 (Windows NT 10.0; Win64; x64) AppleWebKit/537.36 (KHTML, like Gecko) Chrome/84.0.4147.105 Safari/537.36"
162.158.163.202 - - [06/Dec/2025:19:44:55 +0100] "GET /wp-admin/css/install.php HTTP/1.1" 301 162 "-" "Mozilla/5.0 (X11; Fedora; Linux x86_64; rv:79.0) Gecko/20100101 Firefox/79.0"
172.70.188.16 - - [06/Dec/2025:19:44:55 +0100] "GET /home/O-Simple.php HTTP/1.1" 301 162 "-" "Mozilla/5.0 (Windows NT 6.1; Win64; x64) AppleWebKit/537.36 (KHTML, like Gecko) Chrome/78.0.3904.108 Safari/537.36"
162.158.163.202 - - [06/Dec/2025:19:44:55 +0100] "GET /wp-includes/sitemaps/providers/doc.php HTTP/1.1" 301 162 "-" "Mozilla/5.0 (X11; Ubuntu; Linux i686; rv:79.0) Gecko/20100101 Firefox/79.0"
172.70.188.16 - - [06/Dec/2025:19:44:55 +0100] "GET /wp-includes/l10n/class-wp-translation-file-mo-event.php HTTP/1.1" 301 162 "-" "Mozilla/5.0 (Windows NT 10.0; Win64; x64) AppleWebKit/537.36 (KHTML, like Gecko) Chrome/83.0.4103.97 Safari/537.36"
162.158.163.202 - - [06/Dec/2025:19:44:55 +0100] "GET /ws.php HTTP/1.1" 301 162 "-" "Mozilla/5.0 (Windows NT 10.0; Win64; x64) AppleWebKit/537.36 (KHTML, like Gecko) Chrome/74.0.3729.157 Safari/537.36"
172.70.188.16 - - [06/Dec/2025:19:44:55 +0100] "GET /wp-includes/vars-soap.php HTTP/1.1" 301 162 "-" "Mozilla/5.0 (Windows NT 10.0; Win64; x64) AppleWebKit/537.36 (KHTML, like Gecko) Chrome/58.0.3029.110 Safari/537.3"
162.158.163.202 - - [06/Dec/2025:19:44:56 +0100] "GET /wp-includes/rest-api/1.php HTTP/1.1" 301 162 "-" "Mozilla/5.0 (Windows NT 10.0; Win64; x64) AppleWebKit/537.36 (KHTML, like Gecko) Chrome/83.0.4103.61 Safari/537.36"
172.70.188.16 - - [06/Dec/2025:19:44:56 +0100] "GET /wp-content/themes/twentytwentytwo/av.php HTTP/1.1" 301 162 "-" "Mozilla/5.0 (Windows NT 10.0; Win64; x64; rv:74.0) Gecko/20100101 Firefox/74.0"
172.70.188.16 - - [06/Dec/2025:19:44:56 +0100] "GET /style.php%20 HTTP/1.1" 301 162 "-" "Mozilla/5.0 (X11; Ubuntu; Linux i686; rv:79.0) Gecko/20100101 Firefox/79.0"
162.158.163.202 - - [06/Dec/2025:19:44:56 +0100] "GET /wp-includes/fonts/class_api.php HTTP/1.1" 301 162 "-" "Mozilla/5.0 (Windows NT 10.0; Win64; x64; rv:72.0) Gecko/20100101 Firefox/72.0"
172.70.188.16 - - [06/Dec/2025:19:44:56 +0100] "GET /files.php HTTP/1.1" 301 162 "-" "Mozilla/5.0 (Windows NT 10.0; Win64; x64; rv:73.0) Gecko/20100101 Firefox/73.0"
162.158.163.202 - - [06/Dec/2025:19:44:56 +0100] "GET /shop.php HTTP/1.1" 301 162 "-" "Mozilla/5.0 (X11; Linux i686; rv:79.0) Gecko/20100101 Firefox/79.0"
172.70.188.16 - - [06/Dec/2025:19:44:57 +0100] "GET /wp-content/themes/av.php HTTP/1.1" 301 162 "-" "Mozilla/5.0 (Windows NT 6.1; Win64; x64) AppleWebKit/537.36 (KHTML, like Gecko) Chrome/58.0.3029.110 Safari/537.3"
172.70.188.16 - - [06/Dec/2025:19:44:57 +0100] "GET /wp-admin/css/about.php HTTP/1.1" 301 162 "-" "Mozilla/5.0 (Windows NT 10.0; Win64; x64) AppleWebKit/537.36 (KHTML, like Gecko) Chrome/74.0.3729.169 Safari/537.36"
162.158.163.202 - - [06/Dec/2025:19:44:57 +0100] "GET /wp-content/plugins/pwnd-1/dedi1.php HTTP/1.1" 301 162 "-" "Mozilla/5.0 (Windows NT 10.0) AppleWebKit/537.36 (KHTML, like Gecko) Chrome/72.0.3626.121 Safari/537.36"
172.70.188.16 - - [06/Dec/2025:19:44:57 +0100] "GET /saka.phP7 HTTP/1.1" 301 162 "-" "Mozilla/5.0 (Windows NT 10.0; Win64; x64) AppleWebKit/537.36 (KHTML, like Gecko) Chrome/74.0.3729.169 Safari/537.36"
162.158.163.202 - - [06/Dec/2025:19:44:57 +0100] "GET /wp-admin/js/widgets/setting.php HTTP/1.1" 301 162 "-" "Mozilla/5.0 (Windows NT 6.1; Win64; x64) AppleWebKit/537.36 (KHTML, like Gecko) Chrome/74.0.3729.169 Safari/537.36"
172.70.188.16 - - [06/Dec/2025:19:44:57 +0100] "GET /wp-includes/id3/wp-work.php HTTP/1.1" 301 162 "-" "Mozilla/5.0 (Windows NT 10.0; WOW64) AppleWebKit/537.36 (KHTML, like Gecko) Chrome/84.0.4147.105 Safari/537.36"
162.158.163.202 - - [06/Dec/2025:19:44:58 +0100] "GET /wp-includes/images/smilies/admin.php HTTP/1.1" 301 162 "-" "Mozilla/5.0 (Windows NT 10.0; Win64; x64) AppleWebKit/537.36 (KHTML, like Gecko) Chrome/79.0.3945.130 Safari/537.36"
172.70.188.16 - - [06/Dec/2025:19:44:58 +0100] "GET /wp-content/plugins/WordPressCore/gecko.php HTTP/1.1" 301 162 "-" "Mozilla/5.0 (Windows NT 10.0; Win64; x64) AppleWebKit/537.36 (KHTML, like Gecko) Chrome/77.0.3865.90 Safari/537.36"
162.158.163.202 - - [06/Dec/2025:19:44:58 +0100] "GET /wp-admin/css/colors/light/as.php HTTP/1.1" 301 162 "-" "Mozilla/5.0 (Windows NT 10.0; Win64; x64) AppleWebKit/537.36 (KHTML, like Gecko) Chrome/70.0.3538.110 Safari/537.36"
172.70.188.16 - - [06/Dec/2025:19:44:58 +0100] "GET /baxa1.php7 HTTP/1.1" 301 162 "-" "Mozilla/5.0 (Windows NT 10.0; Win64; x64) AppleWebKit/537.36 (KHTML, like Gecko) Chrome/75.0.3770.100 Safari/537.36"
162.158.163.202 - - [06/Dec/2025:19:44:58 +0100] "GET /wp-admin/user/header.php HTTP/1.1" 301 162 "-" "Mozilla/5.0 (Windows NT 10.0; Win64; x64) AppleWebKit/537.36 (KHTML, like Gecko) Chrome/83.0.4103.61 Safari/537.36"
172.70.188.16 - - [06/Dec/2025:19:44:58 +0100] "GET /wp-includes/class-wp-taxonomy.editor.php HTTP/1.1" 301 162 "-" "Mozilla/5.0 (Windows NT 10.0; Win64; x64) AppleWebKit/537.36 (KHTML, like Gecko) Chrome/79.0.3945.88 Safari/537.36"
162.158.163.202 - - [06/Dec/2025:19:44:59 +0100] "GET /wp-includes/IXR/about.php HTTP/1.1" 301 162 "-" "Mozilla/5.0 (Windows NT 10.0; Win64; x64; rv:71.0) Gecko/20100101 Firefox/71.0"
172.70.188.16 - - [06/Dec/2025:19:44:59 +0100] "GET /wp-content/plugins/pwnd/dedi1.php HTTP/1.1" 301 162 "-" "Mozilla/5.0 (Windows NT 10.0; Win64; x64) AppleWebKit/537.36 (KHTML, like Gecko) Chrome/75.0.3770.100 Safari/537.36"
162.158.163.202 - - [06/Dec/2025:19:44:59 +0100] "GET /wp-api.php HTTP/1.1" 301 162 "-" "Mozilla/5.0 (Windows NT 10.0; Win64; x64) AppleWebKit/537.36 (KHTML, like Gecko) Chrome/58.0.3029.110 Safari/537.3"
172.70.188.16 - - [06/Dec/2025:19:44:59 +0100] "GET /wp-includes/js/wp-conflg.php HTTP/1.1" 301 162 "-" "Mozilla/5.0 (Windows NT 10.0; Win64; x64) AppleWebKit/537.36 (KHTML, like Gecko) Chrome/83.0.4103.97 Safari/537.36"
162.158.163.202 - - [06/Dec/2025:19:44:59 +0100] "GET /vendor/phpunit/phpunit/src/Util/PHP/install.php HTTP/1.1" 301 162 "-" "Mozilla/5.0 (Windows NT 6.1; Win64; x64) AppleWebKit/537.36 (KHTML, like Gecko) Chrome/80.0.3987.149 Safari/537.36"
172.70.188.16 - - [06/Dec/2025:19:44:59 +0100] "GET /blog.php HTTP/1.1" 301 162 "-" "Mozilla/5.0 (Windows NT 10.0; WOW64; Trident/7.0; .NET4.0C; .NET4.0E; .NET CLR 2.0.50727; .NET CLR 3.0.30729; .NET CLR 3.5.30729; rv:11.0) like Gecko"
172.70.188.16 - - [06/Dec/2025:19:45:00 +0100] "GET /about/install.php HTTP/1.1" 301 162 "-" "Mozilla/5.0 (Windows NT 10.0; Win64; x64) AppleWebKit/537.36 (KHTML, like Gecko) Chrome/81.0.4044.129 Safari/537.36"
